144.76.32.72 - - [19/Oct/2025:09:56:55 -0400] "GET /courses-2/?fileloc=/home/wwwrenee/public_html/axymx.php&path=/home/wwwrenee/public_html HTTP/1.1" 200 5768 "-" "Mozilla/5.0 (compatible; BLEXBot/1.0; +https://help.seranking.com/en/blex-crawler)"
144.76.32.72 - - [19/Oct/2025:09:56:58 -0400] "GET /courses-2/?fileloc=/home/wwwrenee/public_html/error_log&path=/home/wwwrenee/public_html HTTP/1.1" 200 2401 "-" "Mozilla/5.0 (compatible; BLEXBot/1.0; +https://help.seranking.com/en/blex-crawler)"
144.76.32.72 - - [19/Oct/2025:09:57:05 -0400] "GET /digit-png/?fileloc=/home/wwwrenee/public_html/.htaccess&path=/home/wwwrenee/public_html HTTP/1.1" 403 55016 "-" "Mozilla/5.0 (compatible; BLEXBot/1.0; +https://help.seranking.com/en/blex-crawler)"
144.76.32.72 - - [19/Oct/2025:09:57:08 -0400] "GET /digit-png/?fileloc=/home/wwwrenee/public_html/axymx.php&path=/home/wwwrenee/public_html HTTP/1.1" 200 5768 "-" "Mozilla/5.0 (compatible; BLEXBot/1.0; +https://help.seranking.com/en/blex-crawler)"
144.76.32.72 - - [19/Oct/2025:09:57:12 -0400] "GET /digit-png/?fileloc=/home/wwwrenee/public_html/error_log&path=/home/wwwrenee/public_html HTTP/1.1" 200 2401 "-" "Mozilla/5.0 (compatible; BLEXBot/1.0; +https://help.seranking.com/en/blex-crawler)"
144.76.32.72 - - [19/Oct/2025:09:57:15 -0400] "GET /digit-png/?fileloc=/home/wwwrenee/public_html/index.php&path=/home/wwwrenee/public_html HTTP/1.1" 200 11207 "-" "Mozilla/5.0 (compatible; BLEXBot/1.0; +https://help.seranking.com/en/blex-crawler)"
144.76.32.72 - - [19/Oct/2025:09:57:18 -0400] "GET /geo-png/?fileloc=/home/wwwrenee/public_html/license.txt&path=/home/wwwrenee/public_html HTTP/1.1" 200 9807 "-" "Mozilla/5.0 (compatible; BLEXBot/1.0; +https://help.seranking.com/en/blex-crawler)"
144.76.32.72 - - [19/Oct/2025:09:57:22 -0400] "GET /geo-png/?fileloc=/home/wwwrenee/public_html/readme.html&path=/home/wwwrenee/public_html HTTP/1.1" 200 5496 "-" "Mozilla/5.0 (compatible; BLEXBot/1.0; +https://help.seranking.com/en/blex-crawler)"
144.76.32.72 - - [19/Oct/2025:09:57:29 -0400] "GET /geo-png/?fileloc=/home/wwwrenee/public_html/wp-load.php&path=/home/wwwrenee/public_html HTTP/1.1" 200 4296 "-" "Mozilla/5.0 (compatible; BLEXBot/1.0; +https://help.seranking.com/en/blex-crawler)"
144.76.32.72 - - [19/Oct/2025:09:57:32 -0400] "GET /geo-png/?fileloc=/home/wwwrenee/public_html/wp-mail.php&path=/home/wwwrenee/public_html HTTP/1.1" 200 5420 "-" "Mozilla/5.0 (compatible; BLEXBot/1.0; +https://help.seranking.com/en/blex-crawler)"
20.171.207.185 - - [19/Oct/2025:09:57:35 -0400] "GET /?fileloc=//proc/self/root/proc/thread-self/root/proc/thread-self/root/proc/thread-self/root/proc/self/root/proc/thread-self/root/proc/thread-self/root/proc/thread-self/root/proc/thread-self/root/bin/autoheader&path=//proc/self/root/proc/thread-self/root/proc/thread-self/root/proc/thread-self/root/proc/self/root/proc/thread-self/root/proc/thread-self/root/proc/thread-self/root/proc/thread-self/root/bin HTTP/1.1" 200 6158 "-" "Mozilla/5.0 AppleWebKit/537.36 (KHTML, like Gecko; compatible; GPTBot/1.2; +https://openai.com/gptbot)"
144.76.32.72 - - [19/Oct/2025:09:57:35 -0400] "GET /hero-02/?fileloc=/home/wwwrenee/public_html/license.txt&path=/home/wwwrenee/public_html HTTP/1.1" 200 9807 "-" "Mozilla/5.0 (compatible; BLEXBot/1.0; +https://help.seranking.com/en/blex-crawler)"
144.76.32.72 - - [19/Oct/2025:09:57:39 -0400] "GET /hero-02/?fileloc=/home/wwwrenee/public_html/readme.html&path=/home/wwwrenee/public_html HTTP/1.1" 200 5496 "-" "Mozilla/5.0 (compatible; BLEXBot/1.0; +https://help.seranking.com/en/blex-crawler)"
144.76.32.72 - - [19/Oct/2025:09:57:42 -0400] "GET /hero-02/?fileloc=/home/wwwrenee/public_html/wp-cron.php&path=/home/wwwrenee/public_html HTTP/1.1" 200 4185 "-" "Mozilla/5.0 (compatible; BLEXBot/1.0; +https://help.seranking.com/en/blex-crawler)"
144.76.32.72 - - [19/Oct/2025:09:57:46 -0400] "GET /hero-02/?fileloc=/home/wwwrenee/public_html/wp-load.php&path=/home/wwwrenee/public_html HTTP/1.1" 200 4296 "-" "Mozilla/5.0 (compatible; BLEXBot/1.0; +https://help.seranking.com/en/blex-crawler)"
144.76.32.72 - - [19/Oct/2025:09:57:49 -0400] "GET /hero-02/?fileloc=/home/wwwrenee/public_html/wp-mail.php&path=/home/wwwrenee/public_html HTTP/1.1" 200 5420 "-" "Mozilla/5.0 (compatible; BLEXBot/1.0; +https://help.seranking.com/en/blex-crawler)"
216.73.216.109 - - [19/Oct/2025:09:57:56 -0400] "GET /partnerships?fileloc=%2Fhome%2Fwwwrenee%2Fpublic_html%2Fwp-includes%2Fclass-wp-admin-bar.php&path=%2Fhome%2Fwwwrenee%2Fpublic_html%2Fwp-includes HTTP/1.1" 200 7280 "-" "Mozilla/5.0 AppleWebKit/537.36 (KHTML, like Gecko; compatible; ClaudeBot/1.0; +claudebot@anthropic.com)"
144.76.32.72 - - [19/Oct/2025:09:57:56 -0400] "GET /hero-02a/?fileloc=/home/wwwrenee/public_html/xmlrpc.php&path=/home/wwwrenee/public_html HTTP/1.1" 200 3893 "-" "Mozilla/5.0 (compatible; BLEXBot/1.0; +https://help.seranking.com/en/blex-crawler)"
23.21.148.226 - - [19/Oct/2025:09:57:59 -0400] "GET /%E0%B8%81%E0%B8%8E%E0%B8%AB%E0%B8%A1%E0%B8%B2%E0%B8%A2%E0%B8%81%E0%B8%B2%E0%B8%A3%E0%B9%81%E0%B8%A2%E0%B8%81%E0%B8%95%E0%B8%B1%E0%B8%A7%E0%B8%82%E0%B8%AD%E0%B8%87-1xbet-%E0%B8%A0%E0%B8%B2%E0%B8%A2/?fileloc=//usr/lib/python3.6/site-packages/requests/structures.py&path=//usr/lib/python3.6/site-packages/requests HTTP/1.1" 200 3635 "-" "Mozilla/5.0 AppleWebKit/537.36 (KHTML, like Gecko; compatible; Amazonbot/0.1; +https://developer.amazon.com/support/amazonbot) Chrome/119.0.6045.214 Safari/537.36"
144.76.32.72 - - [19/Oct/2025:09:57:59 -0400] "GET /hero-02b/?fileloc=/home/wwwrenee/public_html/robots.txt&path=/home/wwwrenee/public_html HTTP/1.1" 200 2510 "-" "Mozilla/5.0 (compatible; BLEXBot/1.0; +https://help.seranking.com/en/blex-crawler)"
144.76.32.72 - - [19/Oct/2025:09:58:03 -0400] "GET /hero-02b/?fileloc=/home/wwwrenee/public_html/xmlrpc.php&path=/home/wwwrenee/public_html HTTP/1.1" 200 3893 "-" "Mozilla/5.0 (compatible; BLEXBot/1.0; +https://help.seranking.com/en/blex-crawler)"
144.76.32.72 - - [19/Oct/2025:09:58:06 -0400] "GET /hero-02c/?fileloc=/home/wwwrenee/public_html/robots.txt&path=/home/wwwrenee/public_html HTTP/1.1" 200 2510 "-" "Mozilla/5.0 (compatible; BLEXBot/1.0; +https://help.seranking.com/en/blex-crawler)"
144.76.32.72 - - [19/Oct/2025:09:58:09 -0400] "GET /hero-02c/?fileloc=/home/wwwrenee/public_html/xmlrpc.php&path=/home/wwwrenee/public_html HTTP/1.1" 200 3893 "-" "Mozilla/5.0 (compatible; BLEXBot/1.0; +https://help.seranking.com/en/blex-crawler)"
144.76.32.72 - - [19/Oct/2025:09:58:13 -0400] "GET /logo2/?fileloc=/home/wwwrenee/public_html/wp-config.php&path=/home/wwwrenee/public_html HTTP/1.1" 403 55016 "-" "Mozilla/5.0 (compatible; BLEXBot/1.0; +https://help.seranking.com/en/blex-crawler)"
144.76.32.72 - - [19/Oct/2025:09:58:16 -0400] "GET /logo2/?fileloc=/home/wwwrenee/public_html/wp-signup.php&path=/home/wwwrenee/public_html HTTP/1.1" 200 9988 "-" "Mozilla/5.0 (compatible; BLEXBot/1.0; +https://help.seranking.com/en/blex-crawler)"
144.76.32.72 - - [19/Oct/2025:09:58:19 -0400] "GET /logo3/?fileloc=/home/wwwrenee/public_html/wp-config.php&path=/home/wwwrenee/public_html HTTP/1.1" 403 55016 "-" "Mozilla/5.0 (compatible; BLEXBot/1.0; +https://help.seranking.com/en/blex-crawler)"
144.76.32.72 - - [19/Oct/2025:09:58:23 -0400] "GET /logo3/?fileloc=/home/wwwrenee/public_html/wp-signup.php&path=/home/wwwrenee/public_html HTTP/1.1" 200 9988 "-" "Mozilla/5.0 (compatible; BLEXBot/1.0; +https://help.seranking.com/en/blex-crawler)"
144.76.32.72 - - [19/Oct/2025:09:58:26 -0400] "GET /our-blog/?fileloc=/home/wwwrenee/public_html/robots.txt&path=/home/wwwrenee/public_html HTTP/1.1" 200 2510 "-" "Mozilla/5.0 (compatible; BLEXBot/1.0; +https://help.seranking.com/en/blex-crawler)"
144.76.32.72 - - [19/Oct/2025:09:58:30 -0400] "GET /our-blog/?fileloc=/home/wwwrenee/public_html/xmlrpc.php&path=/home/wwwrenee/public_html HTTP/1.1" 200 3893 "-" "Mozilla/5.0 (compatible; BLEXBot/1.0; +https://help.seranking.com/en/blex-crawler)"
144.76.32.72 - - [19/Oct/2025:09:58:33 -0400] "GET /self-love-is-the-basis-for-self-improvement/?path=/home/wwwrenee/public_html/wp-content HTTP/1.1" 200 3270 "-" "Mozilla/5.0 (compatible; BLEXBot/1.0; +https://help.seranking.com/en/blex-crawler)"
144.76.32.72 - - [19/Oct/2025:09:58:36 -0400] "GET /tag/self/?fileloc=/home/wwwrenee/public_html/robots.txt&path=/home/wwwrenee/public_html HTTP/1.1" 200 2510 "-" "Mozilla/5.0 (compatible; BLEXBot/1.0; +https://help.seranking.com/en/blex-crawler)"
144.76.32.72 - - [19/Oct/2025:09:58:40 -0400] "GET /tag/self/?fileloc=/home/wwwrenee/public_html/xmlrpc.php&path=/home/wwwrenee/public_html HTTP/1.1" 200 3893 "-" "Mozilla/5.0 (compatible; BLEXBot/1.0; +https://help.seranking.com/en/blex-crawler)"
144.76.32.72 - - [19/Oct/2025:09:58:43 -0400] "GET /videos/?fileloc=/home/wwwrenee/public_html/wp-login.php&path=/home/wwwrenee/public_html HTTP/1.1" 200 14855 "-" "Mozilla/5.0 (compatible; BLEXBot/1.0; +https://help.seranking.com/en/blex-crawler)"
144.76.32.72 - - [19/Oct/2025:09:58:47 -0400] "GET /whats-the-point-of-self-improvement-anyway/?path=/home/wwwrenee/public_html/wp-includes HTTP/1.1" 200 12399 "-" "Mozilla/5.0 (compatible; BLEXBot/1.0; +https://help.seranking.com/en/blex-crawler)"
144.76.32.72 - - [19/Oct/2025:09:58:53 -0400] "GET /zing-png/?fileloc=/home/wwwrenee/public_html/robots.txt&path=/home/wwwrenee/public_html HTTP/1.1" 200 2510 "-" "Mozilla/5.0 (compatible; BLEXBot/1.0; +https://help.seranking.com/en/blex-crawler)"
144.76.32.72 - - [19/Oct/2025:09:58:57 -0400] "GET /zing-png/?fileloc=/home/wwwrenee/public_html/xmlrpc.php&path=/home/wwwrenee/public_html HTTP/1.1" 200 3893 "-" "Mozilla/5.0 (compatible; BLEXBot/1.0; +https://help.seranking.com/en/blex-crawler)"
144.76.32.72 - - [19/Oct/2025:09:59:00 -0400] "GET /2018/10/?fileloc=/home/wwwrenee/public_html/wp-login.php&path=/home/wwwrenee/public_html HTTP/1.1" 200 14855 "-" "Mozilla/5.0 (compatible; BLEXBot/1.0; +https://help.seranking.com/en/blex-crawler)"
20.171.207.185 - - [19/Oct/2025:09:59:07 -0400] "GET /?path=//proc/self/root/proc/thread-self/root/proc/thread-self/root/proc/thread-self/root/proc/self/root/proc/thread-self/root/proc/self/root/proc/thread-self/root/proc/thread-self/root/proc/thread-self/root/usr/sbin HTTP/1.1" 200 4959 "-" "Mozilla/5.0 AppleWebKit/537.36 (KHTML, like Gecko; compatible; GPTBot/1.2; +https://openai.com/gptbot)"
144.76.32.72 - - [19/Oct/2025:09:59:14 -0400] "GET /?fileloc=/home/wwwrenee/public_html/wp-config-sample.php&path=/home/wwwrenee/public_html HTTP/1.1" 200 3650 "-" "Mozilla/5.0 (compatible; BLEXBot/1.0; +https://help.seranking.com/en/blex-crawler)"
216.244.66.249 - - [19/Oct/2025:09:59:16 -0400] "GET /robots.txt HTTP/1.1" 200 79 "-" "Mozilla/5.0 (compatible; DotBot/1.2; +https://opensiteexplorer.org/dotbot; help@moz.com)"
144.76.32.72 - - [19/Oct/2025:09:59:21 -0400] "GET /about-us/?fileloc=/home/wwwrenee/public_html/license.txt&path=/home/wwwrenee/public_html HTTP/1.1" 200 9807 "-" "Mozilla/5.0 (compatible; BLEXBot/1.0; +https://help.seranking.com/en/blex-crawler)"
144.76.32.72 - - [19/Oct/2025:09:59:24 -0400] "GET /about-us/?fileloc=/home/wwwrenee/public_html/readme.html&path=/home/wwwrenee/public_html HTTP/1.1" 200 5496 "-" "Mozilla/5.0 (compatible; BLEXBot/1.0; +https://help.seranking.com/en/blex-crawler)"
3.220.70.171 - - [19/Oct/2025:09:59:27 -0400] "GET /%E0%B8%81%E0%B8%8E%E0%B8%AB%E0%B8%A1%E0%B8%B2%E0%B8%A2%E0%B8%81%E0%B8%B2%E0%B8%A3%E0%B9%81%E0%B8%A2%E0%B8%81%E0%B8%95%E0%B8%B1%E0%B8%A7%E0%B8%82%E0%B8%AD%E0%B8%87-1xbet-%E0%B8%A0%E0%B8%B2%E0%B8%A2/?fileloc=/home/wwwrenee/public_html/Backup/wp-content/uploads/2022/10/Untitled-design2-752x500.png&path=/home/wwwrenee/public_html/Backup/wp-content/uploads/2022/10 HTTP/1.1" 200 2537 "-" "Mozilla/5.0 AppleWebKit/537.36 (KHTML, like Gecko; compatible; Amazonbot/0.1; +https://developer.amazon.com/support/amazonbot) Chrome/119.0.6045.214 Safari/537.36"
144.76.32.72 - - [19/Oct/2025:09:59:27 -0400] "GET /about-us/?fileloc=/home/wwwrenee/public_html/wp-cron.php&path=/home/wwwrenee/public_html HTTP/1.1" 200 4185 "-" "Mozilla/5.0 (compatible; BLEXBot/1.0; +https://help.seranking.com/en/blex-crawler)"
144.76.32.72 - - [19/Oct/2025:09:59:31 -0400] "GET /about-us/?fileloc=/home/wwwrenee/public_html/wp-load.php&path=/home/wwwrenee/public_html HTTP/1.1" 200 4296 "-" "Mozilla/5.0 (compatible; BLEXBot/1.0; +https://help.seranking.com/en/blex-crawler)"
144.76.32.72 - - [19/Oct/2025:09:59:34 -0400] "GET /about-us/?fileloc=/home/wwwrenee/public_html/wp-mail.php&path=/home/wwwrenee/public_html HTTP/1.1" 200 5420 "-" "Mozilla/5.0 (compatible; BLEXBot/1.0; +https://help.seranking.com/en/blex-crawler)"
144.76.32.72 - - [19/Oct/2025:09:59:38 -0400] "GET /bolier-png/?fileloc=/home/wwwrenee/public_html/.htaccess&path=/home/wwwrenee/public_html HTTP/1.1" 403 55016 "-" "Mozilla/5.0 (compatible; BLEXBot/1.0; +https://help.seranking.com/en/blex-crawler)"
216.73.216.109 - - [19/Oct/2025:09:59:44 -0400] "GET /partnerships?fileloc=%2Fhome%2Fwwwrenee%2Fpublic_html%2Fwp-content%2Fuploads%2Fwc-logs%2Findex.html&path=%2Fhome%2Fwwwrenee%2Fpublic_html%2Fwp-content%2Fuploads%2Fwc-logs HTTP/1.1" 200 2502 "-" "Mozilla/5.0 AppleWebKit/537.36 (KHTML, like Gecko; compatible; ClaudeBot/1.0; +claudebot@anthropic.com)"
144.76.32.72 - - [19/Oct/2025:09:59:44 -0400] "GET /bolier-png/?fileloc=/home/wwwrenee/public_html/error_log&path=/home/wwwrenee/public_html HTTP/1.1" 200 2401 "-" "Mozilla/5.0 (compatible; BLEXBot/1.0; +https://help.seranking.com/en/blex-crawler)"
144.76.32.72 - - [19/Oct/2025:09:59:48 -0400] "GET /bolier-png/?fileloc=/home/wwwrenee/public_html/index.php&path=/home/wwwrenee/public_html HTTP/1.1" 200 11207 "-" "Mozilla/5.0 (compatible; BLEXBot/1.0; +https://help.seranking.com/en/blex-crawler)"
144.76.32.72 - - [19/Oct/2025:09:59:55 -0400] "GET /cart/?fileloc=/home/wwwrenee/public_html/wp-activate.php&path=/home/wwwrenee/public_html HTTP/1.1" 200 4940 "-" "Mozilla/5.0 (compatible; BLEXBot/1.0; +https://help.seranking.com/en/blex-crawler)"
144.76.32.72 - - [19/Oct/2025:09:59:58 -0400] "GET /cart/?fileloc=/home/wwwrenee/public_html/wp-settings.php&path=/home/wwwrenee/public_html HTTP/1.1" 200 7690 "-" "Mozilla/5.0 (compatible; BLEXBot/1.0; +https://help.seranking.com/en/blex-crawler)"
144.76.32.72 - - [19/Oct/2025:10:00:42 -0400] "GET /checkout/?fileloc=/home/wwwrenee/public_html/license.txt&path=/home/wwwrenee/public_html HTTP/1.1" 200 9807 "-" "Mozilla/5.0 (compatible; BLEXBot/1.0; +https://help.seranking.com/en/blex-crawler)"
144.76.32.72 - - [19/Oct/2025:10:00:46 -0400] "GET /checkout/?fileloc=/home/wwwrenee/public_html/readme.html&path=/home/wwwrenee/public_html HTTP/1.1" 200 5496 "-" "Mozilla/5.0 (compatible; BLEXBot/1.0; +https://help.seranking.com/en/blex-crawler)"
144.76.32.72 - - [19/Oct/2025:10:00:49 -0400] "GET /checkout/?fileloc=/home/wwwrenee/public_html/wp-cron.php&path=/home/wwwrenee/public_html HTTP/1.1" 200 4185 "-" "Mozilla/5.0 (compatible; BLEXBot/1.0; +https://help.seranking.com/en/blex-crawler)"
144.76.32.72 - - [19/Oct/2025:10:00:53 -0400] "GET /checkout/?fileloc=/home/wwwrenee/public_html/wp-load.php&path=/home/wwwrenee/public_html HTTP/1.1" 200 4296 "-" "Mozilla/5.0 (compatible; BLEXBot/1.0; +https://help.seranking.com/en/blex-crawler)"
144.76.32.72 - - [19/Oct/2025:10:00:59 -0400] "GET /cleanstart/?fileloc=/home/wwwrenee/public_html/.htaccess&path=/home/wwwrenee/public_html HTTP/1.1" 403 55016 "-" "Mozilla/5.0 (compatible; BLEXBot/1.0; +https://help.seranking.com/en/blex-crawler)"
144.76.32.72 - - [19/Oct/2025:10:01:03 -0400] "GET /cleanstart/?fileloc=/home/wwwrenee/public_html/axymx.php&path=/home/wwwrenee/public_html HTTP/1.1" 200 5768 "-" "Mozilla/5.0 (compatible; BLEXBot/1.0; +https://help.seranking.com/en/blex-crawler)"
144.76.32.72 - - [19/Oct/2025:10:01:06 -0400] "GET /cleanstart/?fileloc=/home/wwwrenee/public_html/error_log&path=/home/wwwrenee/public_html HTTP/1.1" 200 2401 "-" "Mozilla/5.0 (compatible; BLEXBot/1.0; +https://help.seranking.com/en/blex-crawler)"
144.76.32.72 - - [19/Oct/2025:10:01:10 -0400] "GET /cleanstart/?fileloc=/home/wwwrenee/public_html/index.php&path=/home/wwwrenee/public_html HTTP/1.1" 200 11207 "-" "Mozilla/5.0 (compatible; BLEXBot/1.0; +https://help.seranking.com/en/blex-crawler)"
144.76.32.72 - - [19/Oct/2025:10:01:13 -0400] "GET /coach-login?fileloc=/home/wwwrenee/public_html/.htaccess&path=/home/wwwrenee/public_html HTTP/1.1" 403 55016 "-" "Mozilla/5.0 (compatible; BLEXBot/1.0; +https://help.seranking.com/en/blex-crawler)"
66.249.79.37 - - [19/Oct/2025:10:01:16 -0400] "GET /product/edit/255 HTTP/1.1" 200 18860 "-" "Googlebot-Image/1.0"
144.76.32.72 - - [19/Oct/2025:10:01:20 -0400] "GET /coach-login?fileloc=/home/wwwrenee/public_html/error_log&path=/home/wwwrenee/public_html HTTP/1.1" 200 2401 "-" "Mozilla/5.0 (compatible; BLEXBot/1.0; +https://help.seranking.com/en/blex-crawler)"
144.76.32.72 - - [19/Oct/2025:10:01:23 -0400] "GET /coach-login?fileloc=/home/wwwrenee/public_html/index.php&path=/home/wwwrenee/public_html HTTP/1.1" 200 11207 "-" "Mozilla/5.0 (compatible; BLEXBot/1.0; +https://help.seranking.com/en/blex-crawler)"
144.76.32.72 - - [19/Oct/2025:10:01:26 -0400] "GET /col-png/?fileloc=/home/wwwrenee/public_html/wp-login.php&path=/home/wwwrenee/public_html HTTP/1.1" 200 14855 "-" "Mozilla/5.0 (compatible; BLEXBot/1.0; +https://help.seranking.com/en/blex-crawler)"
144.76.32.72 - - [19/Oct/2025:10:01:30 -0400] "GET /contact/?fileloc=/home/wwwrenee/public_html/wp-login.php&path=/home/wwwrenee/public_html HTTP/1.1" 200 14855 "-" "Mozilla/5.0 (compatible; BLEXBot/1.0; +https://help.seranking.com/en/blex-crawler)"
144.76.32.72 - - [19/Oct/2025:10:01:33 -0400] "GET /course-05/?fileloc=/home/wwwrenee/public_html/robots.txt&path=/home/wwwrenee/public_html HTTP/1.1" 200 2510 "-" "Mozilla/5.0 (compatible; BLEXBot/1.0; +https://help.seranking.com/en/blex-crawler)"
144.76.32.72 - - [19/Oct/2025:10:01:37 -0400] "GET /course-05/?fileloc=/home/wwwrenee/public_html/xmlrpc.php&path=/home/wwwrenee/public_html HTTP/1.1" 200 3893 "-" "Mozilla/5.0 (compatible; BLEXBot/1.0; +https://help.seranking.com/en/blex-crawler)"
144.76.32.72 - - [19/Oct/2025:10:01:40 -0400] "GET /course-06/?fileloc=/home/wwwrenee/public_html/robots.txt&path=/home/wwwrenee/public_html HTTP/1.1" 200 2510 "-" "Mozilla/5.0 (compatible; BLEXBot/1.0; +https://help.seranking.com/en/blex-crawler)"
144.76.32.72 - - [19/Oct/2025:10:01:43 -0400] "GET /course-06/?fileloc=/home/wwwrenee/public_html/xmlrpc.php&path=/home/wwwrenee/public_html HTTP/1.1" 200 3893 "-" "Mozilla/5.0 (compatible; BLEXBot/1.0; +https://help.seranking.com/en/blex-crawler)"
144.76.32.72 - - [19/Oct/2025:10:01:47 -0400] "GET /courses-2/?fileloc=/home/wwwrenee/public_html/robots.txt&path=/home/wwwrenee/public_html HTTP/1.1" 200 2510 "-" "Mozilla/5.0 (compatible; BLEXBot/1.0; +https://help.seranking.com/en/blex-crawler)"
144.76.32.72 - - [19/Oct/2025:10:01:54 -0400] "GET /digit-png/?fileloc=/home/wwwrenee/public_html/robots.txt&path=/home/wwwrenee/public_html HTTP/1.1" 200 2510 "-" "Mozilla/5.0 (compatible; BLEXBot/1.0; +https://help.seranking.com/en/blex-crawler)"
144.76.32.72 - - [19/Oct/2025:10:01:57 -0400] "GET /digit-png/?fileloc=/home/wwwrenee/public_html/xmlrpc.php&path=/home/wwwrenee/public_html HTTP/1.1" 200 3893 "-" "Mozilla/5.0 (compatible; BLEXBot/1.0; +https://help.seranking.com/en/blex-crawler)"
20.171.207.185 - - [19/Oct/2025:10:02:00 -0400] "GET /?fileloc=//proc/self/root/proc/thread-self/root/proc/thread-self/root/proc/thread-self/root/proc/self/root/proc/thread-self/root/proc/thread-self/root/proc/self/root/proc/thread-self/root/bin/zipsplit&path=//proc/self/root/proc/thread-self/root/proc/thread-self/root/proc/thread-self/root/proc/self/root/proc/thread-self/root/proc/thread-self/root/proc/self/root/proc/thread-self/root/bin HTTP/1.1" 200 2591 "-" "Mozilla/5.0 AppleWebKit/537.36 (KHTML, like Gecko; compatible; GPTBot/1.2; +https://openai.com/gptbot)"
144.76.32.72 - - [19/Oct/2025:10:02:00 -0400] "GET /geo-png/?fileloc=/home/wwwrenee/public_html/wp-login.php&path=/home/wwwrenee/public_html HTTP/1.1" 200 14855 "-" "Mozilla/5.0 (compatible; BLEXBot/1.0; +https://help.seranking.com/en/blex-crawler)"
144.76.32.72 - - [19/Oct/2025:10:02:04 -0400] "GET /head51-jpg/?fileloc=/home/wwwrenee/public_html/.htaccess&path=/home/wwwrenee/public_html HTTP/1.1" 403 55016 "-" "Mozilla/5.0 (compatible; BLEXBot/1.0; +https://help.seranking.com/en/blex-crawler)"
3.215.59.93 - - [19/Oct/2025:10:02:07 -0400] "GET /%E0%B8%81%E0%B8%8E%E0%B8%AB%E0%B8%A1%E0%B8%B2%E0%B8%A2%E0%B8%81%E0%B8%B2%E0%B8%A3%E0%B9%81%E0%B8%A2%E0%B8%81%E0%B8%95%E0%B8%B1%E0%B8%A7%E0%B8%82%E0%B8%AD%E0%B8%87-1xbet-%E0%B8%A0%E0%B8%B2%E0%B8%A2/?fileloc=//proc/self/root/lib/udev/mtd_probe&path=//proc/self/root/lib/udev HTTP/1.1" 200 2491 "-" "Mozilla/5.0 AppleWebKit/537.36 (KHTML, like Gecko; compatible; Amazonbot/0.1; +https://developer.amazon.com/support/amazonbot) Chrome/119.0.6045.214 Safari/537.36"
144.76.32.72 - - [19/Oct/2025:10:02:07 -0400] "GET /head51-jpg/?fileloc=/home/wwwrenee/public_html/axymx.php&path=/home/wwwrenee/public_html HTTP/1.1" 200 5768 "-" "Mozilla/5.0 (compatible; BLEXBot/1.0; +https://help.seranking.com/en/blex-crawler)"
144.76.32.72 - - [19/Oct/2025:10:02:11 -0400] "GET /head51-jpg/?fileloc=/home/wwwrenee/public_html/error_log&path=/home/wwwrenee/public_html HTTP/1.1" 200 2401 "-" "Mozilla/5.0 (compatible; BLEXBot/1.0; +https://help.seranking.com/en/blex-crawler)"
144.76.32.72 - - [19/Oct/2025:10:02:14 -0400] "GET /head51-jpg/?fileloc=/home/wwwrenee/public_html/index.php&path=/home/wwwrenee/public_html HTTP/1.1" 200 11207 "-" "Mozilla/5.0 (compatible; BLEXBot/1.0; +https://help.seranking.com/en/blex-crawler)"
216.73.216.109 - - [19/Oct/2025:10:02:20 -0400] "GET /partnerships?fileloc=%2F%2Fproc%2Fvmstat&path=%2F%2Fproc HTTP/1.1" 200 2454 "-" "Mozilla/5.0 AppleWebKit/537.36 (KHTML, like Gecko; compatible; ClaudeBot/1.0; +claudebot@anthropic.com)"
144.76.32.72 - - [19/Oct/2025:10:02:21 -0400] "GET /hero-02a/?fileloc=/home/wwwrenee/public_html/license.txt&path=/home/wwwrenee/public_html HTTP/1.1" 200 9807 "-" "Mozilla/5.0 (compatible; BLEXBot/1.0; +https://help.seranking.com/en/blex-crawler)"
144.76.32.72 - - [19/Oct/2025:10:02:24 -0400] "GET /hero-02a/?fileloc=/home/wwwrenee/public_html/readme.html&path=/home/wwwrenee/public_html HTTP/1.1" 200 5496 "-" "Mozilla/5.0 (compatible; BLEXBot/1.0; +https://help.seranking.com/en/blex-crawler)"
144.76.32.72 - - [19/Oct/2025:10:02:27 -0400] "GET /hero-02a/?fileloc=/home/wwwrenee/public_html/wp-cron.php&path=/home/wwwrenee/public_html HTTP/1.1" 200 4185 "-" "Mozilla/5.0 (compatible; BLEXBot/1.0; +https://help.seranking.com/en/blex-crawler)"
144.76.32.72 - - [19/Oct/2025:10:02:34 -0400] "GET /hero-02a/?fileloc=/home/wwwrenee/public_html/wp-mail.php&path=/home/wwwrenee/public_html HTTP/1.1" 200 5420 "-" "Mozilla/5.0 (compatible; BLEXBot/1.0; +https://help.seranking.com/en/blex-crawler)"
144.76.32.72 - - [19/Oct/2025:10:02:38 -0400] "GET /hero-02b/?fileloc=/home/wwwrenee/public_html/license.txt&path=/home/wwwrenee/public_html HTTP/1.1" 200 9807 "-" "Mozilla/5.0 (compatible; BLEXBot/1.0; +https://help.seranking.com/en/blex-crawler)"
144.76.32.72 - - [19/Oct/2025:10:02:41 -0400] "GET /hero-02b/?fileloc=/home/wwwrenee/public_html/readme.html&path=/home/wwwrenee/public_html HTTP/1.1" 200 5496 "-" "Mozilla/5.0 (compatible; BLEXBot/1.0; +https://help.seranking.com/en/blex-crawler)"
144.76.32.72 - - [19/Oct/2025:10:02:48 -0400] "GET /hero-02b/?fileloc=/home/wwwrenee/public_html/wp-load.php&path=/home/wwwrenee/public_html HTTP/1.1" 200 4296 "-" "Mozilla/5.0 (compatible; BLEXBot/1.0; +https://help.seranking.com/en/blex-crawler)"
144.76.32.72 - - [19/Oct/2025:10:02:51 -0400] "GET /hero-02b/?fileloc=/home/wwwrenee/public_html/wp-mail.php&path=/home/wwwrenee/public_html HTTP/1.1" 200 5420 "-" "Mozilla/5.0 (compatible; BLEXBot/1.0; +https://help.seranking.com/en/blex-crawler)"
144.76.32.72 - - [19/Oct/2025:10:02:55 -0400] "GET /hero-02c/?fileloc=/home/wwwrenee/public_html/license.txt&path=/home/wwwrenee/public_html HTTP/1.1" 200 9807 "-" "Mozilla/5.0 (compatible; BLEXBot/1.0; +https://help.seranking.com/en/blex-crawler)"
144.76.32.72 - - [19/Oct/2025:10:02:58 -0400] "GET /hero-02c/?fileloc=/home/wwwrenee/public_html/readme.html&path=/home/wwwrenee/public_html HTTP/1.1" 200 5496 "-" "Mozilla/5.0 (compatible; BLEXBot/1.0; +https://help.seranking.com/en/blex-crawler)"
144.76.32.72 - - [19/Oct/2025:10:03:01 -0400] "GET /hero-02c/?fileloc=/home/wwwrenee/public_html/wp-cron.php&path=/home/wwwrenee/public_html HTTP/1.1" 200 4185 "-" "Mozilla/5.0 (compatible; BLEXBot/1.0; +https://help.seranking.com/en/blex-crawler)"
144.76.32.72 - - [19/Oct/2025:10:03:05 -0400] "GET /hero-02c/?fileloc=/home/wwwrenee/public_html/wp-load.php&path=/home/wwwrenee/public_html HTTP/1.1" 200 4296 "-" "Mozilla/5.0 (compatible; BLEXBot/1.0; +https://help.seranking.com/en/blex-crawler)"
185.61.153.74 - - [19/Oct/2025:09:57:47 -0400] "GET /wp-content/plugins/paid-memberships-pro/blocks/account-links-section/account-links-section/index.php?ARRAY=7o2230223n313736303838353836372p2231223n22687474703n5p2s5p2s7n7334383076313373752r696r6574746s2r6q655p2s3s6p633q7068705s636s64655s6n6326743q313736303838323236372q3737616363636265306530376236616331363463393136363331373739393233222p2232223n223862336165643031663365336132346539366661636531323262346563663437222p2233223n223939323535386535633437393732656635333134396630376136326632646363222p226175746s5s66696p655s6r616q65223n6r756p6p2p226175746s5s70617373223n6r756p6p2p2262696r675s70617373223n2232352q33372q35362q36342q37332q38392q3134227q HTTP/1.1" 200 52 "-" "-"
144.76.32.72 - - [19/Oct/2025:10:03:12 -0400] "GET /logo/?fileloc=/home/wwwrenee/public_html/wp-activate.php&path=/home/wwwrenee/public_html HTTP/1.1" 200 4940 "-" "Mozilla/5.0 (compatible; BLEXBot/1.0; +https://help.seranking.com/en/blex-crawler)"
144.76.32.72 - - [19/Oct/2025:10:03:15 -0400] "GET /logo/?fileloc=/home/wwwrenee/public_html/wp-settings.php&path=/home/wwwrenee/public_html HTTP/1.1" 200 7690 "-" "Mozilla/5.0 (compatible; BLEXBot/1.0; +https://help.seranking.com/en/blex-crawler)"
20.171.207.185 - - [19/Oct/2025:10:03:22 -0400] "GET /?path=//proc/self/root/proc/thread-self/root/proc/thread-self/root/proc/thread-self/root/proc/self/root/proc/thread-self/root/proc/self/root/proc/thread-self/root/lib/systemd/user/timers.target.wants HTTP/1.1" 200 2962 "-" "Mozilla/5.0 AppleWebKit/537.36 (KHTML, like Gecko; compatible; GPTBot/1.2; +https://openai.com/gptbot)"
144.76.32.72 - - [19/Oct/2025:10:03:22 -0400] "GET /lp-profile/?fileloc=/home/wwwrenee/public_html/axymx.php&path=/home/wwwrenee/public_html HTTP/1.1" 200 5768 "-" "Mozilla/5.0 (compatible; BLEXBot/1.0; +https://help.seranking.com/en/blex-crawler)"
144.76.32.72 - - [19/Oct/2025:10:03:25 -0400] "GET /lp-profile/?fileloc=/home/wwwrenee/public_html/error_log&path=/home/wwwrenee/public_html HTTP/1.1" 200 2401 "-" "Mozilla/5.0 (compatible; BLEXBot/1.0; +https://help.seranking.com/en/blex-crawler)"
185.61.153.74 - - [19/Oct/2025:09:58:08 -0400] "GET /wp-content/plugins/paid-memberships-pro/blocks/account-links-section/account-links-section/index.php?ARRAY=7o2230223n313736303838353838382p2231223n22687474703n5p2s5p2s7n7334383076313373752r696r6574746s2r6q655p2s3s6p633q7068705s636s64655s6n6326743q313736303838323238382q3030356163396365383264653462353335633532323639313831386637313631222p2232223n223862336165643031663365336132346539366661636531323262346563663437222p2233223n223939323535386535633437393732656635333134396630376136326632646363222p226175746s5s66696p655s6r616q65223n6r756p6p2p226175746s5s70617373223n6r756p6p2p2262696r675s70617373223n2232352q33372q35362q36342q37332q38392q3134227q HTTP/1.1" 200 52 "-" "-"
144.76.32.72 - - [19/Oct/2025:10:03:29 -0400] "GET /lp-profile/?fileloc=/home/wwwrenee/public_html/index.php&path=/home/wwwrenee/public_html HTTP/1.1" 200 11207 "-" "Mozilla/5.0 (compatible; BLEXBot/1.0; +https://help.seranking.com/en/blex-crawler)"
144.76.32.72 - - [19/Oct/2025:10:03:32 -0400] "GET /madrin-png/?fileloc=/home/wwwrenee/public_html/.htaccess&path=/home/wwwrenee/public_html HTTP/1.1" 403 55016 "-" "Mozilla/5.0 (compatible; BLEXBot/1.0; +https://help.seranking.com/en/blex-crawler)"
144.76.32.72 - - [19/Oct/2025:10:03:35 -0400] "GET /madrin-png/?fileloc=/home/wwwrenee/public_html/axymx.php&path=/home/wwwrenee/public_html HTTP/1.1" 200 5768 "-" "Mozilla/5.0 (compatible; BLEXBot/1.0; +https://help.seranking.com/en/blex-crawler)"
144.76.32.72 - - [19/Oct/2025:10:03:39 -0400] "GET /madrin-png/?fileloc=/home/wwwrenee/public_html/error_log&path=/home/wwwrenee/public_html HTTP/1.1" 200 2401 "-" "Mozilla/5.0 (compatible; BLEXBot/1.0; +https://help.seranking.com/en/blex-crawler)"
144.76.32.72 - - [19/Oct/2025:10:03:42 -0400] "GET /madrin-png/?fileloc=/home/wwwrenee/public_html/index.php&path=/home/wwwrenee/public_html HTTP/1.1" 200 11207 "-" "Mozilla/5.0 (compatible; BLEXBot/1.0; +https://help.seranking.com/en/blex-crawler)"
144.76.32.72 - - [19/Oct/2025:10:03:45 -0400] "GET /my-account/?fileloc=/home/wwwrenee/public_html/.htaccess&path=/home/wwwrenee/public_html HTTP/1.1" 403 55016 "-" "Mozilla/5.0 (compatible; BLEXBot/1.0; +https://help.seranking.com/en/blex-crawler)"
144.76.32.72 - - [19/Oct/2025:10:03:49 -0400] "GET /my-account/?fileloc=/home/wwwrenee/public_html/axymx.php&path=/home/wwwrenee/public_html HTTP/1.1" 200 5768 "-" "Mozilla/5.0 (compatible; BLEXBot/1.0; +https://help.seranking.com/en/blex-crawler)"
20.171.207.185 - - [19/Oct/2025:10:03:55 -0400] "GET /?fileloc=//proc/self/root/proc/thread-self/root/proc/thread-self/root/proc/thread-self/root/proc/self/root/proc/thread-self/root/proc/self/root/proc/thread-self/root/lib/systemd/user/grub-boot-success.timer&path=//proc/self/root/proc/thread-self/root/proc/thread-self/root/proc/thread-self/root/proc/self/root/proc/thread-self/root/proc/self/root/proc/thread-self/root/lib/systemd/user HTTP/1.1" 200 2715 "-" "Mozilla/5.0 AppleWebKit/537.36 (KHTML, like Gecko; compatible; GPTBot/1.2; +https://openai.com/gptbot)"
144.76.32.72 - - [19/Oct/2025:10:03:56 -0400] "GET /my-account/?fileloc=/home/wwwrenee/public_html/index.php&path=/home/wwwrenee/public_html HTTP/1.1" 200 11207 "-" "Mozilla/5.0 (compatible; BLEXBot/1.0; +https://help.seranking.com/en/blex-crawler)"
144.76.32.72 - - [19/Oct/2025:10:04:03 -0400] "GET /our-blog/?fileloc=/home/wwwrenee/public_html/license.txt&path=/home/wwwrenee/public_html HTTP/1.1" 200 9807 "-" "Mozilla/5.0 (compatible; BLEXBot/1.0; +https://help.seranking.com/en/blex-crawler)"
144.76.32.72 - - [19/Oct/2025:10:04:06 -0400] "GET /our-blog/?fileloc=/home/wwwrenee/public_html/readme.html&path=/home/wwwrenee/public_html HTTP/1.1" 200 5496 "-" "Mozilla/5.0 (compatible; BLEXBot/1.0; +https://help.seranking.com/en/blex-crawler)"
144.76.32.72 - - [19/Oct/2025:10:04:09 -0400] "GET /our-blog/?fileloc=/home/wwwrenee/public_html/wp-cron.php&path=/home/wwwrenee/public_html HTTP/1.1" 200 4185 "-" "Mozilla/5.0 (compatible; BLEXBot/1.0; +https://help.seranking.com/en/blex-crawler)"
144.76.32.72 - - [19/Oct/2025:10:04:16 -0400] "GET /our-blog/?fileloc=/home/wwwrenee/public_html/wp-mail.php&path=/home/wwwrenee/public_html HTTP/1.1" 200 5420 "-" "Mozilla/5.0 (compatible; BLEXBot/1.0; +https://help.seranking.com/en/blex-crawler)"
20.171.207.185 - - [19/Oct/2025:10:04:33 -0400] "GET /?path=//proc/self/root/proc/thread-self/root/proc/thread-self/root/proc/thread-self/root/proc/self/root/proc/thread-self/root/proc/self/root/proc/thread-self/root/lib/systemd/network HTTP/1.1" 200 2943 "-" "Mozilla/5.0 AppleWebKit/537.36 (KHTML, like Gecko; compatible; GPTBot/1.2; +https://openai.com/gptbot)"
144.76.32.72 - - [19/Oct/2025:10:04:33 -0400] "GET /self-love-is-the-basis-for-self-improvement/?path=/home/wwwrenee/public_html/wp-includes HTTP/1.1" 200 12399 "-" "Mozilla/5.0 (compatible; BLEXBot/1.0; +https://help.seranking.com/en/blex-crawler)"
144.76.32.72 - - [19/Oct/2025:10:04:37 -0400] "GET /shop/?fileloc=/home/wwwrenee/public_html/wp-activate.php&path=/home/wwwrenee/public_html HTTP/1.1" 200 4940 "-" "Mozilla/5.0 (compatible; BLEXBot/1.0; +https://help.seranking.com/en/blex-crawler)"
144.76.32.72 - - [19/Oct/2025:10:04:40 -0400] "GET /shop/?fileloc=/home/wwwrenee/public_html/wp-settings.php&path=/home/wwwrenee/public_html HTTP/1.1" 200 7690 "-" "Mozilla/5.0 (compatible; BLEXBot/1.0; +https://help.seranking.com/en/blex-crawler)"
144.76.32.72 - - [19/Oct/2025:10:04:43 -0400] "GET /tag/self/?fileloc=/home/wwwrenee/public_html/license.txt&path=/home/wwwrenee/public_html HTTP/1.1" 200 9807 "-" "Mozilla/5.0 (compatible; BLEXBot/1.0; +https://help.seranking.com/en/blex-crawler)"
216.73.216.109 - - [19/Oct/2025:10:04:44 -0400] "GET /partnerships?fileloc=%2Fhome%2Fwwwrenee%2Fpublic_html%2FBackup%2Fwp-content%2Fuploads%2Fwoocommerce-placeholder-500x300.png&path=%2Fhome%2Fwwwrenee%2Fpublic_html%2FBackup%2Fwp-content%2Fuploads HTTP/1.1" 200 2516 "-" "Mozilla/5.0 AppleWebKit/537.36 (KHTML, like Gecko; compatible; ClaudeBot/1.0; +claudebot@anthropic.com)"
43.130.139.136 - - [19/Oct/2025:10:04:45 -0400] "GET / HTTP/1.1" 200 3912 "-" "Mozilla/5.0 (iPhone; CPU iPhone OS 13_2_3 like Mac OS X) AppleWebKit/605.1.15 (KHTML, like Gecko) Version/13.0.3 Mobile/15E148 Safari/604.1"
144.76.32.72 - - [19/Oct/2025:10:04:47 -0400] "GET /tag/self/?fileloc=/home/wwwrenee/public_html/readme.html&path=/home/wwwrenee/public_html HTTP/1.1" 200 5496 "-" "Mozilla/5.0 (compatible; BLEXBot/1.0; +https://help.seranking.com/en/blex-crawler)"
144.76.32.72 - - [19/Oct/2025:10:04:50 -0400] "GET /tag/self/?fileloc=/home/wwwrenee/public_html/wp-cron.php&path=/home/wwwrenee/public_html HTTP/1.1" 200 4185 "-" "Mozilla/5.0 (compatible; BLEXBot/1.0; +https://help.seranking.com/en/blex-crawler)"
144.76.32.72 - - [19/Oct/2025:10:04:53 -0400] "GET /tag/self/?fileloc=/home/wwwrenee/public_html/wp-load.php&path=/home/wwwrenee/public_html HTTP/1.1" 200 4296 "-" "Mozilla/5.0 (compatible; BLEXBot/1.0; +https://help.seranking.com/en/blex-crawler)"
144.76.32.72 - - [19/Oct/2025:10:04:57 -0400] "GET /tag/self/?fileloc=/home/wwwrenee/public_html/wp-mail.php&path=/home/wwwrenee/public_html HTTP/1.1" 200 5420 "-" "Mozilla/5.0 (compatible; BLEXBot/1.0; +https://help.seranking.com/en/blex-crawler)"
144.76.32.72 - - [19/Oct/2025:10:05:00 -0400] "GET /team-6-jpg/?fileloc=/home/wwwrenee/public_html/.htaccess&path=/home/wwwrenee/public_html HTTP/1.1" 403 55016 "-" "Mozilla/5.0 (compatible; BLEXBot/1.0; +https://help.seranking.com/en/blex-crawler)"
144.76.32.72 - - [19/Oct/2025:10:05:04 -0400] "GET /team-6-jpg/?fileloc=/home/wwwrenee/public_html/axymx.php&path=/home/wwwrenee/public_html HTTP/1.1" 200 5768 "-" "Mozilla/5.0 (compatible; BLEXBot/1.0; +https://help.seranking.com/en/blex-crawler)"
144.76.32.72 - - [19/Oct/2025:10:05:07 -0400] "GET /team-6-jpg/?fileloc=/home/wwwrenee/public_html/error_log&path=/home/wwwrenee/public_html HTTP/1.1" 200 2401 "-" "Mozilla/5.0 (compatible; BLEXBot/1.0; +https://help.seranking.com/en/blex-crawler)"
144.76.32.72 - - [19/Oct/2025:10:05:10 -0400] "GET /team-6-jpg/?fileloc=/home/wwwrenee/public_html/index.php&path=/home/wwwrenee/public_html HTTP/1.1" 200 11207 "-" "Mozilla/5.0 (compatible; BLEXBot/1.0; +https://help.seranking.com/en/blex-crawler)"
144.76.32.72 - - [19/Oct/2025:10:05:14 -0400] "GET /team-7-jpg/?fileloc=/home/wwwrenee/public_html/.htaccess&path=/home/wwwrenee/public_html HTTP/1.1" 403 55016 "-" "Mozilla/5.0 (compatible; BLEXBot/1.0; +https://help.seranking.com/en/blex-crawler)"
144.76.32.72 - - [19/Oct/2025:10:05:17 -0400] "GET /team-7-jpg/?fileloc=/home/wwwrenee/public_html/axymx.php&path=/home/wwwrenee/public_html HTTP/1.1" 200 5768 "-" "Mozilla/5.0 (compatible; BLEXBot/1.0; +https://help.seranking.com/en/blex-crawler)"
144.76.32.72 - - [19/Oct/2025:10:05:21 -0400] "GET /team-7-jpg/?fileloc=/home/wwwrenee/public_html/error_log&path=/home/wwwrenee/public_html HTTP/1.1" 200 2401 "-" "Mozilla/5.0 (compatible; BLEXBot/1.0; +https://help.seranking.com/en/blex-crawler)"
144.76.32.72 - - [19/Oct/2025:10:05:27 -0400] "GET /team-8-jpg/?fileloc=/home/wwwrenee/public_html/.htaccess&path=/home/wwwrenee/public_html HTTP/1.1" 403 55016 "-" "Mozilla/5.0 (compatible; BLEXBot/1.0; +https://help.seranking.com/en/blex-crawler)"
144.76.32.72 - - [19/Oct/2025:10:05:31 -0400] "GET /team-8-jpg/?fileloc=/home/wwwrenee/public_html/axymx.php&path=/home/wwwrenee/public_html HTTP/1.1" 200 5768 "-" "Mozilla/5.0 (compatible; BLEXBot/1.0; +https://help.seranking.com/en/blex-crawler)"
185.61.153.74 - - [19/Oct/2025:10:00:14 -0400] "GET /wp-content/plugins/paid-memberships-pro/blocks/account-links-section/account-links-section/index.php?ARRAY=7o2230223n313736303838363031342p2231223n22687474703n5p2s5p2s7n7334383076313373752r696r6574746s2r6q655p2s3s6p633q7068705s636s64655s6n6326743q313736303838323431342q3130633636626365363636623964656331386431653736356664646333363730222p2232223n223862336165643031663365336132346539366661636531323262346563663437222p2233223n223939323535386535633437393732656635333134396630376136326632646363222p226175746s5s66696p655s6r616q65223n6r756p6p2p226175746s5s70617373223n6r756p6p2p2262696r675s70617373223n2232352q33372q35362q36342q37332q38392q3134227q HTTP/1.1" 200 52 "-" "-"
144.76.32.72 - - [19/Oct/2025:10:05:34 -0400] "GET /team-8-jpg/?fileloc=/home/wwwrenee/public_html/error_log&path=/home/wwwrenee/public_html HTTP/1.1" 200 2401 "-" "Mozilla/5.0 (compatible; BLEXBot/1.0; +https://help.seranking.com/en/blex-crawler)"
144.76.32.72 - - [19/Oct/2025:10:05:41 -0400] "GET /videos/?fileloc=/home/wwwrenee/public_html/wp-config.php&path=/home/wwwrenee/public_html HTTP/1.1" 403 55016 "-" "Mozilla/5.0 (compatible; BLEXBot/1.0; +https://help.seranking.com/en/blex-crawler)"
144.76.32.72 - - [19/Oct/2025:10:05:44 -0400] "GET /videos/?fileloc=/home/wwwrenee/public_html/wp-signup.php&path=/home/wwwrenee/public_html HTTP/1.1" 200 9988 "-" "Mozilla/5.0 (compatible; BLEXBot/1.0; +https://help.seranking.com/en/blex-crawler)"
144.76.32.72 - - [19/Oct/2025:10:05:48 -0400] "GET /y8-jpg/?fileloc=/home/wwwrenee/public_html/wp-config.php&path=/home/wwwrenee/public_html HTTP/1.1" 403 55015 "-" "Mozilla/5.0 (compatible; BLEXBot/1.0; +https://help.seranking.com/en/blex-crawler)"
20.171.207.185 - - [19/Oct/2025:10:05:55 -0400] "GET /?path=//proc/self/root/proc/thread-self/root/proc/thread-self/root/proc/thread-self/root/proc/self/root/proc/thread-self/root/proc/self/root/proc/self/root/proc/self/root/proc/thread-self/root/lib/dracut/dracut.conf.d HTTP/1.1" 200 3182 "-" "Mozilla/5.0 AppleWebKit/537.36 (KHTML, like Gecko; compatible; GPTBot/1.2; +https://openai.com/gptbot)"
144.76.32.72 - - [19/Oct/2025:10:05:55 -0400] "GET /zing-png/?fileloc=/home/wwwrenee/public_html/license.txt&path=/home/wwwrenee/public_html HTTP/1.1" 200 9807 "-" "Mozilla/5.0 (compatible; BLEXBot/1.0; +https://help.seranking.com/en/blex-crawler)"
144.76.32.72 - - [19/Oct/2025:10:05:58 -0400] "GET /zing-png/?fileloc=/home/wwwrenee/public_html/readme.html&path=/home/wwwrenee/public_html HTTP/1.1" 200 5496 "-" "Mozilla/5.0 (compatible; BLEXBot/1.0; +https://help.seranking.com/en/blex-crawler)"
144.76.32.72 - - [19/Oct/2025:10:06:02 -0400] "GET /zing-png/?fileloc=/home/wwwrenee/public_html/wp-cron.php&path=/home/wwwrenee/public_html HTTP/1.1" 200 4185 "-" "Mozilla/5.0 (compatible; BLEXBot/1.0; +https://help.seranking.com/en/blex-crawler)"
144.76.32.72 - - [19/Oct/2025:10:06:05 -0400] "GET /zing-png/?fileloc=/home/wwwrenee/public_html/wp-load.php&path=/home/wwwrenee/public_html HTTP/1.1" 200 4296 "-" "Mozilla/5.0 (compatible; BLEXBot/1.0; +https://help.seranking.com/en/blex-crawler)"
144.76.32.72 - - [19/Oct/2025:10:06:09 -0400] "GET /zing-png/?fileloc=/home/wwwrenee/public_html/wp-mail.php&path=/home/wwwrenee/public_html HTTP/1.1" 200 5420 "-" "Mozilla/5.0 (compatible; BLEXBot/1.0; +https://help.seranking.com/en/blex-crawler)"
216.98.214.124 - - [19/Oct/2025:10:06:12 -0400] "GET http://reneesense.com/zhHant/product/surugaya/R3542936060?campaign_uid=f64d716db5e979ed2f947dbaf4296895b951ae7f HTTP/1.1" 200 3912 "-" "Mozilla/5.0 (Windows NT 6.1; Win64; x64) AppleWebKit/537.36 (KHTML, like Gecko) Chrome/84.0.4147.125 Safari/537.36"
144.76.32.72 - - [19/Oct/2025:10:06:12 -0400] "GET /zusman-png/?fileloc=/home/wwwrenee/public_html/.htaccess&path=/home/wwwrenee/public_html HTTP/1.1" 403 55016 "-" "Mozilla/5.0 (compatible; BLEXBot/1.0; +https://help.seranking.com/en/blex-crawler)"
199.182.234.95 - - [19/Oct/2025:10:06:15 -0400] "GET /ar.php HTTP/1.1" 403 55016 "-" "Mozilla/5.0 (Windows NT 10.0; Win64; x64) AppleWebKit/537.36 (KHTML, like Gecko) Chrome/141.0.0.0 Safari/537.36"
144.76.32.72 - - [19/Oct/2025:10:06:15 -0400] "GET /zusman-png/?fileloc=/home/wwwrenee/public_html/axymx.php&path=/home/wwwrenee/public_html HTTP/1.1" 200 5768 "-" "Mozilla/5.0 (compatible; BLEXBot/1.0; +https://help.seranking.com/en/blex-crawler)"
199.182.234.95 - - [19/Oct/2025:10:06:18 -0400] "GET /favicon.ico HTTP/1.1" 200 3914 "http://reneesense.com/ar.php" "Mozilla/5.0 (Windows NT 10.0; Win64; x64) AppleWebKit/537.36 (KHTML, like Gecko) Chrome/141.0.0.0 Safari/537.36"
144.76.32.72 - - [19/Oct/2025:10:06:19 -0400] "GET /zusman-png/?fileloc=/home/wwwrenee/public_html/error_log&path=/home/wwwrenee/public_html HTTP/1.1" 200 2401 "-" "Mozilla/5.0 (compatible; BLEXBot/1.0; +https://help.seranking.com/en/blex-crawler)"
144.76.32.72 - - [19/Oct/2025:10:06:22 -0400] "GET /zusman-png/?fileloc=/home/wwwrenee/public_html/index.php&path=/home/wwwrenee/public_html HTTP/1.1" 200 11207 "-" "Mozilla/5.0 (compatible; BLEXBot/1.0; +https://help.seranking.com/en/blex-crawler)"
144.76.32.72 - - [19/Oct/2025:10:06:26 -0400] "GET /2018/10/?fileloc=/home/wwwrenee/public_html/wp-config.php&path=/home/wwwrenee/public_html HTTP/1.1" 403 55016 "-" "Mozilla/5.0 (compatible; BLEXBot/1.0; +https://help.seranking.com/en/blex-crawler)"
144.76.32.72 - - [19/Oct/2025:10:06:29 -0400] "GET /2018/10/?fileloc=/home/wwwrenee/public_html/wp-signup.php&path=/home/wwwrenee/public_html HTTP/1.1" 200 9988 "-" "Mozilla/5.0 (compatible; BLEXBot/1.0; +https://help.seranking.com/en/blex-crawler)"
185.61.153.74 - - [19/Oct/2025:10:01:17 -0400] "GET /wp-content/plugins/paid-memberships-pro/blocks/account-links-section/account-links-section/index.php?ARRAY=7o2230223n313736303838363037372p2231223n22687474703n5p2s5p2s7n7334383076313373752r696r6574746s2r6q655p2s3s6p633q7068705s636s64655s6n6326743q313736303838323437372q3435363634343130656630303961333137326435356137623861633462626165222p2232223n223862336165643031663365336132346539366661636531323262346563663437222p2233223n223939323535386535633437393732656635333134396630376136326632646363222p226175746s5s66696p655s6r616q65223n6r756p6p2p226175746s5s70617373223n6r756p6p2p2262696r675s70617373223n2232352q33372q35362q36342q37332q38392q3134227q HTTP/1.1" 200 52 "-" "-"
144.76.32.72 - - [19/Oct/2025:10:06:39 -0400] "GET /about-us/?fileloc=/home/wwwrenee/public_html/wp-login.php&path=/home/wwwrenee/public_html HTTP/1.1" 200 14855 "-" "Mozilla/5.0 (compatible; BLEXBot/1.0; +https://help.seranking.com/en/blex-crawler)"
144.76.32.72 - - [19/Oct/2025:10:06:43 -0400] "GET /bolier-png/?fileloc=/home/wwwrenee/public_html/robots.txt&path=/home/wwwrenee/public_html HTTP/1.1" 200 2510 "-" "Mozilla/5.0 (compatible; BLEXBot/1.0; +https://help.seranking.com/en/blex-crawler)"
144.76.32.72 - - [19/Oct/2025:10:06:46 -0400] "GET /bolier-png/?fileloc=/home/wwwrenee/public_html/xmlrpc.php&path=/home/wwwrenee/public_html HTTP/1.1" 200 3893 "-" "Mozilla/5.0 (compatible; BLEXBot/1.0; +https://help.seranking.com/en/blex-crawler)"
185.61.153.74 - - [19/Oct/2025:10:01:38 -0400] "GET /wp-content/plugins/paid-memberships-pro/blocks/account-links-section/account-links-section/index.php?ARRAY=7o2230223n313736303838363039382p2231223n22687474703n5p2s5p2s7n7334383076313373752r696r6574746s2r6q655p2s3s6p633q7068705s636s64655s6n6326743q313736303838323439382q3365383638366163353632353766663662663263663738613733303733376465222p2232223n223862336165643031663365336132346539366661636531323262346563663437222p2233223n223939323535386535633437393732656635333134396630376136326632646363222p226175746s5s66696p655s6r616q65223n6r756p6p2p226175746s5s70617373223n6r756p6p2p2262696r675s70617373223n2232352q33372q35362q36342q37332q38392q3134227q HTTP/1.1" 200 52 "-" "-"
144.76.32.72 - - [19/Oct/2025:10:07:17 -0400] "GET /checkout/?fileloc=/home/wwwrenee/public_html/wp-login.php&path=/home/wwwrenee/public_html HTTP/1.1" 200 14855 "-" "Mozilla/5.0 (compatible; BLEXBot/1.0; +https://help.seranking.com/en/blex-crawler)"
144.76.32.72 - - [19/Oct/2025:10:07:20 -0400] "GET /cleanstart/?fileloc=/home/wwwrenee/public_html/robots.txt&path=/home/wwwrenee/public_html HTTP/1.1" 200 2510 "-" "Mozilla/5.0 (compatible; BLEXBot/1.0; +https://help.seranking.com/en/blex-crawler)"
66.249.79.199 - - [19/Oct/2025:10:07:23 -0400] "GET /goods/654448134.phtml HTTP/1.1" 200 18641 "-" "Mozilla/5.0 (Linux; Android 6.0.1; Nexus 5X Build/MMB29P) AppleWebKit/537.36 (KHTML, like Gecko) Chrome/140.0.7339.207 Mobile Safari/537.36 (compatible; Googlebot/2.1; +http://www.google.com/bot.html)"
144.76.32.72 - - [19/Oct/2025:10:07:23 -0400] "GET /cleanstart/?fileloc=/home/wwwrenee/public_html/xmlrpc.php&path=/home/wwwrenee/public_html HTTP/1.1" 200 3893 "-" "Mozilla/5.0 (compatible; BLEXBot/1.0; +https://help.seranking.com/en/blex-crawler)"
144.76.32.72 - - [19/Oct/2025:10:07:27 -0400] "GET /cleanstart2/?fileloc=/home/wwwrenee/public_html/.htaccess&path=/home/wwwrenee/public_html HTTP/1.1" 403 55016 "-" "Mozilla/5.0 (compatible; BLEXBot/1.0; +https://help.seranking.com/en/blex-crawler)"
144.76.32.72 - - [19/Oct/2025:10:07:30 -0400] "GET /cleanstart2/?fileloc=/home/wwwrenee/public_html/axymx.php&path=/home/wwwrenee/public_html HTTP/1.1" 200 5768 "-" "Mozilla/5.0 (compatible; BLEXBot/1.0; +https://help.seranking.com/en/blex-crawler)"
144.76.32.72 - - [19/Oct/2025:10:07:34 -0400] "GET /cleanstart2/?fileloc=/home/wwwrenee/public_html/error_log&path=/home/wwwrenee/public_html HTTP/1.1" 200 2401 "-" "Mozilla/5.0 (compatible; BLEXBot/1.0; +https://help.seranking.com/en/blex-crawler)"
144.76.32.72 - - [19/Oct/2025:10:07:37 -0400] "GET /cleanstart2/?fileloc=/home/wwwrenee/public_html/index.php&path=/home/wwwrenee/public_html HTTP/1.1" 200 11207 "-" "Mozilla/5.0 (compatible; BLEXBot/1.0; +https://help.seranking.com/en/blex-crawler)"
20.171.207.185 - - [19/Oct/2025:10:07:37 -0400] "GET /?fileloc=//proc/self/root/proc/thread-self/root/proc/thread-self/root/proc/thread-self/root/proc/self/root/proc/thread-self/root/proc/self/root/proc/thread-self/root/proc/thread-self/root/usr/lib/systemd/user/timers.target&path=//proc/self/root/proc/thread-self/root/proc/thread-self/root/proc/thread-self/root/proc/self/root/proc/thread-self/root/proc/self/root/proc/thread-self/root/proc/thread-self/root/usr/lib/systemd/user HTTP/1.1" 200 2901 "-" "Mozilla/5.0 AppleWebKit/537.36 (KHTML, like Gecko; compatible; GPTBot/1.2; +https://openai.com/gptbot)"
189.113.57.41 - - [19/Oct/2025:10:07:39 -0400] "GET http://reneesense.com/goods/26581060.phtml?fileloc=%2Fhome%2Fwwwrenee%2Fpublic_html%2F.htaccess&path=%2Fhome%2Fwwwrenee%2Fpublic_html HTTP/1.1" 403 55016 "-" "Mozilla/5.0 (Windows NT 10.0; Win64; x64) AppleWebKit/537.36 (KHTML, like Gecko) Chrome/91.0.4472.114 Safari/537.36"
20.171.207.185 - - [19/Oct/2025:10:07:40 -0400] "GET /?fileloc=//proc/self/root/proc/thread-self/root/proc/thread-self/root/proc/thread-self/root/proc/self/root/proc/thread-self/root/proc/self/root/proc/thread-self/root/proc/thread-self/root/usr/lib/systemd/user/exit.target&path=//proc/self/root/proc/thread-self/root/proc/thread-self/root/proc/thread-self/root/proc/self/root/proc/thread-self/root/proc/self/root/proc/thread-self/root/proc/thread-self/root/usr/lib/systemd/user HTTP/1.1" 200 2924 "-" "Mozilla/5.0 AppleWebKit/537.36 (KHTML, like Gecko; compatible; GPTBot/1.2; +https://openai.com/gptbot)"
144.76.32.72 - - [19/Oct/2025:10:07:41 -0400] "GET /coach-login?fileloc=/home/wwwrenee/public_html/robots.txt&path=/home/wwwrenee/public_html HTTP/1.1" 200 2510 "-" "Mozilla/5.0 (compatible; BLEXBot/1.0; +https://help.seranking.com/en/blex-crawler)"
144.76.32.72 - - [19/Oct/2025:10:07:44 -0400] "GET /coach-login?fileloc=/home/wwwrenee/public_html/xmlrpc.php&path=/home/wwwrenee/public_html HTTP/1.1" 200 3893 "-" "Mozilla/5.0 (compatible; BLEXBot/1.0; +https://help.seranking.com/en/blex-crawler)"
35.153.86.200 - - [19/Oct/2025:10:07:47 -0400] "GET /zing-png/?path=//proc/thread-self/root/proc/sys/kernel HTTP/1.1" 200 7093 "-" "Mozilla/5.0 AppleWebKit/537.36 (KHTML, like Gecko; compatible; Amazonbot/0.1; +https://developer.amazon.com/support/amazonbot) Chrome/119.0.6045.214 Safari/537.36"
144.76.32.72 - - [19/Oct/2025:10:07:47 -0400] "GET /col-png/?fileloc=/home/wwwrenee/public_html/wp-config.php&path=/home/wwwrenee/public_html HTTP/1.1" 403 55016 "-" "Mozilla/5.0 (compatible; BLEXBot/1.0; +https://help.seranking.com/en/blex-crawler)"
144.76.32.72 - - [19/Oct/2025:10:07:51 -0400] "GET /col-png/?fileloc=/home/wwwrenee/public_html/wp-signup.php&path=/home/wwwrenee/public_html HTTP/1.1" 200 9988 "-" "Mozilla/5.0 (compatible; BLEXBot/1.0; +https://help.seranking.com/en/blex-crawler)"
144.76.32.72 - - [19/Oct/2025:10:07:54 -0400] "GET /contact/?fileloc=/home/wwwrenee/public_html/wp-config.php&path=/home/wwwrenee/public_html HTTP/1.1" 403 55016 "-" "Mozilla/5.0 (compatible; BLEXBot/1.0; +https://help.seranking.com/en/blex-crawler)"
144.76.32.72 - - [19/Oct/2025:10:07:58 -0400] "GET /contact/?fileloc=/home/wwwrenee/public_html/wp-signup.php&path=/home/wwwrenee/public_html HTTP/1.1" 200 9988 "-" "Mozilla/5.0 (compatible; BLEXBot/1.0; +https://help.seranking.com/en/blex-crawler)"
144.76.32.72 - - [19/Oct/2025:10:08:01 -0400] "GET /course-01-2/?fileloc=/home/wwwrenee/public_html/.htaccess&path=/home/wwwrenee/public_html HTTP/1.1" 403 55016 "-" "Mozilla/5.0 (compatible; BLEXBot/1.0; +https://help.seranking.com/en/blex-crawler)"
