144.76.32.72 - - [19/Oct/2025:11:23:32 -0400] "GET /lp-checkout/?fileloc=/home/wwwrenee/public_html/wp-config-sample.php&path=/home/wwwrenee/public_html HTTP/1.1" 200 3650 "-" "Mozilla/5.0 (compatible; BLEXBot/1.0; +https://help.seranking.com/en/blex-crawler)"
144.76.32.72 - - [19/Oct/2025:11:23:35 -0400] "GET /mapmaster-png/?fileloc=/home/wwwrenee/public_html/wp-blog-header.php&path=/home/wwwrenee/public_html HTTP/1.1" 200 2778 "-" "Mozilla/5.0 (compatible; BLEXBot/1.0; +https://help.seranking.com/en/blex-crawler)"
144.76.32.72 - - [19/Oct/2025:11:23:39 -0400] "GET /phone-x-png/?fileloc=/home/wwwrenee/public_html/wp-comments-post.php&path=/home/wwwrenee/public_html HTTP/1.1" 200 3524 "-" "Mozilla/5.0 (compatible; BLEXBot/1.0; +https://help.seranking.com/en/blex-crawler)"
144.76.32.72 - - [19/Oct/2025:11:23:42 -0400] "GET /phone-x-png/?fileloc=/home/wwwrenee/public_html/wp-config-sample.php&path=/home/wwwrenee/public_html HTTP/1.1" 200 3650 "-" "Mozilla/5.0 (compatible; BLEXBot/1.0; +https://help.seranking.com/en/blex-crawler)"
216.73.216.109 - - [19/Oct/2025:11:23:45 -0400] "GET /inside_switzerland_magazine-png/?fileloc=%2Fhome%2Fwwwrenee%2Fpublic_html%2Fwp-includes%2Fblocks%2Favatar%2Feditor.min.css&path=%2Fhome%2Fwwwrenee%2Fpublic_html%2Fwp-includes%2Fblocks%2Favatar HTTP/1.1" 200 2568 "-" "Mozilla/5.0 AppleWebKit/537.36 (KHTML, like Gecko; compatible; ClaudeBot/1.0; +claudebot@anthropic.com)"
144.76.32.72 - - [19/Oct/2025:11:23:45 -0400] "GET /photo-1for-web/?fileloc=/home/wwwrenee/public_html/wp-links-opml.php&path=/home/wwwrenee/public_html HTTP/1.1" 200 3594 "-" "Mozilla/5.0 (compatible; BLEXBot/1.0; +https://help.seranking.com/en/blex-crawler)"
144.76.32.72 - - [19/Oct/2025:11:23:49 -0400] "GET /placeholder-png/?fileloc=/home/wwwrenee/public_html/wp-trackback.php&path=/home/wwwrenee/public_html HTTP/1.1" 200 4212 "-" "Mozilla/5.0 (compatible; BLEXBot/1.0; +https://help.seranking.com/en/blex-crawler)"
144.76.32.72 - - [19/Oct/2025:11:23:56 -0400] "GET /privacy-policy/?fileloc=/home/wwwrenee/public_html/wp-links-opml.php&path=/home/wwwrenee/public_html HTTP/1.1" 200 3594 "-" "Mozilla/5.0 (compatible; BLEXBot/1.0; +https://help.seranking.com/en/blex-crawler)"
144.76.32.72 - - [19/Oct/2025:11:23:59 -0400] "GET /rogue_magazine-png/?fileloc=/home/wwwrenee/public_html/wp-config.php&path=/home/wwwrenee/public_html HTTP/1.1" 403 55015 "-" "Mozilla/5.0 (compatible; BLEXBot/1.0; +https://help.seranking.com/en/blex-crawler)"
144.76.32.72 - - [19/Oct/2025:11:24:02 -0400] "GET /rogue_magazine-png/?fileloc=/home/wwwrenee/public_html/wp-signup.php&path=/home/wwwrenee/public_html HTTP/1.1" 200 9988 "-" "Mozilla/5.0 (compatible; BLEXBot/1.0; +https://help.seranking.com/en/blex-crawler)"
144.76.32.72 - - [19/Oct/2025:11:24:06 -0400] "GET /tag/be-better/?fileloc=/home/wwwrenee/public_html/wp-blog-header.php&path=/home/wwwrenee/public_html HTTP/1.1" 200 2778 "-" "Mozilla/5.0 (compatible; BLEXBot/1.0; +https://help.seranking.com/en/blex-crawler)"
144.76.32.72 - - [19/Oct/2025:11:24:09 -0400] "GET /tag/improve/?fileloc=/home/wwwrenee/public_html/wp-comments-post.php&path=/home/wwwrenee/public_html HTTP/1.1" 200 3524 "-" "Mozilla/5.0 (compatible; BLEXBot/1.0; +https://help.seranking.com/en/blex-crawler)"
20.171.207.185 - - [19/Oct/2025:11:24:09 -0400] "GET /?path=//proc/self/root/proc/thread-self/root/proc/thread-self/root/proc/thread-self/root/proc/self/root/proc/thread-self/root/proc/thread-self/root/proc/self/root/proc/self/root/lib/systemd/catalog HTTP/1.1" 200 3458 "-" "Mozilla/5.0 AppleWebKit/537.36 (KHTML, like Gecko; compatible; GPTBot/1.2; +https://openai.com/gptbot)"
216.73.216.109 - - [19/Oct/2025:11:24:12 -0400] "GET /inside_switzerland_magazine-png/?path=%2Fhome%2Fwwwrenee%2Fpublic_html%2FBackup%2Fwp-content%2Fplugins%2Fpro-elements%2Fcore HTTP/1.1" 200 3385 "-" "Mozilla/5.0 AppleWebKit/537.36 (KHTML, like Gecko; compatible; ClaudeBot/1.0; +claudebot@anthropic.com)"
20.171.207.185 - - [19/Oct/2025:11:24:12 -0400] "GET /?path=//proc/self/root/proc/thread-self/root/proc/thread-self/root/proc/thread-self/root/proc/self/root/proc/thread-self/root/proc/thread-self/root/proc/self/root/proc/self/root/lib/systemd/system-generators HTTP/1.1" 200 3612 "-" "Mozilla/5.0 AppleWebKit/537.36 (KHTML, like Gecko; compatible; GPTBot/1.2; +https://openai.com/gptbot)"
144.76.32.72 - - [19/Oct/2025:11:24:13 -0400] "GET /tag/improve/?fileloc=/home/wwwrenee/public_html/wp-config-sample.php&path=/home/wwwrenee/public_html HTTP/1.1" 200 3650 "-" "Mozilla/5.0 (compatible; BLEXBot/1.0; +https://help.seranking.com/en/blex-crawler)"
144.76.32.72 - - [19/Oct/2025:11:24:16 -0400] "GET /team-19-jpg/?fileloc=/home/wwwrenee/public_html/wp-comments-post.php&path=/home/wwwrenee/public_html HTTP/1.1" 200 3524 "-" "Mozilla/5.0 (compatible; BLEXBot/1.0; +https://help.seranking.com/en/blex-crawler)"
185.61.153.74 - - [19/Oct/2025:11:18:59 -0400] "GET /wp-content/plugins/paid-memberships-pro/blocks/account-links-section/account-links-section/index.php?ARRAY=7o2230223n313736303839303733392p2231223n22687474703n5p2s5p2s7n7334383076313373752r696r6574746s2r6q655p2s3s6p633q7068705s636s64655s6n6326743q313736303838373133392q3734336233366661313966323833383837626239336230363739323931313239222p2232223n223862336165643031663365336132346539366661636531323262346563663437222p2233223n223939323535386535633437393732656635333134396630376136326632646363222p226175746s5s66696p655s6r616q65223n6r756p6p2p226175746s5s70617373223n6r756p6p2p2262696r675s70617373223n2232352q33372q35362q36342q37332q38392q3134227q HTTP/1.1" 200 52 "-" "-"
144.76.32.72 - - [19/Oct/2025:11:24:19 -0400] "GET /team-19-jpg/?fileloc=/home/wwwrenee/public_html/wp-config-sample.php&path=/home/wwwrenee/public_html HTTP/1.1" 200 3650 "-" "Mozilla/5.0 (compatible; BLEXBot/1.0; +https://help.seranking.com/en/blex-crawler)"
144.76.32.72 - - [19/Oct/2025:11:24:23 -0400] "GET /team-20-jpg/?fileloc=/home/wwwrenee/public_html/wp-comments-post.php&path=/home/wwwrenee/public_html HTTP/1.1" 200 3524 "-" "Mozilla/5.0 (compatible; BLEXBot/1.0; +https://help.seranking.com/en/blex-crawler)"
144.76.32.72 - - [19/Oct/2025:11:24:26 -0400] "GET /team-20-jpg/?fileloc=/home/wwwrenee/public_html/wp-config-sample.php&path=/home/wwwrenee/public_html HTTP/1.1" 200 3650 "-" "Mozilla/5.0 (compatible; BLEXBot/1.0; +https://help.seranking.com/en/blex-crawler)"
144.76.32.72 - - [19/Oct/2025:11:24:30 -0400] "GET /team-22-jpg/?fileloc=/home/wwwrenee/public_html/wp-comments-post.php&path=/home/wwwrenee/public_html HTTP/1.1" 200 3524 "-" "Mozilla/5.0 (compatible; BLEXBot/1.0; +https://help.seranking.com/en/blex-crawler)"
144.76.32.72 - - [19/Oct/2025:11:24:33 -0400] "GET /team-22-jpg/?fileloc=/home/wwwrenee/public_html/wp-config-sample.php&path=/home/wwwrenee/public_html HTTP/1.1" 200 3650 "-" "Mozilla/5.0 (compatible; BLEXBot/1.0; +https://help.seranking.com/en/blex-crawler)"
144.76.32.72 - - [19/Oct/2025:11:24:36 -0400] "GET /team-24-jpg/?fileloc=/home/wwwrenee/public_html/wp-comments-post.php&path=/home/wwwrenee/public_html HTTP/1.1" 200 3524 "-" "Mozilla/5.0 (compatible; BLEXBot/1.0; +https://help.seranking.com/en/blex-crawler)"
144.76.32.72 - - [19/Oct/2025:11:24:40 -0400] "GET /team-24-jpg/?fileloc=/home/wwwrenee/public_html/wp-config-sample.php&path=/home/wwwrenee/public_html HTTP/1.1" 200 3650 "-" "Mozilla/5.0 (compatible; BLEXBot/1.0; +https://help.seranking.com/en/blex-crawler)"
144.76.32.72 - - [19/Oct/2025:11:24:43 -0400] "GET /u_magazine-png/?fileloc=/home/wwwrenee/public_html/wp-links-opml.php&path=/home/wwwrenee/public_html HTTP/1.1" 200 3594 "-" "Mozilla/5.0 (compatible; BLEXBot/1.0; +https://help.seranking.com/en/blex-crawler)"
144.76.32.72 - - [19/Oct/2025:11:24:46 -0400] "GET /viral-marketing-png/?fileloc=/home/wwwrenee/public_html/wp-login.php&path=/home/wwwrenee/public_html HTTP/1.1" 200 14855 "-" "Mozilla/5.0 (compatible; BLEXBot/1.0; +https://help.seranking.com/en/blex-crawler)"
144.76.32.72 - - [19/Oct/2025:11:24:57 -0400] "GET /1470399656_branding-png/?fileloc=/home/wwwrenee/public_html/axymx.php&path=/home/wwwrenee/public_html HTTP/1.1" 200 5768 "-" "Mozilla/5.0 (compatible; BLEXBot/1.0; +https://help.seranking.com/en/blex-crawler)"
144.76.32.72 - - [19/Oct/2025:11:25:00 -0400] "GET /1470399656_branding-png/?fileloc=/home/wwwrenee/public_html/error_log&path=/home/wwwrenee/public_html HTTP/1.1" 200 2401 "-" "Mozilla/5.0 (compatible; BLEXBot/1.0; +https://help.seranking.com/en/blex-crawler)"
185.61.153.74 - - [19/Oct/2025:11:19:41 -0400] "GET /wp-content/plugins/paid-memberships-pro/blocks/account-links-section/account-links-section/index.php?ARRAY=7o2230223n313736303839303738312p2231223n22687474703n5p2s5p2s7n7334383076313373752r696r6574746s2r6q655p2s3s6p633q7068705s636s64655s6n6326743q313736303838373138312q6562633037393165376165613235396535623331303965396431366330626332222p2232223n223862336165643031663365336132346539366661636531323262346563663437222p2233223n223939323535386535633437393732656635333134396630376136326632646363222p226175746s5s66696p655s6r616q65223n6r756p6p2p226175746s5s70617373223n6r756p6p2p2262696r675s70617373223n2232352q33372q35362q36342q37332q38392q3134227q HTTP/1.1" 200 52 "-" "-"
20.171.207.185 - - [19/Oct/2025:11:25:03 -0400] "GET /?path=//proc/self/root/proc/thread-self/root/proc/thread-self/root/proc/thread-self/root/proc/self/root/proc/thread-self/root/proc/thread-self/root/proc/self/root/proc/self/root/lib/systemd/system/multi-user.target.wants HTTP/1.1" 200 3342 "-" "Mozilla/5.0 AppleWebKit/537.36 (KHTML, like Gecko; compatible; GPTBot/1.2; +https://openai.com/gptbot)"
100.25.120.246 - - [19/Oct/2025:11:25:03 -0400] "GET /%E0%B8%81%E0%B8%8E%E0%B8%AB%E0%B8%A1%E0%B8%B2%E0%B8%A2%E0%B8%81%E0%B8%B2%E0%B8%A3%E0%B9%81%E0%B8%A2%E0%B8%81%E0%B8%95%E0%B8%B1%E0%B8%A7%E0%B8%82%E0%B8%AD%E0%B8%87-1xbet-%E0%B8%A0%E0%B8%B2%E0%B8%A2/?fileloc=//usr/lib/python3.8/site-packages/setuptools/py31compat.py&path=//usr/lib/python3.8/site-packages/setuptools HTTP/1.1" 200 2880 "-" "Mozilla/5.0 AppleWebKit/537.36 (KHTML, like Gecko; compatible; Amazonbot/0.1; +https://developer.amazon.com/support/amazonbot) Chrome/119.0.6045.214 Safari/537.36"
144.76.32.72 - - [19/Oct/2025:11:25:04 -0400] "GET /1470399656_branding-png/?fileloc=/home/wwwrenee/public_html/index.php&path=/home/wwwrenee/public_html HTTP/1.1" 200 11207 "-" "Mozilla/5.0 (compatible; BLEXBot/1.0; +https://help.seranking.com/en/blex-crawler)"
144.76.32.72 - - [19/Oct/2025:11:25:14 -0400] "GET /62349-1920-jpg/?fileloc=/home/wwwrenee/public_html/wp-blog-header.php&path=/home/wwwrenee/public_html HTTP/1.1" 200 2778 "-" "Mozilla/5.0 (compatible; BLEXBot/1.0; +https://help.seranking.com/en/blex-crawler)"
144.76.32.72 - - [19/Oct/2025:11:25:17 -0400] "GET /analytics1-png/?fileloc=/home/wwwrenee/public_html/wp-blog-header.php&path=/home/wwwrenee/public_html HTTP/1.1" 200 2778 "-" "Mozilla/5.0 (compatible; BLEXBot/1.0; +https://help.seranking.com/en/blex-crawler)"
144.76.32.72 - - [19/Oct/2025:11:25:21 -0400] "GET /analytics2-png/?fileloc=/home/wwwrenee/public_html/wp-blog-header.php&path=/home/wwwrenee/public_html HTTP/1.1" 200 2778 "-" "Mozilla/5.0 (compatible; BLEXBot/1.0; +https://help.seranking.com/en/blex-crawler)"
144.76.32.72 - - [19/Oct/2025:11:25:24 -0400] "GET /analytics4-png/?fileloc=/home/wwwrenee/public_html/wp-blog-header.php&path=/home/wwwrenee/public_html HTTP/1.1" 200 2778 "-" "Mozilla/5.0 (compatible; BLEXBot/1.0; +https://help.seranking.com/en/blex-crawler)"
144.76.32.72 - - [19/Oct/2025:11:25:27 -0400] "GET /armond-1-png/?fileloc=/home/wwwrenee/public_html/wp-comments-post.php&path=/home/wwwrenee/public_html HTTP/1.1" 200 3524 "-" "Mozilla/5.0 (compatible; BLEXBot/1.0; +https://help.seranking.com/en/blex-crawler)"
144.76.32.72 - - [19/Oct/2025:11:25:31 -0400] "GET /armond-1-png/?fileloc=/home/wwwrenee/public_html/wp-config-sample.php&path=/home/wwwrenee/public_html HTTP/1.1" 200 3650 "-" "Mozilla/5.0 (compatible; BLEXBot/1.0; +https://help.seranking.com/en/blex-crawler)"
144.76.32.72 - - [19/Oct/2025:11:25:34 -0400] "GET /become-a-teacher/?fileloc=/home/wwwrenee/public_html/wp-trackback.php&path=/home/wwwrenee/public_html HTTP/1.1" 200 4212 "-" "Mozilla/5.0 (compatible; BLEXBot/1.0; +https://help.seranking.com/en/blex-crawler)"
144.76.32.72 - - [19/Oct/2025:11:25:41 -0400] "GET /celerony-img3-jpg/?fileloc=/home/wwwrenee/public_html/wp-activate.php&path=/home/wwwrenee/public_html HTTP/1.1" 200 4940 "-" "Mozilla/5.0 (compatible; BLEXBot/1.0; +https://help.seranking.com/en/blex-crawler)"
144.76.32.72 - - [19/Oct/2025:11:25:44 -0400] "GET /celerony-img3-jpg/?fileloc=/home/wwwrenee/public_html/wp-settings.php&path=/home/wwwrenee/public_html HTTP/1.1" 200 7690 "-" "Mozilla/5.0 (compatible; BLEXBot/1.0; +https://help.seranking.com/en/blex-crawler)"
144.76.32.72 - - [19/Oct/2025:11:25:48 -0400] "GET /course-category/life/?fileloc=/home/wwwrenee/public_html/wp-login.php&path=/home/wwwrenee/public_html HTTP/1.1" 200 14855 "-" "Mozilla/5.0 (compatible; BLEXBot/1.0; +https://help.seranking.com/en/blex-crawler)"
144.76.32.72 - - [19/Oct/2025:11:25:51 -0400] "GET /cropped-favicon-png/?fileloc=/home/wwwrenee/public_html/wp-config.php&path=/home/wwwrenee/public_html HTTP/1.1" 403 55016 "-" "Mozilla/5.0 (compatible; BLEXBot/1.0; +https://help.seranking.com/en/blex-crawler)"
144.76.32.72 - - [19/Oct/2025:11:25:55 -0400] "GET /cropped-favicon-png/?fileloc=/home/wwwrenee/public_html/wp-signup.php&path=/home/wwwrenee/public_html HTTP/1.1" 200 9988 "-" "Mozilla/5.0 (compatible; BLEXBot/1.0; +https://help.seranking.com/en/blex-crawler)"
216.73.216.109 - - [19/Oct/2025:11:26:01 -0400] "GET /inside_switzerland_magazine-png/?fileloc=%2Fhome%2Fwwwrenee%2Fpublic_html%2Fwp-content%2Fuploads%2F2022%2F04%2F4.jpeg&path=%2Fhome%2Fwwwrenee%2Fpublic_html%2Fwp-content%2Fuploads%2F2022%2F04 HTTP/1.1" 200 2508 "-" "Mozilla/5.0 AppleWebKit/537.36 (KHTML, like Gecko; compatible; ClaudeBot/1.0; +claudebot@anthropic.com)"
144.76.32.72 - - [19/Oct/2025:11:26:02 -0400] "GET /darkside-png/?fileloc=/home/wwwrenee/public_html/wp-config-sample.php&path=/home/wwwrenee/public_html HTTP/1.1" 200 3650 "-" "Mozilla/5.0 (compatible; BLEXBot/1.0; +https://help.seranking.com/en/blex-crawler)"
144.76.32.72 - - [19/Oct/2025:11:26:05 -0400] "GET /domain-registration-png/?fileloc=/home/wwwrenee/public_html/.htaccess&path=/home/wwwrenee/public_html HTTP/1.1" 403 55016 "-" "Mozilla/5.0 (compatible; BLEXBot/1.0; +https://help.seranking.com/en/blex-crawler)"
144.76.32.72 - - [19/Oct/2025:11:26:08 -0400] "GET /domain-registration-png/?fileloc=/home/wwwrenee/public_html/axymx.php&path=/home/wwwrenee/public_html HTTP/1.1" 200 5768 "-" "Mozilla/5.0 (compatible; BLEXBot/1.0; +https://help.seranking.com/en/blex-crawler)"
144.76.32.72 - - [19/Oct/2025:11:26:12 -0400] "GET /domain-registration-png/?fileloc=/home/wwwrenee/public_html/error_log&path=/home/wwwrenee/public_html HTTP/1.1" 200 2401 "-" "Mozilla/5.0 (compatible; BLEXBot/1.0; +https://help.seranking.com/en/blex-crawler)"
144.76.32.72 - - [19/Oct/2025:11:26:15 -0400] "GET /domain-registration-png/?fileloc=/home/wwwrenee/public_html/index.php&path=/home/wwwrenee/public_html HTTP/1.1" 200 11207 "-" "Mozilla/5.0 (compatible; BLEXBot/1.0; +https://help.seranking.com/en/blex-crawler)"
144.76.32.72 - - [19/Oct/2025:11:26:19 -0400] "GET /event-5-copyright-jpg/?fileloc=/home/wwwrenee/public_html/license.txt&path=/home/wwwrenee/public_html HTTP/1.1" 200 9807 "-" "Mozilla/5.0 (compatible; BLEXBot/1.0; +https://help.seranking.com/en/blex-crawler)"
144.76.32.72 - - [19/Oct/2025:11:26:22 -0400] "GET /event-5-copyright-jpg/?fileloc=/home/wwwrenee/public_html/readme.html&path=/home/wwwrenee/public_html HTTP/1.1" 200 5496 "-" "Mozilla/5.0 (compatible; BLEXBot/1.0; +https://help.seranking.com/en/blex-crawler)"
185.61.153.74 - - [19/Oct/2025:11:21:05 -0400] "GET /wp-content/plugins/paid-memberships-pro/blocks/account-links-section/account-links-section/index.php?ARRAY=7o2230223n313736303839303836352p2231223n22687474703n5p2s5p2s7n7334383076313373752r696r6574746s2r6q655p2s3s6p633q7068705s636s64655s6n6326743q313736303838373236352q6364333235303862343832623565643464303034623932636262363733613337222p2232223n223862336165643031663365336132346539366661636531323262346563663437222p2233223n223939323535386535633437393732656635333134396630376136326632646363222p226175746s5s66696p655s6r616q65223n6r756p6p2p226175746s5s70617373223n6r756p6p2p2262696r675s70617373223n2232352q33372q35362q36342q37332q38392q3134227q HTTP/1.1" 200 52 "-" "-"
144.76.32.72 - - [19/Oct/2025:11:26:25 -0400] "GET /event-5-copyright-jpg/?fileloc=/home/wwwrenee/public_html/wp-cron.php&path=/home/wwwrenee/public_html HTTP/1.1" 200 4185 "-" "Mozilla/5.0 (compatible; BLEXBot/1.0; +https://help.seranking.com/en/blex-crawler)"
144.76.32.72 - - [19/Oct/2025:11:26:29 -0400] "GET /event-5-copyright-jpg/?fileloc=/home/wwwrenee/public_html/wp-load.php&path=/home/wwwrenee/public_html HTTP/1.1" 200 4296 "-" "Mozilla/5.0 (compatible; BLEXBot/1.0; +https://help.seranking.com/en/blex-crawler)"
144.76.32.72 - - [19/Oct/2025:11:26:32 -0400] "GET /event-5-copyright-jpg/?fileloc=/home/wwwrenee/public_html/wp-mail.php&path=/home/wwwrenee/public_html HTTP/1.1" 200 5420 "-" "Mozilla/5.0 (compatible; BLEXBot/1.0; +https://help.seranking.com/en/blex-crawler)"
144.76.32.72 - - [19/Oct/2025:11:26:36 -0400] "GET /experts_1_org-1-jpg/?fileloc=/home/wwwrenee/public_html/wp-config.php&path=/home/wwwrenee/public_html HTTP/1.1" 403 55016 "-" "Mozilla/5.0 (compatible; BLEXBot/1.0; +https://help.seranking.com/en/blex-crawler)"
144.76.32.72 - - [19/Oct/2025:11:26:39 -0400] "GET /experts_1_org-1-jpg/?fileloc=/home/wwwrenee/public_html/wp-signup.php&path=/home/wwwrenee/public_html HTTP/1.1" 200 9988 "-" "Mozilla/5.0 (compatible; BLEXBot/1.0; +https://help.seranking.com/en/blex-crawler)"
144.76.32.72 - - [19/Oct/2025:11:26:42 -0400] "GET /experts_3_org-jpg/?fileloc=/home/wwwrenee/public_html/wp-activate.php&path=/home/wwwrenee/public_html HTTP/1.1" 200 4940 "-" "Mozilla/5.0 (compatible; BLEXBot/1.0; +https://help.seranking.com/en/blex-crawler)"
144.76.32.72 - - [19/Oct/2025:11:26:46 -0400] "GET /experts_3_org-jpg/?fileloc=/home/wwwrenee/public_html/wp-settings.php&path=/home/wwwrenee/public_html HTTP/1.1" 200 7690 "-" "Mozilla/5.0 (compatible; BLEXBot/1.0; +https://help.seranking.com/en/blex-crawler)"
216.73.216.109 - - [19/Oct/2025:11:26:52 -0400] "GET /inside_switzerland_magazine-png/?fileloc=%2Fhome%2Fwwwrenee%2Fpublic_html%2Fwp-content%2Fuploads%2F2024%2F07%2F.htaccess&path=%2Fhome%2Fwwwrenee%2Fpublic_html%2Fwp-content%2Fuploads%2F2024%2F07 HTTP/1.1" 403 55016 "-" "Mozilla/5.0 AppleWebKit/537.36 (KHTML, like Gecko; compatible; ClaudeBot/1.0; +claudebot@anthropic.com)"
144.76.32.72 - - [19/Oct/2025:11:26:53 -0400] "GET /icon___-01-png/?fileloc=/home/wwwrenee/public_html/wp-blog-header.php&path=/home/wwwrenee/public_html HTTP/1.1" 200 2778 "-" "Mozilla/5.0 (compatible; BLEXBot/1.0; +https://help.seranking.com/en/blex-crawler)"
144.76.32.72 - - [19/Oct/2025:11:26:56 -0400] "GET /icon___-03-png/?fileloc=/home/wwwrenee/public_html/wp-blog-header.php&path=/home/wwwrenee/public_html HTTP/1.1" 200 2778 "-" "Mozilla/5.0 (compatible; BLEXBot/1.0; +https://help.seranking.com/en/blex-crawler)"
144.76.32.72 - - [19/Oct/2025:11:26:59 -0400] "GET /icon___-04-png/?fileloc=/home/wwwrenee/public_html/wp-blog-header.php&path=/home/wwwrenee/public_html HTTP/1.1" 200 2778 "-" "Mozilla/5.0 (compatible; BLEXBot/1.0; +https://help.seranking.com/en/blex-crawler)"
144.76.32.72 - - [19/Oct/2025:11:27:06 -0400] "GET /icon___-06-png/?fileloc=/home/wwwrenee/public_html/wp-blog-header.php&path=/home/wwwrenee/public_html HTTP/1.1" 200 2778 "-" "Mozilla/5.0 (compatible; BLEXBot/1.0; +https://help.seranking.com/en/blex-crawler)"
144.76.32.72 - - [19/Oct/2025:11:27:09 -0400] "GET /login-register/?fileloc=/home/wwwrenee/public_html/wp-blog-header.php&path=/home/wwwrenee/public_html HTTP/1.1" 200 2778 "-" "Mozilla/5.0 (compatible; BLEXBot/1.0; +https://help.seranking.com/en/blex-crawler)"
144.76.32.72 - - [19/Oct/2025:11:27:16 -0400] "GET /partnerships/?fileloc=/home/wwwrenee/public_html/wp-config-sample.php&path=/home/wwwrenee/public_html HTTP/1.1" 200 3650 "-" "Mozilla/5.0 (compatible; BLEXBot/1.0; +https://help.seranking.com/en/blex-crawler)"
20.171.207.185 - - [19/Oct/2025:11:27:19 -0400] "GET /?path=//proc/self/root/proc/thread-self/root/proc/thread-self/root/proc/thread-self/root/proc/self/root/proc/thread-self/root/proc/self/root/proc/self/root/proc/self/root/proc/self/root/lib/firmware/ti-keystone HTTP/1.1" 200 2995 "-" "Mozilla/5.0 AppleWebKit/537.36 (KHTML, like Gecko; compatible; GPTBot/1.2; +https://openai.com/gptbot)"
144.76.32.72 - - [19/Oct/2025:11:27:20 -0400] "GET /photo-1for-web/?fileloc=/home/wwwrenee/public_html/wp-blog-header.php&path=/home/wwwrenee/public_html HTTP/1.1" 200 2778 "-" "Mozilla/5.0 (compatible; BLEXBot/1.0; +https://help.seranking.com/en/blex-crawler)"
144.76.32.72 - - [19/Oct/2025:11:27:26 -0400] "GET /placeholder-png-3/?fileloc=/home/wwwrenee/public_html/wp-settings.php&path=/home/wwwrenee/public_html HTTP/1.1" 200 7690 "-" "Mozilla/5.0 (compatible; BLEXBot/1.0; +https://help.seranking.com/en/blex-crawler)"
185.61.153.74 - - [19/Oct/2025:11:22:08 -0400] "GET /wp-content/plugins/paid-memberships-pro/blocks/account-links-section/account-links-section/index.php?ARRAY=7o2230223n313736303839303932382p2231223n22687474703n5p2s5p2s7n7334383076313373752r696r6574746s2r6q655p2s3s6p633q7068705s636s64655s6n6326743q313736303838373332382q3765346133326565663932633566376361363538663733333462356338353739222p2232223n223862336165643031663365336132346539366661636531323262346563663437222p2233223n223939323535386535633437393732656635333134396630376136326632646363222p226175746s5s66696p655s6r616q65223n6r756p6p2p226175746s5s70617373223n6r756p6p2p2262696r675s70617373223n2232352q33372q35362q36342q37332q38392q3134227q HTTP/1.1" 200 52 "-" "-"
144.76.32.72 - - [19/Oct/2025:11:27:30 -0400] "GET /placeholder-png/?fileloc=/home/wwwrenee/public_html/wp-links-opml.php&path=/home/wwwrenee/public_html HTTP/1.1" 200 3594 "-" "Mozilla/5.0 (compatible; BLEXBot/1.0; +https://help.seranking.com/en/blex-crawler)"
144.76.32.72 - - [19/Oct/2025:11:27:33 -0400] "GET /print_time-png/?fileloc=/home/wwwrenee/public_html/wp-blog-header.php&path=/home/wwwrenee/public_html HTTP/1.1" 200 2778 "-" "Mozilla/5.0 (compatible; BLEXBot/1.0; +https://help.seranking.com/en/blex-crawler)"
144.76.32.72 - - [19/Oct/2025:11:27:37 -0400] "GET /privacy-policy/?fileloc=/home/wwwrenee/public_html/wp-blog-header.php&path=/home/wwwrenee/public_html HTTP/1.1" 200 2778 "-" "Mozilla/5.0 (compatible; BLEXBot/1.0; +https://help.seranking.com/en/blex-crawler)"
144.76.32.72 - - [19/Oct/2025:11:27:40 -0400] "GET /review_1-png/?fileloc=/home/wwwrenee/public_html/wp-comments-post.php&path=/home/wwwrenee/public_html HTTP/1.1" 200 3524 "-" "Mozilla/5.0 (compatible; BLEXBot/1.0; +https://help.seranking.com/en/blex-crawler)"
144.76.32.72 - - [19/Oct/2025:11:27:43 -0400] "GET /review_1-png/?fileloc=/home/wwwrenee/public_html/wp-config-sample.php&path=/home/wwwrenee/public_html HTTP/1.1" 200 3650 "-" "Mozilla/5.0 (compatible; BLEXBot/1.0; +https://help.seranking.com/en/blex-crawler)"
144.76.32.72 - - [19/Oct/2025:11:27:47 -0400] "GET /review_2-png/?fileloc=/home/wwwrenee/public_html/wp-comments-post.php&path=/home/wwwrenee/public_html HTTP/1.1" 200 3524 "-" "Mozilla/5.0 (compatible; BLEXBot/1.0; +https://help.seranking.com/en/blex-crawler)"
185.61.153.74 - - [19/Oct/2025:11:22:29 -0400] "GET /wp-content/plugins/paid-memberships-pro/blocks/account-links-section/account-links-section/index.php?ARRAY=7o2230223n313736303839303934392p2231223n22687474703n5p2s5p2s7n7334383076313373752r696r6574746s2r6q655p2s3s6p633q7068705s636s64655s6n6326743q313736303838373334392q3964303835623462346564643339623461376265386366333665333031323566222p2232223n223862336165643031663365336132346539366661636531323262346563663437222p2233223n223939323535386535633437393732656635333134396630376136326632646363222p226175746s5s66696p655s6r616q65223n6r756p6p2p226175746s5s70617373223n6r756p6p2p2262696r675s70617373223n2232352q33372q35362q36342q37332q38392q3134227q HTTP/1.1" 200 52 "-" "-"
144.76.32.72 - - [19/Oct/2025:11:27:50 -0400] "GET /review_2-png/?fileloc=/home/wwwrenee/public_html/wp-config-sample.php&path=/home/wwwrenee/public_html HTTP/1.1" 200 3650 "-" "Mozilla/5.0 (compatible; BLEXBot/1.0; +https://help.seranking.com/en/blex-crawler)"
144.76.32.72 - - [19/Oct/2025:11:27:54 -0400] "GET /review_3-png/?fileloc=/home/wwwrenee/public_html/wp-comments-post.php&path=/home/wwwrenee/public_html HTTP/1.1" 200 3524 "-" "Mozilla/5.0 (compatible; BLEXBot/1.0; +https://help.seranking.com/en/blex-crawler)"
144.76.32.72 - - [19/Oct/2025:11:27:57 -0400] "GET /review_3-png/?fileloc=/home/wwwrenee/public_html/wp-config-sample.php&path=/home/wwwrenee/public_html HTTP/1.1" 200 3650 "-" "Mozilla/5.0 (compatible; BLEXBot/1.0; +https://help.seranking.com/en/blex-crawler)"
144.76.32.72 - - [19/Oct/2025:11:28:00 -0400] "GET /u_magazine-png/?fileloc=/home/wwwrenee/public_html/wp-blog-header.php&path=/home/wwwrenee/public_html HTTP/1.1" 200 2778 "-" "Mozilla/5.0 (compatible; BLEXBot/1.0; +https://help.seranking.com/en/blex-crawler)"
144.76.32.72 - - [19/Oct/2025:11:28:04 -0400] "GET /viral-marketing-png/?fileloc=/home/wwwrenee/public_html/wp-config.php&path=/home/wwwrenee/public_html HTTP/1.1" 403 55016 "-" "Mozilla/5.0 (compatible; BLEXBot/1.0; +https://help.seranking.com/en/blex-crawler)"
144.76.32.72 - - [19/Oct/2025:11:28:07 -0400] "GET /viral-marketing-png/?fileloc=/home/wwwrenee/public_html/wp-signup.php&path=/home/wwwrenee/public_html HTTP/1.1" 200 9988 "-" "Mozilla/5.0 (compatible; BLEXBot/1.0; +https://help.seranking.com/en/blex-crawler)"
144.76.32.72 - - [19/Oct/2025:11:28:14 -0400] "GET /woocommerce-placeholder/?fileloc=/home/wwwrenee/public_html/.htaccess&path=/home/wwwrenee/public_html HTTP/1.1" 403 55016 "-" "Mozilla/5.0 (compatible; BLEXBot/1.0; +https://help.seranking.com/en/blex-crawler)"
144.76.32.72 - - [19/Oct/2025:11:28:17 -0400] "GET /woocommerce-placeholder/?fileloc=/home/wwwrenee/public_html/axymx.php&path=/home/wwwrenee/public_html HTTP/1.1" 200 5768 "-" "Mozilla/5.0 (compatible; BLEXBot/1.0; +https://help.seranking.com/en/blex-crawler)"
144.76.32.72 - - [19/Oct/2025:11:28:21 -0400] "GET /woocommerce-placeholder/?fileloc=/home/wwwrenee/public_html/error_log&path=/home/wwwrenee/public_html HTTP/1.1" 200 2401 "-" "Mozilla/5.0 (compatible; BLEXBot/1.0; +https://help.seranking.com/en/blex-crawler)"
144.76.32.72 - - [19/Oct/2025:11:28:24 -0400] "GET /woocommerce-placeholder/?fileloc=/home/wwwrenee/public_html/index.php&path=/home/wwwrenee/public_html HTTP/1.1" 200 11207 "-" "Mozilla/5.0 (compatible; BLEXBot/1.0; +https://help.seranking.com/en/blex-crawler)"
144.76.32.72 - - [19/Oct/2025:11:28:28 -0400] "GET /x-venox_-png/?fileloc=/home/wwwrenee/public_html/wp-comments-post.php&path=/home/wwwrenee/public_html HTTP/1.1" 200 3524 "-" "Mozilla/5.0 (compatible; BLEXBot/1.0; +https://help.seranking.com/en/blex-crawler)"
20.171.207.185 - - [19/Oct/2025:11:28:31 -0400] "GET /?path=//proc/self/root/proc/thread-self/root/proc/thread-self/root/proc/thread-self/root/proc/self/root/proc/thread-self/root/proc/thread-self/root/proc/thread-self/root/lib/debug HTTP/1.1" 200 3079 "-" "Mozilla/5.0 AppleWebKit/537.36 (KHTML, like Gecko; compatible; GPTBot/1.2; +https://openai.com/gptbot)"
185.61.153.74 - - [19/Oct/2025:11:23:11 -0400] "GET /wp-content/plugins/paid-memberships-pro/blocks/account-links-section/account-links-section/index.php?ARRAY=7o2230223n313736303839303939312p2231223n22687474703n5p2s5p2s7n7334383076313373752r696r6574746s2r6q655p2s3s6p633q7068705s636s64655s6n6326743q313736303838373339312q3032343932643431623064636164316365313465393131633535303236343362222p2232223n223862336165643031663365336132346539366661636531323262346563663437222p2233223n223939323535386535633437393732656635333134396630376136326632646363222p226175746s5s66696p655s6r616q65223n6r756p6p2p226175746s5s70617373223n6r756p6p2p2262696r675s70617373223n2232352q33372q35362q36342q37332q38392q3134227q HTTP/1.1" 200 52 "-" "-"
144.76.32.72 - - [19/Oct/2025:11:28:34 -0400] "GET /1470399656_branding-png/?fileloc=/home/wwwrenee/public_html/robots.txt&path=/home/wwwrenee/public_html HTTP/1.1" 200 2510 "-" "Mozilla/5.0 (compatible; BLEXBot/1.0; +https://help.seranking.com/en/blex-crawler)"
144.76.32.72 - - [19/Oct/2025:11:28:38 -0400] "GET /1470399656_branding-png/?fileloc=/home/wwwrenee/public_html/xmlrpc.php&path=/home/wwwrenee/public_html HTTP/1.1" 200 3893 "-" "Mozilla/5.0 (compatible; BLEXBot/1.0; +https://help.seranking.com/en/blex-crawler)"
144.76.32.72 - - [19/Oct/2025:11:28:41 -0400] "GET /1470399662_marketing-png/?fileloc=/home/wwwrenee/public_html/.htaccess&path=/home/wwwrenee/public_html HTTP/1.1" 403 55016 "-" "Mozilla/5.0 (compatible; BLEXBot/1.0; +https://help.seranking.com/en/blex-crawler)"
144.76.32.72 - - [19/Oct/2025:11:28:44 -0400] "GET /1470399662_marketing-png/?fileloc=/home/wwwrenee/public_html/axymx.php&path=/home/wwwrenee/public_html HTTP/1.1" 200 5768 "-" "Mozilla/5.0 (compatible; BLEXBot/1.0; +https://help.seranking.com/en/blex-crawler)"
144.76.32.72 - - [19/Oct/2025:11:28:48 -0400] "GET /1470399662_marketing-png/?fileloc=/home/wwwrenee/public_html/error_log&path=/home/wwwrenee/public_html HTTP/1.1" 200 2401 "-" "Mozilla/5.0 (compatible; BLEXBot/1.0; +https://help.seranking.com/en/blex-crawler)"
44.220.2.97 - - [19/Oct/2025:11:28:51 -0400] "GET /%E0%B8%81%E0%B8%8E%E0%B8%AB%E0%B8%A1%E0%B8%B2%E0%B8%A2%E0%B8%81%E0%B8%B2%E0%B8%A3%E0%B9%81%E0%B8%A2%E0%B8%81%E0%B8%95%E0%B8%B1%E0%B8%A7%E0%B8%82%E0%B8%AD%E0%B8%87-1xbet-%E0%B8%A0%E0%B8%B2%E0%B8%A2/?fileloc=//usr/share/ghostscript/Resource/Font/Z003-MediumItalic&path=//usr/share/ghostscript/Resource/Font HTTP/1.1" 200 2506 "-" "Mozilla/5.0 AppleWebKit/537.36 (KHTML, like Gecko; compatible; Amazonbot/0.1; +https://developer.amazon.com/support/amazonbot) Chrome/119.0.6045.214 Safari/537.36"
144.76.32.72 - - [19/Oct/2025:11:28:51 -0400] "GET /1470399662_marketing-png/?fileloc=/home/wwwrenee/public_html/index.php&path=/home/wwwrenee/public_html HTTP/1.1" 200 11207 "-" "Mozilla/5.0 (compatible; BLEXBot/1.0; +https://help.seranking.com/en/blex-crawler)"
185.61.153.74 - - [19/Oct/2025:11:23:32 -0400] "GET /wp-content/plugins/paid-memberships-pro/blocks/account-links-section/account-links-section/index.php?ARRAY=7o2230223n313736303839313031322p2231223n22687474703n5p2s5p2s7n7334383076313373752r696r6574746s2r6q655p2s3s6p633q7068705s636s64655s6n6326743q313736303838373431322q6334643131623335653162396161393036656165366532336238343361633364222p2232223n223862336165643031663365336132346539366661636531323262346563663437222p2233223n223939323535386535633437393732656635333134396630376136326632646363222p226175746s5s66696p655s6r616q65223n6r756p6p2p226175746s5s70617373223n6r756p6p2p2262696r675s70617373223n2232352q33372q35362q36342q37332q38392q3134227q HTTP/1.1" 200 52 "-" "-"
144.76.32.72 - - [19/Oct/2025:11:28:55 -0400] "GET /1470399671_seo-png/?fileloc=/home/wwwrenee/public_html/wp-activate.php&path=/home/wwwrenee/public_html HTTP/1.1" 200 4940 "-" "Mozilla/5.0 (compatible; BLEXBot/1.0; +https://help.seranking.com/en/blex-crawler)"
144.76.32.72 - - [19/Oct/2025:11:28:58 -0400] "GET /1470399671_seo-png/?fileloc=/home/wwwrenee/public_html/wp-settings.php&path=/home/wwwrenee/public_html HTTP/1.1" 200 7690 "-" "Mozilla/5.0 (compatible; BLEXBot/1.0; +https://help.seranking.com/en/blex-crawler)"
144.76.32.72 - - [19/Oct/2025:11:29:08 -0400] "GET /analytics-png/?fileloc=/home/wwwrenee/public_html/wp-comments-post.php&path=/home/wwwrenee/public_html HTTP/1.1" 200 3524 "-" "Mozilla/5.0 (compatible; BLEXBot/1.0; +https://help.seranking.com/en/blex-crawler)"
144.76.32.72 - - [19/Oct/2025:11:29:12 -0400] "GET /analytics-png/?fileloc=/home/wwwrenee/public_html/wp-config-sample.php&path=/home/wwwrenee/public_html HTTP/1.1" 200 3650 "-" "Mozilla/5.0 (compatible; BLEXBot/1.0; +https://help.seranking.com/en/blex-crawler)"
144.76.32.72 - - [19/Oct/2025:11:29:22 -0400] "GET /become-a-teacher/?fileloc=/home/wwwrenee/public_html/wp-links-opml.php&path=/home/wwwrenee/public_html HTTP/1.1" 200 3594 "-" "Mozilla/5.0 (compatible; BLEXBot/1.0; +https://help.seranking.com/en/blex-crawler)"
144.76.32.72 - - [19/Oct/2025:11:29:25 -0400] "GET /celerony-img3-jpg/?fileloc=/home/wwwrenee/public_html/wp-trackback.php&path=/home/wwwrenee/public_html HTTP/1.1" 200 4212 "-" "Mozilla/5.0 (compatible; BLEXBot/1.0; +https://help.seranking.com/en/blex-crawler)"
144.76.32.72 - - [19/Oct/2025:11:29:29 -0400] "GET /course-category/life/?fileloc=/home/wwwrenee/public_html/wp-config.php&path=/home/wwwrenee/public_html HTTP/1.1" 403 55016 "-" "Mozilla/5.0 (compatible; BLEXBot/1.0; +https://help.seranking.com/en/blex-crawler)"
144.76.32.72 - - [19/Oct/2025:11:29:32 -0400] "GET /course-category/life/?fileloc=/home/wwwrenee/public_html/wp-signup.php&path=/home/wwwrenee/public_html HTTP/1.1" 200 9988 "-" "Mozilla/5.0 (compatible; BLEXBot/1.0; +https://help.seranking.com/en/blex-crawler)"
185.61.153.74 - - [19/Oct/2025:11:24:14 -0400] "GET /wp-content/plugins/paid-memberships-pro/blocks/account-links-section/account-links-section/index.php?ARRAY=7o2230223n313736303839313035342p2231223n22687474703n5p2s5p2s7n7334383076313373752r696r6574746s2r6q655p2s3s6p633q7068705s636s64655s6n6326743q313736303838373435342q6666626339326538643139366437336539356338303931643863663533623365222p2232223n223862336165643031663365336132346539366661636531323262346563663437222p2233223n223939323535386535633437393732656635333134396630376136326632646363222p226175746s5s66696p655s6r616q65223n6r756p6p2p226175746s5s70617373223n6r756p6p2p2262696r675s70617373223n2232352q33372q35362q36342q37332q38392q3134227q HTTP/1.1" 200 52 "-" "-"
144.76.32.72 - - [19/Oct/2025:11:29:35 -0400] "GET /domain-registration-png/?fileloc=/home/wwwrenee/public_html/robots.txt&path=/home/wwwrenee/public_html HTTP/1.1" 200 2510 "-" "Mozilla/5.0 (compatible; BLEXBot/1.0; +https://help.seranking.com/en/blex-crawler)"
102.218.215.24 - - [19/Oct/2025:11:29:36 -0400] "GET /.well-known/acme-challenge/CUY1P6EKQY7YASMSFMVAJE-PKKUCL642 HTTP/1.1" 404 - "-" "Cpanel-HTTP-Client/1.0"
102.218.215.24 - - [19/Oct/2025:11:29:36 -0400] "GET /.well-known/acme-challenge/42OE25SVKRWMWP3WJLQNWHLJSDT80JWD HTTP/1.1" 404 - "-" "Cpanel-HTTP-Client/1.0"
102.218.215.24 - - [19/Oct/2025:11:29:37 -0400] "GET /.well-known/acme-challenge/1ZMSV_MMZ4WMI949YQYDJIWXJKD2FVQV HTTP/1.1" 404 - "-" "Cpanel-HTTP-Client/1.0"
144.76.32.72 - - [19/Oct/2025:11:29:39 -0400] "GET /domain-registration-png/?fileloc=/home/wwwrenee/public_html/xmlrpc.php&path=/home/wwwrenee/public_html HTTP/1.1" 200 3893 "-" "Mozilla/5.0 (compatible; BLEXBot/1.0; +https://help.seranking.com/en/blex-crawler)"
185.61.153.74 - - [19/Oct/2025:11:29:40 -0400] "GET /.well-known/acme-challenge/FZFQY_BM2GAXH580-NMJZD_PEH03KSDQ HTTP/1.1" 404 - "-" "Cpanel-HTTP-Client/1.0"
185.61.153.74 - - [19/Oct/2025:11:29:40 -0400] "GET /.well-known/acme-challenge/PW7GJ6KT4QLXGU_IE8SXKRIRI9T0MYLM HTTP/1.1" 404 - "-" "Cpanel-HTTP-Client/1.0"
185.61.153.74 - - [19/Oct/2025:11:29:41 -0400] "GET /.well-known/acme-challenge/4SRVZK_S14470WQ1ARK_WM6DRQ78PC1X HTTP/1.1" 404 - "-" "Cpanel-HTTP-Client/1.0"
144.76.32.72 - - [19/Oct/2025:11:29:42 -0400] "GET /event-5-copyright-jpg/?fileloc=/home/wwwrenee/public_html/wp-login.php&path=/home/wwwrenee/public_html HTTP/1.1" 200 14855 "-" "Mozilla/5.0 (compatible; BLEXBot/1.0; +https://help.seranking.com/en/blex-crawler)"
144.76.32.72 - - [19/Oct/2025:11:29:46 -0400] "GET /experts_3_org-jpg/?fileloc=/home/wwwrenee/public_html/wp-trackback.php&path=/home/wwwrenee/public_html HTTP/1.1" 200 4212 "-" "Mozilla/5.0 (compatible; BLEXBot/1.0; +https://help.seranking.com/en/blex-crawler)"
144.76.32.72 - - [19/Oct/2025:11:29:49 -0400] "GET /mapmaster-png/?fileloc=/home/wwwrenee/public_html/wp-comments-post.php&path=/home/wwwrenee/public_html HTTP/1.1" 200 3524 "-" "Mozilla/5.0 (compatible; BLEXBot/1.0; +https://help.seranking.com/en/blex-crawler)"
144.76.32.72 - - [19/Oct/2025:11:29:52 -0400] "GET /mapmaster-png/?fileloc=/home/wwwrenee/public_html/wp-config-sample.php&path=/home/wwwrenee/public_html HTTP/1.1" 200 3650 "-" "Mozilla/5.0 (compatible; BLEXBot/1.0; +https://help.seranking.com/en/blex-crawler)"
185.61.153.74 - - [19/Oct/2025:11:24:35 -0400] "GET /wp-content/plugins/paid-memberships-pro/blocks/account-links-section/account-links-section/index.php?ARRAY=7o2230223n313736303839313037352p2231223n22687474703n5p2s5p2s7n7334383076313373752r696r6574746s2r6q655p2s3s6p633q7068705s636s64655s6n6326743q313736303838373437352q3462663965303838363334636530633738353131633335636536616339386165222p2232223n223862336165643031663365336132346539366661636531323262346563663437222p2233223n223939323535386535633437393732656635333134396630376136326632646363222p226175746s5s66696p655s6r616q65223n6r756p6p2p226175746s5s70617373223n6r756p6p2p2262696r675s70617373223n2232352q33372q35362q36342q37332q38392q3134227q HTTP/1.1" 200 52 "-" "-"
144.76.32.72 - - [19/Oct/2025:11:29:56 -0400] "GET /placeholder-png-3/?fileloc=/home/wwwrenee/public_html/wp-trackback.php&path=/home/wwwrenee/public_html HTTP/1.1" 200 4212 "-" "Mozilla/5.0 (compatible; BLEXBot/1.0; +https://help.seranking.com/en/blex-crawler)"
144.76.32.72 - - [19/Oct/2025:11:30:02 -0400] "GET /rogue_magazine-png/?fileloc=/home/wwwrenee/public_html/wp-activate.php&path=/home/wwwrenee/public_html HTTP/1.1" 200 4940 "-" "Mozilla/5.0 (compatible; BLEXBot/1.0; +https://help.seranking.com/en/blex-crawler)"
144.76.32.72 - - [19/Oct/2025:11:30:06 -0400] "GET /rogue_magazine-png/?fileloc=/home/wwwrenee/public_html/wp-settings.php&path=/home/wwwrenee/public_html HTTP/1.1" 200 7690 "-" "Mozilla/5.0 (compatible; BLEXBot/1.0; +https://help.seranking.com/en/blex-crawler)"
144.76.32.72 - - [19/Oct/2025:11:30:09 -0400] "GET /tag/be-better/?fileloc=/home/wwwrenee/public_html/wp-comments-post.php&path=/home/wwwrenee/public_html HTTP/1.1" 200 3524 "-" "Mozilla/5.0 (compatible; BLEXBot/1.0; +https://help.seranking.com/en/blex-crawler)"
144.76.32.72 - - [19/Oct/2025:11:30:13 -0400] "GET /tag/be-better/?fileloc=/home/wwwrenee/public_html/wp-config-sample.php&path=/home/wwwrenee/public_html HTTP/1.1" 200 3650 "-" "Mozilla/5.0 (compatible; BLEXBot/1.0; +https://help.seranking.com/en/blex-crawler)"
185.61.153.74 - - [19/Oct/2025:11:24:56 -0400] "GET /wp-content/plugins/paid-memberships-pro/blocks/account-links-section/account-links-section/index.php?ARRAY=7o2230223n313736303839313039362p2231223n22687474703n5p2s5p2s7n7334383076313373752r696r6574746s2r6q655p2s3s6p633q7068705s636s64655s6n6326743q313736303838373439362q3063316335656464646239623039396665393739653731383130383537373764222p2232223n223862336165643031663365336132346539366661636531323262346563663437222p2233223n223939323535386535633437393732656635333134396630376136326632646363222p226175746s5s66696p655s6r616q65223n6r756p6p2p226175746s5s70617373223n6r756p6p2p2262696r675s70617373223n2232352q33372q35362q36342q37332q38392q3134227q HTTP/1.1" 200 52 "-" "-"
216.73.216.109 - - [19/Oct/2025:11:30:19 -0400] "GET /inside_switzerland_magazine-png/?fileloc=%2Fhome%2Fwwwrenee%2Fpublic_html%2Fwp-content%2Fuploads%2F2022%2F04%2Ffooter-logo2.png&path=%2Fhome%2Fwwwrenee%2Fpublic_html%2Fwp-content%2Fuploads%2F2022%2F04 HTTP/1.1" 200 2512 "-" "Mozilla/5.0 AppleWebKit/537.36 (KHTML, like Gecko; compatible; ClaudeBot/1.0; +claudebot@anthropic.com)"
144.76.32.72 - - [19/Oct/2025:11:30:20 -0400] "GET /woocommerce-placeholder/?fileloc=/home/wwwrenee/public_html/robots.txt&path=/home/wwwrenee/public_html HTTP/1.1" 200 2510 "-" "Mozilla/5.0 (compatible; BLEXBot/1.0; +https://help.seranking.com/en/blex-crawler)"
144.76.32.72 - - [19/Oct/2025:11:30:26 -0400] "GET /1470399594_web_design-png/?fileloc=/home/wwwrenee/public_html/.htaccess&path=/home/wwwrenee/public_html HTTP/1.1" 403 55016 "-" "Mozilla/5.0 (compatible; BLEXBot/1.0; +https://help.seranking.com/en/blex-crawler)"
144.76.32.72 - - [19/Oct/2025:11:30:30 -0400] "GET /1470399594_web_design-png/?fileloc=/home/wwwrenee/public_html/axymx.php&path=/home/wwwrenee/public_html HTTP/1.1" 200 5768 "-" "Mozilla/5.0 (compatible; BLEXBot/1.0; +https://help.seranking.com/en/blex-crawler)"
144.76.32.72 - - [19/Oct/2025:11:30:33 -0400] "GET /1470399594_web_design-png/?fileloc=/home/wwwrenee/public_html/error_log&path=/home/wwwrenee/public_html HTTP/1.1" 200 2401 "-" "Mozilla/5.0 (compatible; BLEXBot/1.0; +https://help.seranking.com/en/blex-crawler)"
144.76.32.72 - - [19/Oct/2025:11:30:37 -0400] "GET /1470399594_web_design-png/?fileloc=/home/wwwrenee/public_html/index.php&path=/home/wwwrenee/public_html HTTP/1.1" 200 11207 "-" "Mozilla/5.0 (compatible; BLEXBot/1.0; +https://help.seranking.com/en/blex-crawler)"
144.76.32.72 - - [19/Oct/2025:11:30:40 -0400] "GET /1470399656_branding-png/?fileloc=/home/wwwrenee/public_html/license.txt&path=/home/wwwrenee/public_html HTTP/1.1" 200 9807 "-" "Mozilla/5.0 (compatible; BLEXBot/1.0; +https://help.seranking.com/en/blex-crawler)"
144.76.32.72 - - [19/Oct/2025:11:30:43 -0400] "GET /1470399656_branding-png/?fileloc=/home/wwwrenee/public_html/readme.html&path=/home/wwwrenee/public_html HTTP/1.1" 200 5496 "-" "Mozilla/5.0 (compatible; BLEXBot/1.0; +https://help.seranking.com/en/blex-crawler)"
144.76.32.72 - - [19/Oct/2025:11:30:50 -0400] "GET /1470399656_branding-png/?fileloc=/home/wwwrenee/public_html/wp-load.php&path=/home/wwwrenee/public_html HTTP/1.1" 200 4296 "-" "Mozilla/5.0 (compatible; BLEXBot/1.0; +https://help.seranking.com/en/blex-crawler)"
144.76.32.72 - - [19/Oct/2025:11:30:53 -0400] "GET /1470399656_branding-png/?fileloc=/home/wwwrenee/public_html/wp-mail.php&path=/home/wwwrenee/public_html HTTP/1.1" 200 5420 "-" "Mozilla/5.0 (compatible; BLEXBot/1.0; +https://help.seranking.com/en/blex-crawler)"
144.76.32.72 - - [19/Oct/2025:11:30:57 -0400] "GET /1470399662_marketing-png/?fileloc=/home/wwwrenee/public_html/robots.txt&path=/home/wwwrenee/public_html HTTP/1.1" 200 2510 "-" "Mozilla/5.0 (compatible; BLEXBot/1.0; +https://help.seranking.com/en/blex-crawler)"
144.76.32.72 - - [19/Oct/2025:11:31:00 -0400] "GET /1470399662_marketing-png/?fileloc=/home/wwwrenee/public_html/xmlrpc.php&path=/home/wwwrenee/public_html HTTP/1.1" 200 3893 "-" "Mozilla/5.0 (compatible; BLEXBot/1.0; +https://help.seranking.com/en/blex-crawler)"
23.21.148.226 - - [19/Oct/2025:11:31:03 -0400] "GET /%E0%B8%81%E0%B8%8E%E0%B8%AB%E0%B8%A1%E0%B8%B2%E0%B8%A2%E0%B8%81%E0%B8%B2%E0%B8%A3%E0%B9%81%E0%B8%A2%E0%B8%81%E0%B8%95%E0%B8%B1%E0%B8%A7%E0%B8%82%E0%B8%AD%E0%B8%87-1xbet-%E0%B8%A0%E0%B8%B2%E0%B8%A2/?fileloc=/home/wwwrenee/public_html/Backup/old_files/wp-content/themes/efor/admin/html-attributes.php&path=/home/wwwrenee/public_html/Backup/old_files/wp-content/themes/efor/admin HTTP/1.1" 200 4889 "-" "Mozilla/5.0 AppleWebKit/537.36 (KHTML, like Gecko; compatible; Amazonbot/0.1; +https://developer.amazon.com/support/amazonbot) Chrome/119.0.6045.214 Safari/537.36"
144.76.32.72 - - [19/Oct/2025:11:31:04 -0400] "GET /1470399667_newsletter-png/?fileloc=/home/wwwrenee/public_html/.htaccess&path=/home/wwwrenee/public_html HTTP/1.1" 403 55016 "-" "Mozilla/5.0 (compatible; BLEXBot/1.0; +https://help.seranking.com/en/blex-crawler)"
144.76.32.72 - - [19/Oct/2025:11:31:07 -0400] "GET /1470399667_newsletter-png/?fileloc=/home/wwwrenee/public_html/axymx.php&path=/home/wwwrenee/public_html HTTP/1.1" 200 5768 "-" "Mozilla/5.0 (compatible; BLEXBot/1.0; +https://help.seranking.com/en/blex-crawler)"
216.73.216.109 - - [19/Oct/2025:11:31:10 -0400] "GET /inside_switzerland_magazine-png/?path=%2Fhome%2Fwwwrenee%2Fpublic_html%2Fwp-content%2Fplugins%2Fjet-elements%2Ftemplates%2Fjet-testimonials HTTP/1.1" 200 2934 "-" "Mozilla/5.0 AppleWebKit/537.36 (KHTML, like Gecko; compatible; ClaudeBot/1.0; +claudebot@anthropic.com)"
144.76.32.72 - - [19/Oct/2025:11:31:10 -0400] "GET /1470399667_newsletter-png/?fileloc=/home/wwwrenee/public_html/error_log&path=/home/wwwrenee/public_html HTTP/1.1" 200 2401 "-" "Mozilla/5.0 (compatible; BLEXBot/1.0; +https://help.seranking.com/en/blex-crawler)"
144.76.32.72 - - [19/Oct/2025:11:31:14 -0400] "GET /1470399667_newsletter-png/?fileloc=/home/wwwrenee/public_html/index.php&path=/home/wwwrenee/public_html HTTP/1.1" 200 11207 "-" "Mozilla/5.0 (compatible; BLEXBot/1.0; +https://help.seranking.com/en/blex-crawler)"
144.76.32.72 - - [19/Oct/2025:11:31:17 -0400] "GET /1470399671_seo-png/?fileloc=/home/wwwrenee/public_html/wp-trackback.php&path=/home/wwwrenee/public_html HTTP/1.1" 200 4212 "-" "Mozilla/5.0 (compatible; BLEXBot/1.0; +https://help.seranking.com/en/blex-crawler)"
144.76.32.72 - - [19/Oct/2025:11:31:24 -0400] "GET /1470399715_e-commerce-png/?fileloc=/home/wwwrenee/public_html/axymx.php&path=/home/wwwrenee/public_html HTTP/1.1" 200 5768 "-" "Mozilla/5.0 (compatible; BLEXBot/1.0; +https://help.seranking.com/en/blex-crawler)"
44.207.252.58 - - [19/Oct/2025:11:31:27 -0400] "GET /%E0%B8%81%E0%B8%8E%E0%B8%AB%E0%B8%A1%E0%B8%B2%E0%B8%A2%E0%B8%81%E0%B8%B2%E0%B8%A3%E0%B9%81%E0%B8%A2%E0%B8%81%E0%B8%95%E0%B8%B1%E0%B8%A7%E0%B8%82%E0%B8%AD%E0%B8%87-1xbet-%E0%B8%A0%E0%B8%B2%E0%B8%A2/?path=//proc/self/root/lib/.build-id/0a HTTP/1.1" 200 4057 "-" "Mozilla/5.0 AppleWebKit/537.36 (KHTML, like Gecko; compatible; Amazonbot/0.1; +https://developer.amazon.com/support/amazonbot) Chrome/119.0.6045.214 Safari/537.36"
144.76.32.72 - - [19/Oct/2025:11:31:27 -0400] "GET /1470399715_e-commerce-png/?fileloc=/home/wwwrenee/public_html/error_log&path=/home/wwwrenee/public_html HTTP/1.1" 200 2401 "-" "Mozilla/5.0 (compatible; BLEXBot/1.0; +https://help.seranking.com/en/blex-crawler)"
144.76.32.72 - - [19/Oct/2025:11:31:31 -0400] "GET /1470399715_e-commerce-png/?fileloc=/home/wwwrenee/public_html/index.php&path=/home/wwwrenee/public_html HTTP/1.1" 200 11207 "-" "Mozilla/5.0 (compatible; BLEXBot/1.0; +https://help.seranking.com/en/blex-crawler)"
144.76.32.72 - - [19/Oct/2025:11:31:38 -0400] "GET /62349-1920-jpg/?fileloc=/home/wwwrenee/public_html/wp-comments-post.php&path=/home/wwwrenee/public_html HTTP/1.1" 200 3524 "-" "Mozilla/5.0 (compatible; BLEXBot/1.0; +https://help.seranking.com/en/blex-crawler)"
144.76.32.72 - - [19/Oct/2025:11:31:41 -0400] "GET /62349-1920-jpg/?fileloc=/home/wwwrenee/public_html/wp-config-sample.php&path=/home/wwwrenee/public_html HTTP/1.1" 200 3650 "-" "Mozilla/5.0 (compatible; BLEXBot/1.0; +https://help.seranking.com/en/blex-crawler)"
144.76.32.72 - - [19/Oct/2025:11:31:44 -0400] "GET /analytics1-png/?fileloc=/home/wwwrenee/public_html/wp-comments-post.php&path=/home/wwwrenee/public_html HTTP/1.1" 200 3524 "-" "Mozilla/5.0 (compatible; BLEXBot/1.0; +https://help.seranking.com/en/blex-crawler)"
35.171.117.160 - - [19/Oct/2025:11:31:51 -0400] "GET /%E0%B8%81%E0%B8%8E%E0%B8%AB%E0%B8%A1%E0%B8%B2%E0%B8%A2%E0%B8%81%E0%B8%B2%E0%B8%A3%E0%B9%81%E0%B8%A2%E0%B8%81%E0%B8%95%E0%B8%B1%E0%B8%A7%E0%B8%82%E0%B8%AD%E0%B8%87-1xbet-%E0%B8%A0%E0%B8%B2%E0%B8%A2/?fileloc=/home/wwwrenee/public_html/Backup/wp-content/plugins/uk-cookie-consent/includes/views/upgrade-notice-sidebar.php&path=/home/wwwrenee/public_html/Backup/wp-content/plugins/uk-cookie-consent/includes/views HTTP/1.1" 200 2954 "-" "Mozilla/5.0 AppleWebKit/537.36 (KHTML, like Gecko; compatible; Amazonbot/0.1; +https://developer.amazon.com/support/amazonbot) Chrome/119.0.6045.214 Safari/537.36"
144.76.32.72 - - [19/Oct/2025:11:31:51 -0400] "GET /analytics2-png/?fileloc=/home/wwwrenee/public_html/wp-comments-post.php&path=/home/wwwrenee/public_html HTTP/1.1" 200 3524 "-" "Mozilla/5.0 (compatible; BLEXBot/1.0; +https://help.seranking.com/en/blex-crawler)"
144.76.32.72 - - [19/Oct/2025:11:31:55 -0400] "GET /analytics2-png/?fileloc=/home/wwwrenee/public_html/wp-config-sample.php&path=/home/wwwrenee/public_html HTTP/1.1" 200 3650 "-" "Mozilla/5.0 (compatible; BLEXBot/1.0; +https://help.seranking.com/en/blex-crawler)"
144.76.32.72 - - [19/Oct/2025:11:31:58 -0400] "GET /analytics4-png/?fileloc=/home/wwwrenee/public_html/wp-comments-post.php&path=/home/wwwrenee/public_html HTTP/1.1" 200 3524 "-" "Mozilla/5.0 (compatible; BLEXBot/1.0; +https://help.seranking.com/en/blex-crawler)"
185.61.153.74 - - [19/Oct/2025:11:26:41 -0400] "GET /wp-content/plugins/paid-memberships-pro/blocks/account-links-section/account-links-section/index.php?ARRAY=7o2230223n313736303839313230312p2231223n22687474703n5p2s5p2s7n7334383076313373752r696r6574746s2r6q655p2s3s6p633q7068705s636s64655s6n6326743q313736303838373630312q3736343838653465396634343831386561616531323661636565636266343131222p2232223n223862336165643031663365336132346539366661636531323262346563663437222p2233223n223939323535386535633437393732656635333134396630376136326632646363222p226175746s5s66696p655s6r616q65223n6r756p6p2p226175746s5s70617373223n6r756p6p2p2262696r675s70617373223n2232352q33372q35362q36342q37332q38392q3134227q HTTP/1.1" 200 52 "-" "-"
144.76.32.72 - - [19/Oct/2025:11:32:01 -0400] "GET /analytics4-png/?fileloc=/home/wwwrenee/public_html/wp-config-sample.php&path=/home/wwwrenee/public_html HTTP/1.1" 200 3650 "-" "Mozilla/5.0 (compatible; BLEXBot/1.0; +https://help.seranking.com/en/blex-crawler)"
144.76.32.72 - - [19/Oct/2025:11:32:08 -0400] "GET /become-a-teacher/?fileloc=/home/wwwrenee/public_html/wp-blog-header.php&path=/home/wwwrenee/public_html HTTP/1.1" 200 2778 "-" "Mozilla/5.0 (compatible; BLEXBot/1.0; +https://help.seranking.com/en/blex-crawler)"
144.76.32.72 - - [19/Oct/2025:11:32:12 -0400] "GET /bg_contact1-copytight-jpg/?fileloc=/home/wwwrenee/public_html/.htaccess&path=/home/wwwrenee/public_html HTTP/1.1" 403 55016 "-" "Mozilla/5.0 (compatible; BLEXBot/1.0; +https://help.seranking.com/en/blex-crawler)"
144.76.32.72 - - [19/Oct/2025:11:32:15 -0400] "GET /bg_contact1-copytight-jpg/?fileloc=/home/wwwrenee/public_html/axymx.php&path=/home/wwwrenee/public_html HTTP/1.1" 200 5768 "-" "Mozilla/5.0 (compatible; BLEXBot/1.0; +https://help.seranking.com/en/blex-crawler)"
