172.81.132.222 - - [19/Oct/2025:13:57:14 -0400] "GET /wp-content/plugins/wp-help/mini.php HTTP/1.1" 200 3912 "www.google.com" "Mozlila/5.0 (Linux; Android 7.0; SM-G892A Bulid/NRD90M; wv) AppleWebKit/537.36 (KHTML, like Gecko) Version/4.0 Chrome/60.0.3112.107 Moblie Safari/537.36"
185.166.197.27 - - [19/Oct/2025:13:58:13 -0400] "GET /wp-content/plugins/woocommerce-payments/readme.txt HTTP/1.1" 200 27635 "-" "Mozilla/5.0 (X11; Ubuntu; Linux i686) AppleWebKit/537.36 (KHTML, like Gecko) Chrome/55.0.2894.18 Safari/537.36"
185.166.197.27 - - [19/Oct/2025:13:58:40 -0400] "POST /index.php?rest_route=/wp/v2/users HTTP/1.1" 200 3912 "http://reneesense.com/wp-json/wp/v2/users" "Mozilla/5.0 (X11; Ubuntu; Linux i686) AppleWebKit/537.36 (KHTML, like Gecko) Chrome/55.0.2894.18 Safari/537.36"
20.171.207.185 - - [19/Oct/2025:13:58:40 -0400] "GET /?fileloc=//proc/self/root/proc/thread-self/root/proc/thread-self/root/proc/thread-self/root/proc/self/root/proc/thread-self/root/proc/self/root/proc/self/root/proc/thread-self/root/proc/thread-self/root/usr/include/shadow.h&path=//proc/self/root/proc/thread-self/root/proc/thread-self/root/proc/thread-self/root/proc/self/root/proc/thread-self/root/proc/self/root/proc/self/root/proc/thread-self/root/proc/thread-self/root/usr/include HTTP/1.1" 200 4207 "-" "Mozilla/5.0 AppleWebKit/537.36 (KHTML, like Gecko; compatible; GPTBot/1.2; +https://openai.com/gptbot)"
185.166.197.27 - - [19/Oct/2025:13:58:41 -0400] "POST /wp-json/wp/v2/users HTTP/1.1" 200 3912 "http://reneesense.com/index.php?rest_route=/wp/v2/users" "Mozilla/5.0 (X11; Ubuntu; Linux i686) AppleWebKit/537.36 (KHTML, like Gecko) Chrome/55.0.2894.18 Safari/537.36"
185.166.197.27 - - [19/Oct/2025:13:58:41 -0400] "POST /index.php?rest_route=/wp/v2/users HTTP/1.1" 200 3912 "http://reneesense.com/wp-json/wp/v2/users" "Mozilla/5.0 (X11; Ubuntu; Linux i686) AppleWebKit/537.36 (KHTML, like Gecko) Chrome/55.0.2894.18 Safari/537.36"
185.166.197.27 - - [19/Oct/2025:13:58:42 -0400] "POST /wp-json/wp/v2/plugins HTTP/1.1" 200 3912 "http://reneesense.com/" "Mozilla/5.0 (X11; Ubuntu; Linux i686) AppleWebKit/537.36 (KHTML, like Gecko) Chrome/55.0.2894.18 Safari/537.36"
185.166.197.27 - - [19/Oct/2025:13:58:43 -0400] "PUT /wp-json/wp/v2/plugins/wp-console/wp-console/?status=active HTTP/1.1" 200 3912 "http://reneesense.com/wp-json/wp/v2/plugins" "Mozilla/5.0 (X11; Ubuntu; Linux i686) AppleWebKit/537.36 (KHTML, like Gecko) Chrome/55.0.2894.18 Safari/537.36"
216.73.216.109 - - [19/Oct/2025:13:59:03 -0400] "GET /inside_switzerland_magazine-png/?fileloc=%2Fhome%2Fwwwrenee%2Fpublic_html%2Fwp-content%2Fuploads%2F2022%2F04%2Fevent-5-copyright-300x210.jpg&path=%2Fhome%2Fwwwrenee%2Fpublic_html%2Fwp-content%2Fuploads%2F2022%2F04 HTTP/1.1" 200 2524 "-" "Mozilla/5.0 AppleWebKit/537.36 (KHTML, like Gecko; compatible; ClaudeBot/1.0; +claudebot@anthropic.com)"
185.166.197.27 - - [19/Oct/2025:13:59:03 -0400] "POST /wp-json/wp-console/v1/console?_locale=user HTTP/1.1" 200 3912 "http://reneesense.com/d67a9a23a3a4.php" "Mozilla/5.0 (X11; Ubuntu; Linux i686) AppleWebKit/537.36 (KHTML, like Gecko) Chrome/55.0.2894.18 Safari/537.36"
185.166.197.27 - - [19/Oct/2025:13:59:03 -0400] "GET /d67a9a23a3a4.php HTTP/1.1" 403 55016 "http://reneesense.com/wp-json/wp-console/v1/console?_locale=user" "Mozilla/5.0 (X11; Ubuntu; Linux i686) AppleWebKit/537.36 (KHTML, like Gecko) Chrome/55.0.2894.18 Safari/537.36"
185.166.197.27 - - [19/Oct/2025:13:59:10 -0400] "GET /wp-login.php HTTP/1.1" 200 3912 "http://reneesense.com/d67a9a23a3a4.php" "Mozilla/5.0 (X11; Ubuntu; Linux i686) AppleWebKit/537.36 (KHTML, like Gecko) Chrome/55.0.2894.18 Safari/537.36"
177.8.133.75 - - [19/Oct/2025:14:01:06 -0400] "GET http://reneesense.com/goods/24985280.phtml HTTP/1.1" 200 3912 "-" "Mozilla/5.0 (Macintosh; Intel Mac OS X 10_14_6) AppleWebKit/537.36 (KHTML, like Gecko) Brave Chrome/86.0.4240.183 Safari/537.36"
168.228.201.139 - - [19/Oct/2025:14:09:10 -0400] "GET http://reneesense.com/goods/23909208.phtml?path=%2Fhome%2Fwwwrenee%2Fpublic_html%2Fimages HTTP/1.1" 200 2928 "-" "Mozilla/5.0 (Windows NT 6.1; WOW64) AppleWebKit/537.36 (KHTML, like Gecko) Chrome/98.0.4758.102 Safari/537.36"
102.218.215.24 - - [19/Oct/2025:14:29:34 -0400] "GET /.well-known/acme-challenge/DW9P-CWKF93XL0_0Z61WAA9FYSHKI5RY HTTP/1.1" 404 - "-" "Cpanel-HTTP-Client/1.0"
102.218.215.24 - - [19/Oct/2025:14:29:34 -0400] "GET /.well-known/acme-challenge/ITA4L-3WGQ_CIBEZBK6CRZI2SI-3T7QY HTTP/1.1" 404 - "-" "Cpanel-HTTP-Client/1.0"
102.218.215.24 - - [19/Oct/2025:14:29:34 -0400] "GET /.well-known/acme-challenge/3MZGMJBQ5WD0LKMUK0GWCFPYSK2PBWZ8 HTTP/1.1" 404 - "-" "Cpanel-HTTP-Client/1.0"
185.61.153.74 - - [19/Oct/2025:14:29:38 -0400] "GET /.well-known/acme-challenge/7E6BTK8UGCF8TW7D-JOXBTONE1L3PG2Q HTTP/1.1" 404 - "-" "Cpanel-HTTP-Client/1.0"
185.61.153.74 - - [19/Oct/2025:14:29:38 -0400] "GET /.well-known/acme-challenge/IW0YZVZ13XFSQ6I1Q_J7DFZ5O8OVIIV1 HTTP/1.1" 404 - "-" "Cpanel-HTTP-Client/1.0"
20.171.207.185 - - [19/Oct/2025:14:29:38 -0400] "GET /?path=//proc/self/root/proc/thread-self/root/proc/thread-self/root/proc/thread-self/root/proc/self/root/proc/thread-self/root/proc/self/root/proc/thread-self/root/proc/self/root/usr/include/scsi/fc HTTP/1.1" 200 3095 "-" "Mozilla/5.0 AppleWebKit/537.36 (KHTML, like Gecko; compatible; GPTBot/1.2; +https://openai.com/gptbot)"
185.61.153.74 - - [19/Oct/2025:14:29:39 -0400] "GET /.well-known/acme-challenge/4-TNAIYY72ZO_RSDEW1YSS2RTCLF62KO HTTP/1.1" 404 - "-" "Cpanel-HTTP-Client/1.0"
216.244.66.249 - - [19/Oct/2025:14:41:43 -0400] "GET /robots.txt HTTP/1.1" 200 79 "-" "Mozilla/5.0 (compatible; DotBot/1.2; +https://opensiteexplorer.org/dotbot; help@moz.com)"
216.73.216.109 - - [19/Oct/2025:14:56:56 -0400] "GET /inside_switzerland_magazine-png/?fileloc=%2Fhome%2Fwwwrenee%2Fwww%2Fwp-content%2Fplugins%2Fpaid-memberships-pro%2Fincludes%2Fcurrencies.php&path=%2Fhome%2Fwwwrenee%2Fwww%2Fwp-content%2Fplugins%2Fpaid-memberships-pro%2Fincludes HTTP/1.1" 200 3931 "-" "Mozilla/5.0 AppleWebKit/537.36 (KHTML, like Gecko; compatible; ClaudeBot/1.0; +claudebot@anthropic.com)"
216.244.66.249 - - [19/Oct/2025:14:56:57 -0400] "GET /viral-marketing-png/?path=/home/wwwrenee HTTP/1.1" 200 61781 "-" "Mozilla/5.0 (compatible; DotBot/1.2; +https://opensiteexplorer.org/dotbot; help@moz.com)"
216.73.216.109 - - [19/Oct/2025:15:06:48 -0400] "GET /team-19-jpg/?fileloc=%2Fhome%2Fwwwrenee%2Fpublic_html%2Fwp-content%2Fplugins%2Felementor%2Fincludes%2Frollback.php&path=%2Fhome%2Fwwwrenee%2Fpublic_html%2Fwp-content%2Fplugins%2Felementor%2Fincludes HTTP/1.1" 200 3803 "-" "Mozilla/5.0 AppleWebKit/537.36 (KHTML, like Gecko; compatible; ClaudeBot/1.0; +claudebot@anthropic.com)"
216.244.66.249 - - [19/Oct/2025:15:06:48 -0400] "GET /esta-tienda-online-6/?path=/home/wwwrenee HTTP/1.1" 200 61781 "-" "Mozilla/5.0 (compatible; DotBot/1.2; +https://opensiteexplorer.org/dotbot; help@moz.com)"
167.249.51.157 - - [19/Oct/2025:15:07:14 -0400] "GET http://reneesense.com/goods/763504.phtml?fileloc=%2Fhome%2Fwwwrenee%2Fpublic_html%2Fwp-config-sample.php&path=%2Fhome%2Fwwwrenee%2Fpublic_html HTTP/1.1" 200 3650 "-" "Mozilla/5.0 (Macintosh; Intel Mac OS X 10_13_6) AppleWebKit/537.36 (KHTML, like Gecko) Chrome/89.0.4389.90 Safari/537.36"
169.224.2.240 - - [19/Oct/2025:15:08:39 -0400] "GET http://reneesense.com/goods/594834400.phtml HTTP/1.1" 200 3912 "-" "Mozilla/5.0 (Windows NT 6.1; WOW64) AppleWebKit/537.36 (KHTML, like Gecko) Chrome/89.0.4389.116 Safari/537.36"
216.244.66.249 - - [19/Oct/2025:15:31:05 -0400] "GET /robots.txt HTTP/1.1" 200 79 "-" "Mozilla/5.0 (compatible; DotBot/1.2; +https://opensiteexplorer.org/dotbot; help@moz.com)"
20.171.207.185 - - [19/Oct/2025:15:31:05 -0400] "GET /?path=//proc/self/root/proc/thread-self/root/proc/thread-self/root/proc/thread-self/root/proc/self/root/proc/thread-self/root/proc/thread-self/root/proc/self/root/proc/thread-self/root/usr/lib/firmware/mellanox HTTP/1.1" 200 5834 "-" "Mozilla/5.0 AppleWebKit/537.36 (KHTML, like Gecko; compatible; GPTBot/1.2; +https://openai.com/gptbot)"
216.244.66.249 - - [19/Oct/2025:15:40:41 -0400] "GET /%D9%83%D8%A7%D8%B2%D9%8A%D9%86%D9%88-sweet-bonanza-1xslots-%D8%A7%D8%AD%D8%B5%D9%84-%D8%B9%D9%84%D9%89-%D8%A7%D9%84%D9%85%D9%83%D8%A7%D9%81%D8%A3%D8%A9/ HTTP/1.1" 200 55016 "-" "Mozilla/5.0 (compatible; DotBot/1.2; +https://opensiteexplorer.org/dotbot; help@moz.com)"
216.244.66.249 - - [19/Oct/2025:15:41:19 -0400] "GET /ka-palaist-bonusu-beep-beep-kazino/ HTTP/1.1" 200 55016 "-" "Mozilla/5.0 (compatible; DotBot/1.2; +https://opensiteexplorer.org/dotbot; help@moz.com)"
45.227.253.15 - - [19/Oct/2025:15:45:31 -0400] "GET /index.php/jk HTTP/1.1" 200 59 "-" "Mozilla/5.0 (Macintosh; Intel Mac OS X 10.13; rv:103.0) Gecko/20100101 Firefox/101.0"
52.73.142.41 - - [19/Oct/2025:16:07:49 -0400] "GET /lp-courses/?path=//proc/self/root/home HTTP/1.1" 200 2784 "-" "Mozilla/5.0 AppleWebKit/537.36 (KHTML, like Gecko; compatible; Amazonbot/0.1; +https://developer.amazon.com/support/amazonbot) Chrome/119.0.6045.214 Safari/537.36"
216.73.216.109 - - [19/Oct/2025:16:07:49 -0400] "GET /team-19-jpg/?fileloc=%2F%2Fusr%2Flib64%2FlibBrokenLocale-2.28.so&path=%2F%2Fusr%2Flib64 HTTP/1.1" 200 2478 "-" "Mozilla/5.0 AppleWebKit/537.36 (KHTML, like Gecko; compatible; ClaudeBot/1.0; +claudebot@anthropic.com)"
20.171.207.185 - - [19/Oct/2025:16:07:49 -0400] "GET /?path=//proc/self/root/proc/thread-self/root/proc/thread-self/root/proc/thread-self/root/proc/self/root/proc/thread-self/root/proc/self/root/proc/thread-self/root/proc/self/root/proc/self/root/usr/lib/kdump HTTP/1.1" 200 3075 "-" "Mozilla/5.0 AppleWebKit/537.36 (KHTML, like Gecko; compatible; GPTBot/1.2; +https://openai.com/gptbot)"
179.118.159.164 - - [19/Oct/2025:16:07:49 -0400] "GET http://reneesense.com/goods/27664042.phtml?fileloc=%2Fhome%2Fwwwrenee%2Fpublic_html%2Fwp-cron.php&path=%2Fhome%2Fwwwrenee%2Fpublic_html HTTP/1.1" 200 4185 "-" "Mozilla/5.0 (Windows NT 6.1) AppleWebKit/537.36 (KHTML, like Gecko) Chrome/98.0.4758.81 Safari/537.36"
45.180.211.223 - - [19/Oct/2025:16:10:07 -0400] "GET http://reneesense.com/goods/24438330.phtml?fileloc=%2Fhome%2Fwwwrenee%2Fpublic_html%2Flicense.txt&path=%2Fhome%2Fwwwrenee%2Fpublic_html HTTP/1.1" 200 9807 "-" "Mozilla/5.0 (Macintosh; Intel Mac OS X 10_15_3) AppleWebKit/537.36 (KHTML, like Gecko) Chrome/79.0.3945.130 Safari/537.36"
190.110.60.158 - - [19/Oct/2025:16:12:22 -0400] "GET http://reneesense.com/goods/26608586.phtml?fileloc=%2Fhome%2Fwwwrenee%2Fpublic_html%2Fxmlrpc.php&path=%2Fhome%2Fwwwrenee%2Fpublic_html HTTP/1.1" 200 3893 "-" "Mozilla/5.0 (Windows NT 6.1; WOW64) AppleWebKit/537.36 (KHTML, like Gecko) Chrome/107.0.0.0 Safari/537.36"
8.217.152.180 - - [19/Oct/2025:16:14:04 -0400] "GET /robots.txt HTTP/1.1" 200 94 "-" "AliyunSecBot/Aliyun (AliyunSecBot@service.alibaba.com)"
8.217.190.93 - - [19/Oct/2025:16:14:04 -0400] "GET /goods/121965110.phtml HTTP/1.1" 200 3912 "-" "AliyunSecBot/Aliyun (AliyunSecBot@service.alibaba.com)"
216.244.66.249 - - [19/Oct/2025:16:21:12 -0400] "GET /robots.txt HTTP/1.1" 200 79 "-" "Mozilla/5.0 (compatible; DotBot/1.2; +https://opensiteexplorer.org/dotbot; help@moz.com)"
8.217.211.183 - - [19/Oct/2025:16:22:03 -0400] "GET /goods/442679328.phtml HTTP/1.1" 200 3912 "-" "AliyunSecBot/Aliyun (AliyunSecBot@service.alibaba.com)"
216.244.66.249 - - [19/Oct/2025:16:29:03 -0400] "GET /test-post-title-3/feed/ HTTP/1.1" 200 55016 "-" "Mozilla/5.0 (compatible; DotBot/1.2; +https://opensiteexplorer.org/dotbot; help@moz.com)"
216.244.66.249 - - [19/Oct/2025:16:30:29 -0400] "GET /l0-1-win-vkhod/ HTTP/1.1" 200 55016 "-" "Mozilla/5.0 (compatible; DotBot/1.2; +https://opensiteexplorer.org/dotbot; help@moz.com)"
216.244.66.249 - - [19/Oct/2025:16:33:23 -0400] "GET /free-online-video-calls-with-video-chat-on-tinychat-com/ HTTP/1.1" 200 55016 "-" "Mozilla/5.0 (compatible; DotBot/1.2; +https://opensiteexplorer.org/dotbot; help@moz.com)"
172.241.95.220 - - [19/Oct/2025:16:42:33 -0400] "GET / HTTP/1.1" 200 3912 "-" "Mozilla/5.0 (Windows NT 10.0; Win64; x64) AppleWebKit/537.36 (KHTML, like Gecko) Chrome/114.0.0.0 Safari/537.36 OPR/89.0.4447.51"
172.241.95.220 - - [19/Oct/2025:16:42:39 -0400] "GET /?path=/ HTTP/1.1" 200 3155 "http://www.reneesense.com/" "Mozilla/5.0 (Windows NT 10.0; Win64; x64) AppleWebKit/537.36 (KHTML, like Gecko) Chrome/114.0.0.0 Safari/537.36 OPR/89.0.4447.51"
172.241.95.220 - - [19/Oct/2025:16:42:41 -0400] "GET /?fileloc=/home/wwwrenee/public_html/xmlrpc.php&path=/home/wwwrenee/public_html HTTP/1.1" 200 3893 "http://www.reneesense.com/" "Mozilla/5.0 (Windows NT 10.0; Win64; x64) AppleWebKit/537.36 (KHTML, like Gecko) Chrome/114.0.0.0 Safari/537.36 OPR/89.0.4447.51"
172.241.95.220 - - [19/Oct/2025:16:42:42 -0400] "GET /?path=/home HTTP/1.1" 200 2752 "http://www.reneesense.com/" "Mozilla/5.0 (Windows NT 10.0; Win64; x64) AppleWebKit/537.36 (KHTML, like Gecko) Chrome/114.0.0.0 Safari/537.36 OPR/89.0.4447.51"
172.241.95.220 - - [19/Oct/2025:16:42:43 -0400] "GET /?fileloc=/home/wwwrenee/public_html/wp-trackback.php&path=/home/wwwrenee/public_html HTTP/1.1" 200 4212 "http://www.reneesense.com/" "Mozilla/5.0 (Windows NT 10.0; Win64; x64) AppleWebKit/537.36 (KHTML, like Gecko) Chrome/114.0.0.0 Safari/537.36 OPR/89.0.4447.51"
172.241.95.220 - - [19/Oct/2025:16:42:45 -0400] "GET /?path=/home/wwwrenee HTTP/1.1" 200 4133 "http://www.reneesense.com/" "Mozilla/5.0 (Windows NT 10.0; Win64; x64) AppleWebKit/537.36 (KHTML, like Gecko) Chrome/114.0.0.0 Safari/537.36 OPR/89.0.4447.51"
172.241.95.220 - - [19/Oct/2025:16:42:47 -0400] "GET /?fileloc=/home/wwwrenee/.contactemail&path=/home/wwwrenee HTTP/1.1" 200 2469 "http://www.reneesense.com/" "Mozilla/5.0 (Windows NT 10.0; Win64; x64) AppleWebKit/537.36 (KHTML, like Gecko) Chrome/114.0.0.0 Safari/537.36 OPR/89.0.4447.51"
185.166.197.27 - - [19/Oct/2025:16:46:40 -0400] "GET /wp-content/plugins/woocommerce-payments/readme.txt HTTP/1.1" 200 27635 "-" "Mozilla/5.0 (X11; Linux x86_64) AppleWebKit/537.36 (KHTML, like Gecko) Chrome/55.0.2918.37 Safari/537.36"
20.171.207.185 - - [19/Oct/2025:16:46:50 -0400] "GET /?fileloc=//proc/self/root/proc/thread-self/root/proc/thread-self/root/proc/thread-self/root/proc/self/root/proc/thread-self/root/proc/thread-self/root/proc/self/root/proc/self/root/proc/self/root/usr/lib/systemd/user/exit.target&path=//proc/self/root/proc/thread-self/root/proc/thread-self/root/proc/thread-self/root/proc/self/root/proc/thread-self/root/proc/thread-self/root/proc/self/root/proc/self/root/proc/self/root/usr/lib/systemd/user HTTP/1.1" 200 2934 "-" "Mozilla/5.0 AppleWebKit/537.36 (KHTML, like Gecko; compatible; GPTBot/1.2; +https://openai.com/gptbot)"
185.166.197.27 - - [19/Oct/2025:16:46:50 -0400] "POST /index.php?rest_route=/wp/v2/users HTTP/1.1" 200 3912 "http://reneesense.com/wp-json/wp/v2/users" "Mozilla/5.0 (X11; Linux x86_64) AppleWebKit/537.36 (KHTML, like Gecko) Chrome/55.0.2918.37 Safari/537.36"
185.166.197.27 - - [19/Oct/2025:16:47:12 -0400] "POST /wp-json/wp/v2/users HTTP/1.1" 200 3912 "http://reneesense.com/index.php?rest_route=/wp/v2/users" "Mozilla/5.0 (X11; Linux x86_64) AppleWebKit/537.36 (KHTML, like Gecko) Chrome/55.0.2918.37 Safari/537.36"
185.166.197.27 - - [19/Oct/2025:16:47:35 -0400] "POST /index.php?rest_route=/wp/v2/users HTTP/1.1" 200 3912 "http://reneesense.com/wp-json/wp/v2/users" "Mozilla/5.0 (X11; Linux x86_64) AppleWebKit/537.36 (KHTML, like Gecko) Chrome/55.0.2918.37 Safari/537.36"
185.166.197.27 - - [19/Oct/2025:16:47:57 -0400] "GET / HTTP/1.1" 200 3912 "http://reneesense.com/index.php?rest_route=/wp/v2/users" "Mozilla/5.0 (X11; Linux x86_64) AppleWebKit/537.36 (KHTML, like Gecko) Chrome/55.0.2918.37 Safari/537.36"
185.166.197.27 - - [19/Oct/2025:16:47:58 -0400] "POST /wp-json/wp/v2/plugins HTTP/1.1" 200 3912 "http://reneesense.com/" "Mozilla/5.0 (X11; Linux x86_64) AppleWebKit/537.36 (KHTML, like Gecko) Chrome/55.0.2918.37 Safari/537.36"
20.171.207.185 - - [19/Oct/2025:16:47:58 -0400] "GET /?path=//proc/self/root/proc/thread-self/root/proc/thread-self/root/proc/thread-self/root/proc/self/root/proc/thread-self/root/proc/thread-self/root/proc/self/root/opt/alt/libicu/usr/include/unicode HTTP/1.1" 200 10398 "-" "Mozilla/5.0 AppleWebKit/537.36 (KHTML, like Gecko; compatible; GPTBot/1.2; +https://openai.com/gptbot)"
185.166.197.27 - - [19/Oct/2025:16:47:58 -0400] "PUT /wp-json/wp/v2/plugins/wp-console/wp-console/?status=active HTTP/1.1" 200 3912 "http://reneesense.com/wp-json/wp/v2/plugins" "Mozilla/5.0 (X11; Linux x86_64) AppleWebKit/537.36 (KHTML, like Gecko) Chrome/55.0.2918.37 Safari/537.36"
185.166.197.27 - - [19/Oct/2025:16:47:59 -0400] "POST /wp-json/wp-console/v1/console?_locale=user HTTP/1.1" 403 55016 "http://reneesense.com/wp-json/wp/v2/plugins/wp-console/wp-console/?status=active" "Mozilla/5.0 (X11; Linux x86_64) AppleWebKit/537.36 (KHTML, like Gecko) Chrome/55.0.2918.37 Safari/537.36"
185.166.197.27 - - [19/Oct/2025:16:48:10 -0400] "GET /d67a9a23a3a4.php HTTP/1.1" 403 55016 "http://reneesense.com/wp-json/wp-console/v1/console?_locale=user" "Mozilla/5.0 (X11; Linux x86_64) AppleWebKit/537.36 (KHTML, like Gecko) Chrome/55.0.2918.37 Safari/537.36"
172.81.132.222 - - [19/Oct/2025:16:55:38 -0400] "GET /wp-content/plugins/shell/about.php HTTP/1.1" 200 3912 "www.google.com" "Mozlila/5.0 (Linux; Android 7.0; SM-G892A Bulid/NRD90M; wv) AppleWebKit/537.36 (KHTML, like Gecko) Version/4.0 Chrome/60.0.3112.107 Moblie Safari/537.36"
172.81.132.222 - - [19/Oct/2025:16:55:50 -0400] "GET /wp-content/plugins/fix/up.php HTTP/1.1" 200 3912 "www.google.com" "Mozlila/5.0 (Linux; Android 7.0; SM-G892A Bulid/NRD90M; wv) AppleWebKit/537.36 (KHTML, like Gecko) Version/4.0 Chrome/60.0.3112.107 Moblie Safari/537.36"
172.81.132.222 - - [19/Oct/2025:16:56:06 -0400] "GET /wp-content/plugins/wp-help/mini.php HTTP/1.1" 200 3912 "www.google.com" "Mozlila/5.0 (Linux; Android 7.0; SM-G892A Bulid/NRD90M; wv) AppleWebKit/537.36 (KHTML, like Gecko) Version/4.0 Chrome/60.0.3112.107 Moblie Safari/537.36"
216.73.216.109 - - [19/Oct/2025:17:02:49 -0400] "GET /team-19-jpg/?fileloc=%2F%2Flib%2F.build-id%2Fbd%2F37154feb48b36f98d3b89da447b4ac9fff6aab&path=%2F%2Flib%2F.build-id%2Fbd HTTP/1.1" 200 2500 "-" "Mozilla/5.0 AppleWebKit/537.36 (KHTML, like Gecko; compatible; ClaudeBot/1.0; +claudebot@anthropic.com)"
113.161.148.230 - - [19/Oct/2025:17:02:50 -0400] "GET http://reneesense.com/goods/26070994.phtml?fileloc=%2Fhome%2Fwwwrenee%2Fpublic_html%2Fwp-comments-post.php&path=%2Fhome%2Fwwwrenee%2Fpublic_html HTTP/1.1" 200 3524 "-" "Mozilla/5.0 (Windows NT 10.0; WOW64) AppleWebKit/537.36 (KHTML, like Gecko) Chrome/75.0.3770.100 Safari/537.36"
173.252.87.116 - - [19/Oct/2025:17:06:07 -0400] "GET /robots.txt HTTP/1.1" 206 79 "-" "facebookexternalhit/1.1 (+http://www.facebook.com/externalhit_uatext.php)"
45.167.143.210 - - [19/Oct/2025:17:10:15 -0400] "GET http://reneesense.com/goods/594856884.phtml HTTP/1.1" 200 3912 "-" "Mozilla/5.0 (Windows NT 6.1; Win64; x64) AppleWebKit/537.36 (KHTML, like Gecko) Chrome/75.0.3770.142 Safari/537.36"
216.244.66.249 - - [19/Oct/2025:17:11:43 -0400] "GET /robots.txt HTTP/1.1" 200 79 "-" "Mozilla/5.0 (compatible; DotBot/1.2; +https://opensiteexplorer.org/dotbot; help@moz.com)"
157.55.39.223 - - [19/Oct/2025:17:14:15 -0400] "GET /robots.txt HTTP/1.1" 200 94 "-" "Mozilla/5.0 AppleWebKit/537.36 (KHTML, like Gecko; compatible; bingbot/2.0; +http://www.bing.com/bingbot.htm) Chrome/116.0.1938.76 Safari/537.36"
125.160.16.51 - - [19/Oct/2025:17:14:54 -0400] "GET /autoload_classmap.php HTTP/1.1" 403 55016 "-" "-"
216.244.66.249 - - [19/Oct/2025:17:18:50 -0400] "GET /?path=/home/wwwrenee/public_html/wp-admin HTTP/1.1" 200 169944 "-" "Mozilla/5.0 (compatible; DotBot/1.2; +https://opensiteexplorer.org/dotbot; help@moz.com)"
216.244.66.249 - - [19/Oct/2025:17:20:41 -0400] "GET /viral-marketing-png/?path=/home HTTP/1.1" 200 13947 "-" "Mozilla/5.0 (compatible; DotBot/1.2; +https://opensiteexplorer.org/dotbot; help@moz.com)"
102.218.215.24 - - [19/Oct/2025:17:29:35 -0400] "GET /.well-known/acme-challenge/YGCZYU0FP6CCQ8_Q0YD_EN5WBOM2H3V5 HTTP/1.1" 404 - "-" "Cpanel-HTTP-Client/1.0"
102.218.215.24 - - [19/Oct/2025:17:29:35 -0400] "GET /.well-known/acme-challenge/OG2NPM5OI3FKT10-D775EMV_O-N2RCVT HTTP/1.1" 404 - "-" "Cpanel-HTTP-Client/1.0"
102.218.215.24 - - [19/Oct/2025:17:29:36 -0400] "GET /.well-known/acme-challenge/IG9YXJBUVDU3S17-XKHFDR93HOMKGNY- HTTP/1.1" 404 - "-" "Cpanel-HTTP-Client/1.0"
185.61.153.74 - - [19/Oct/2025:17:29:39 -0400] "GET /.well-known/acme-challenge/8FXCGODE0FPZB24PBZI0YI583MT_MZ_1 HTTP/1.1" 404 - "-" "Cpanel-HTTP-Client/1.0"
185.61.153.74 - - [19/Oct/2025:17:29:39 -0400] "GET /.well-known/acme-challenge/QIGZCP0CIEQCEKJBXHNSFWDEHAGH5ZZV HTTP/1.1" 404 - "-" "Cpanel-HTTP-Client/1.0"
185.61.153.74 - - [19/Oct/2025:17:29:40 -0400] "GET /.well-known/acme-challenge/6YWEL2QPTRY-2KO7I9VD9OONV81MYFVS HTTP/1.1" 404 - "-" "Cpanel-HTTP-Client/1.0"
20.41.73.245 - - [19/Oct/2025:17:46:10 -0400] "GET //wp-content/plugins/fix/up.php HTTP/1.1" 200 3912 "-" "Mozilla/5.0 (Windows NT 10.0; Win64; x64) AppleWebKit/537.36 (KHTML, like Gecko) Chrome/85.0.4183.102 Safari/537.36"
216.244.66.249 - - [19/Oct/2025:18:02:29 -0400] "GET /robots.txt HTTP/1.1" 200 79 "-" "Mozilla/5.0 (compatible; DotBot/1.2; +https://opensiteexplorer.org/dotbot; help@moz.com)"
34.204.150.196 - - [19/Oct/2025:18:05:36 -0400] "GET /%E0%B8%81%E0%B8%8E%E0%B8%AB%E0%B8%A1%E0%B8%B2%E0%B8%A2%E0%B8%81%E0%B8%B2%E0%B8%A3%E0%B9%81%E0%B8%A2%E0%B8%81%E0%B8%95%E0%B8%B1%E0%B8%A7%E0%B8%82%E0%B8%AD%E0%B8%87-1xbet-%E0%B8%A0%E0%B8%B2%E0%B8%A2/?fileloc=//var/softaculous/conc8/php81/install.php&path=//var/softaculous/conc8/php81 HTTP/1.1" 200 9328 "-" "Mozilla/5.0 AppleWebKit/537.36 (KHTML, like Gecko; compatible; Amazonbot/0.1; +https://developer.amazon.com/support/amazonbot) Chrome/119.0.6045.214 Safari/537.36"
123.20.55.97 - - [19/Oct/2025:18:05:36 -0400] "GET http://reneesense.com/goods/23921030.phtml?fileloc=%2Fhome%2Fwwwrenee%2Fpublic_html%2Fwp-login.php&path=%2Fhome%2Fwwwrenee%2Fpublic_html HTTP/1.1" 200 14855 "-" "Mozilla/5.0 (Macintosh; Intel Mac OS X 10_15_4) AppleWebKit/537.36 (KHTML, like Gecko) Chrome/80.0.3987.122 Safari/537.36"
177.220.176.57 - - [19/Oct/2025:18:07:55 -0400] "GET http://reneesense.com/goods/26604566.phtml?path=%2Fhome%2Fwwwrenee%2Fpublic_html HTTP/1.1" 200 3912 "-" "Mozilla/5.0 (Macintosh; Intel Mac OS X 10_13_6) AppleWebKit/537.36 (KHTML, like Gecko) Chrome/99.0.3538.77 Safari/537.36"
216.244.66.249 - - [19/Oct/2025:18:13:24 -0400] "GET /esta-tienda-online-6/?path=/home HTTP/1.1" 200 13947 "-" "Mozilla/5.0 (compatible; DotBot/1.2; +https://opensiteexplorer.org/dotbot; help@moz.com)"
20.171.207.185 - - [19/Oct/2025:18:45:34 -0400] "GET /?path=//proc/self/root/proc/thread-self/root/proc/thread-self/root/proc/thread-self/root/proc/self/root/proc/thread-self/root/proc/self/root/proc/self/root/usr/include/netipx HTTP/1.1" 200 2936 "-" "Mozilla/5.0 AppleWebKit/537.36 (KHTML, like Gecko; compatible; GPTBot/1.2; +https://openai.com/gptbot)"
128.31.0.13 - - [19/Oct/2025:18:45:34 -0400] "GET / HTTP/1.1" 200 55016 "reneesense.com" "Mozilla/5.0 (Linux; Android 7.0; Brondi 620 SZ Build/NRD90M; wv) AppleWebKit/537.36 (KHTML, like Gecko) Version/4.0 Chrome/80.0.3987.132 Mobile Safari/537.36"
128.31.0.13 - - [19/Oct/2025:18:45:35 -0400] "GET /?fileloc=/home/wwwrenee/public_html/.htaccess&path=/home/wwwrenee/public_html HTTP/1.1" 403 55016 "http://reneesense.com/?fileloc=/home/wwwrenee/public_html/.htaccess&path=/home/wwwrenee/public_html" "Mozilla/5.0 (Linux; Android 7.0; Brondi 620 SZ Build/NRD90M; wv) AppleWebKit/537.36 (KHTML, like Gecko) Version/4.0 Chrome/80.0.3987.132 Mobile Safari/537.36"
128.31.0.13 - - [19/Oct/2025:18:45:37 -0400] "GET /?fileloc=/home/wwwrenee/public_html/axymx.php&path=/home/wwwrenee/public_html HTTP/1.1" 200 42931 "http://reneesense.com/?fileloc=/home/wwwrenee/public_html/axymx.php&path=/home/wwwrenee/public_html" "Mozilla/5.0 (Linux; Android 7.0; Brondi 620 SZ Build/NRD90M; wv) AppleWebKit/537.36 (KHTML, like Gecko) Version/4.0 Chrome/80.0.3987.132 Mobile Safari/537.36"
107.189.3.148 - - [19/Oct/2025:18:45:39 -0400] "GET /?fileloc=/home/wwwrenee/public_html/error_log&path=/home/wwwrenee/public_html HTTP/1.1" 200 12064 "http://reneesense.com/?fileloc=/home/wwwrenee/public_html/error_log&path=/home/wwwrenee/public_html" "Mozilla/5.0 (Linux; Android 7.0; Brondi 620 SZ Build/NRD90M; wv) AppleWebKit/537.36 (KHTML, like Gecko) Version/4.0 Chrome/80.0.3987.132 Mobile Safari/537.36"
107.189.3.148 - - [19/Oct/2025:18:45:40 -0400] "GET /?fileloc=/home/wwwrenee/public_html/index.php&path=/home/wwwrenee/public_html HTTP/1.1" 200 35914 "http://reneesense.com/?fileloc=/home/wwwrenee/public_html/index.php&path=/home/wwwrenee/public_html" "Mozilla/5.0 (Linux; Android 7.0; Brondi 620 SZ Build/NRD90M; wv) AppleWebKit/537.36 (KHTML, like Gecko) Version/4.0 Chrome/80.0.3987.132 Mobile Safari/537.36"
107.189.3.148 - - [19/Oct/2025:18:45:41 -0400] "GET /?fileloc=/home/wwwrenee/public_html/readme.html&path=/home/wwwrenee/public_html HTTP/1.1" 200 21658 "http://reneesense.com/?fileloc=/home/wwwrenee/public_html/readme.html&path=/home/wwwrenee/public_html" "Mozilla/5.0 (Linux; Android 7.0; Brondi 620 SZ Build/NRD90M; wv) AppleWebKit/537.36 (KHTML, like Gecko) Version/4.0 Chrome/80.0.3987.132 Mobile Safari/537.36"
107.189.3.148 - - [19/Oct/2025:18:45:42 -0400] "GET /?fileloc=/home/wwwrenee/public_html/wp-activate.php&path=/home/wwwrenee/public_html HTTP/1.1" 200 20521 "http://reneesense.com/?fileloc=/home/wwwrenee/public_html/wp-activate.php&path=/home/wwwrenee/public_html" "Mozilla/5.0 (Linux; Android 7.0; Brondi 620 SZ Build/NRD90M; wv) AppleWebKit/537.36 (KHTML, like Gecko) Version/4.0 Chrome/80.0.3987.132 Mobile Safari/537.36"
107.189.3.148 - - [19/Oct/2025:18:45:43 -0400] "GET /?fileloc=/home/wwwrenee/public_html/wp-blog-header.php&path=/home/wwwrenee/public_html HTTP/1.1" 200 12851 "http://reneesense.com/?fileloc=/home/wwwrenee/public_html/wp-blog-header.php&path=/home/wwwrenee/public_html" "Mozilla/5.0 (Linux; Android 7.0; Brondi 620 SZ Build/NRD90M; wv) AppleWebKit/537.36 (KHTML, like Gecko) Version/4.0 Chrome/80.0.3987.132 Mobile Safari/537.36"
107.189.3.148 - - [19/Oct/2025:18:45:44 -0400] "GET /?fileloc=/home/wwwrenee/public_html/wp-config-sample.php&path=/home/wwwrenee/public_html HTTP/1.1" 200 15317 "http://reneesense.com/?fileloc=/home/wwwrenee/public_html/wp-config-sample.php&path=/home/wwwrenee/public_html" "Mozilla/5.0 (Linux; Android 7.0; Brondi 620 SZ Build/NRD90M; wv) AppleWebKit/537.36 (KHTML, like Gecko) Version/4.0 Chrome/80.0.3987.132 Mobile Safari/537.36"
107.189.3.148 - - [19/Oct/2025:18:45:45 -0400] "GET /?fileloc=/home/wwwrenee/public_html/wp-config.php&path=/home/wwwrenee/public_html HTTP/1.1" 403 55016 "http://reneesense.com/?fileloc=/home/wwwrenee/public_html/wp-config.php&path=/home/wwwrenee/public_html" "Mozilla/5.0 (Linux; Android 7.0; Brondi 620 SZ Build/NRD90M; wv) AppleWebKit/537.36 (KHTML, like Gecko) Version/4.0 Chrome/80.0.3987.132 Mobile Safari/537.36"
107.189.3.148 - - [19/Oct/2025:18:45:48 -0400] "GET /?fileloc=/home/wwwrenee/public_html/wp-links-opml.php&path=/home/wwwrenee/public_html HTTP/1.1" 200 15152 "http://reneesense.com/?fileloc=/home/wwwrenee/public_html/wp-links-opml.php&path=/home/wwwrenee/public_html" "Mozilla/5.0 (Linux; Android 7.0; Brondi 620 SZ Build/NRD90M; wv) AppleWebKit/537.36 (KHTML, like Gecko) Version/4.0 Chrome/80.0.3987.132 Mobile Safari/537.36"
107.189.3.148 - - [19/Oct/2025:18:45:49 -0400] "GET /?fileloc=/home/wwwrenee/public_html/wp-load.php&path=/home/wwwrenee/public_html HTTP/1.1" 200 16675 "http://reneesense.com/?fileloc=/home/wwwrenee/public_html/wp-load.php&path=/home/wwwrenee/public_html" "Mozilla/5.0 (Linux; Android 7.0; Brondi 620 SZ Build/NRD90M; wv) AppleWebKit/537.36 (KHTML, like Gecko) Version/4.0 Chrome/80.0.3987.132 Mobile Safari/537.36"
216.73.216.109 - - [19/Oct/2025:18:45:50 -0400] "GET /team-19-jpg/?fileloc=%2F%2Fusr%2Flib64%2Flibxcb-present.so.0&path=%2F%2Fusr%2Flib64 HTTP/1.1" 200 2472 "-" "Mozilla/5.0 AppleWebKit/537.36 (KHTML, like Gecko; compatible; ClaudeBot/1.0; +claudebot@anthropic.com)"
185.220.101.167 - - [19/Oct/2025:18:45:50 -0400] "GET /?fileloc=/home/wwwrenee/public_html/wp-login.php&path=/home/wwwrenee/public_html HTTP/1.1" 200 66357 "http://reneesense.com/?fileloc=/home/wwwrenee/public_html/wp-login.php&path=/home/wwwrenee/public_html" "Mozilla/5.0 (Linux; Android 7.0; Brondi 620 SZ Build/NRD90M; wv) AppleWebKit/537.36 (KHTML, like Gecko) Version/4.0 Chrome/80.0.3987.132 Mobile Safari/537.36"
185.220.101.167 - - [19/Oct/2025:18:45:51 -0400] "GET /?fileloc=/home/wwwrenee/public_html/wp-mail.php&path=/home/wwwrenee/public_html HTTP/1.1" 200 21225 "http://reneesense.com/?fileloc=/home/wwwrenee/public_html/wp-mail.php&path=/home/wwwrenee/public_html" "Mozilla/5.0 (Linux; Android 7.0; Brondi 620 SZ Build/NRD90M; wv) AppleWebKit/537.36 (KHTML, like Gecko) Version/4.0 Chrome/80.0.3987.132 Mobile Safari/537.36"
185.220.101.167 - - [19/Oct/2025:18:45:51 -0400] "GET /?fileloc=/home/wwwrenee/public_html/wp-settings.php&path=/home/wwwrenee/public_html HTTP/1.1" 200 36115 "http://reneesense.com/?fileloc=/home/wwwrenee/public_html/wp-settings.php&path=/home/wwwrenee/public_html" "Mozilla/5.0 (Linux; Android 7.0; Brondi 620 SZ Build/NRD90M; wv) AppleWebKit/537.36 (KHTML, like Gecko) Version/4.0 Chrome/80.0.3987.132 Mobile Safari/537.36"
185.220.101.167 - - [19/Oct/2025:18:45:53 -0400] "GET /?fileloc=/home/wwwrenee/public_html/wp-signup.php&path=/home/wwwrenee/public_html HTTP/1.1" 200 47542 "http://reneesense.com/?fileloc=/home/wwwrenee/public_html/wp-signup.php&path=/home/wwwrenee/public_html" "Mozilla/5.0 (Linux; Android 7.0; Brondi 620 SZ Build/NRD90M; wv) AppleWebKit/537.36 (KHTML, like Gecko) Version/4.0 Chrome/80.0.3987.132 Mobile Safari/537.36"
20.171.207.185 - - [19/Oct/2025:18:45:55 -0400] "GET /?path=//proc/self/root/proc/thread-self/root/proc/thread-self/root/proc/thread-self/root/proc/self/root/proc/thread-self/root/proc/self/root/proc/self/root/usr/include/mysql/server HTTP/1.1" 200 5079 "-" "Mozilla/5.0 AppleWebKit/537.36 (KHTML, like Gecko; compatible; GPTBot/1.2; +https://openai.com/gptbot)"
185.220.101.24 - - [19/Oct/2025:18:45:56 -0400] "GET /?fileloc=/home/wwwrenee/public_html/wp-trackback.php&path=/home/wwwrenee/public_html HTTP/1.1" 200 17374 "http://reneesense.com/?fileloc=/home/wwwrenee/public_html/wp-trackback.php&path=/home/wwwrenee/public_html" "Mozilla/5.0 (Linux; Android 7.0; Brondi 620 SZ Build/NRD90M; wv) AppleWebKit/537.36 (KHTML, like Gecko) Version/4.0 Chrome/80.0.3987.132 Mobile Safari/537.36"
185.220.101.24 - - [19/Oct/2025:18:45:57 -0400] "GET /?fileloc=/home/wwwrenee/public_html/xmlrpc.php&path=/home/wwwrenee/public_html HTTP/1.1" 200 15939 "http://reneesense.com/?fileloc=/home/wwwrenee/public_html/xmlrpc.php&path=/home/wwwrenee/public_html" "Mozilla/5.0 (Linux; Android 7.0; Brondi 620 SZ Build/NRD90M; wv) AppleWebKit/537.36 (KHTML, like Gecko) Version/4.0 Chrome/80.0.3987.132 Mobile Safari/537.36"
185.220.101.24 - - [19/Oct/2025:18:45:58 -0400] "GET /?path= HTTP/1.1" 200 10091 "http://reneesense.com/?path=" "Mozilla/5.0 (Linux; Android 7.0; Brondi 620 SZ Build/NRD90M; wv) AppleWebKit/537.36 (KHTML, like Gecko) Version/4.0 Chrome/80.0.3987.132 Mobile Safari/537.36"
20.171.207.185 - - [19/Oct/2025:18:45:59 -0400] "GET /?path=//proc/self/root/proc/thread-self/root/proc/thread-self/root/proc/thread-self/root/proc/self/root/proc/thread-self/root/proc/self/root/proc/self/root/usr/include/gssapi HTTP/1.1" 200 3179 "-" "Mozilla/5.0 AppleWebKit/537.36 (KHTML, like Gecko; compatible; GPTBot/1.2; +https://openai.com/gptbot)"
185.220.101.24 - - [19/Oct/2025:18:45:59 -0400] "GET /?path=/home HTTP/1.1" 200 13947 "http://reneesense.com/?path=/home" "Mozilla/5.0 (Linux; Android 7.0; Brondi 620 SZ Build/NRD90M; wv) AppleWebKit/537.36 (KHTML, like Gecko) Version/4.0 Chrome/80.0.3987.132 Mobile Safari/537.36"
18.211.148.239 - - [19/Oct/2025:18:45:59 -0400] "GET /%E0%B8%81%E0%B8%8E%E0%B8%AB%E0%B8%A1%E0%B8%B2%E0%B8%A2%E0%B8%81%E0%B8%B2%E0%B8%A3%E0%B9%81%E0%B8%A2%E0%B8%81%E0%B8%95%E0%B8%B1%E0%B8%A7%E0%B8%82%E0%B8%AD%E0%B8%87-1xbet-%E0%B8%A0%E0%B8%B2%E0%B8%A2/?fileloc=//usr/lib64/python3.8/lib-dynload/mmap.cpython-38-x86_64-linux-gnu.so&path=//usr/lib64/python3.8/lib-dynload HTTP/1.1" 200 2506 "-" "Mozilla/5.0 AppleWebKit/537.36 (KHTML, like Gecko; compatible; Amazonbot/0.1; +https://developer.amazon.com/support/amazonbot) Chrome/119.0.6045.214 Safari/537.36"
185.220.101.24 - - [19/Oct/2025:18:46:00 -0400] "GET /?path=/home/wwwrenee HTTP/1.1" 200 61781 "http://reneesense.com/?path=/home/wwwrenee" "Mozilla/5.0 (Linux; Android 7.0; Brondi 620 SZ Build/NRD90M; wv) AppleWebKit/537.36 (KHTML, like Gecko) Version/4.0 Chrome/80.0.3987.132 Mobile Safari/537.36"
185.220.101.24 - - [19/Oct/2025:18:46:00 -0400] "GET /?path=/home/wwwrenee/public_html HTTP/1.1" 200 55016 "http://reneesense.com/?path=/home/wwwrenee/public_html" "Mozilla/5.0 (Linux; Android 7.0; Brondi 620 SZ Build/NRD90M; wv) AppleWebKit/537.36 (KHTML, like Gecko) Version/4.0 Chrome/80.0.3987.132 Mobile Safari/537.36"
185.220.101.24 - - [19/Oct/2025:18:46:02 -0400] "GET /?path=/home/wwwrenee/public_html/.tmb HTTP/1.1" 200 12799 "http://reneesense.com/?path=/home/wwwrenee/public_html/.tmb" "Mozilla/5.0 (Linux; Android 7.0; Brondi 620 SZ Build/NRD90M; wv) AppleWebKit/537.36 (KHTML, like Gecko) Version/4.0 Chrome/80.0.3987.132 Mobile Safari/537.36"
185.220.101.24 - - [19/Oct/2025:18:46:02 -0400] "GET /?path=/home/wwwrenee/public_html/Backup HTTP/1.1" 200 50199 "http://reneesense.com/?path=/home/wwwrenee/public_html/Backup" "Mozilla/5.0 (Linux; Android 7.0; Brondi 620 SZ Build/NRD90M; wv) AppleWebKit/537.36 (KHTML, like Gecko) Version/4.0 Chrome/80.0.3987.132 Mobile Safari/537.36"
185.220.101.24 - - [19/Oct/2025:18:46:03 -0400] "GET /?path=/home/wwwrenee/public_html/cgi-bin HTTP/1.1" 200 15698 "http://reneesense.com/?path=/home/wwwrenee/public_html/cgi-bin" "Mozilla/5.0 (Linux; Android 7.0; Brondi 620 SZ Build/NRD90M; wv) AppleWebKit/537.36 (KHTML, like Gecko) Version/4.0 Chrome/80.0.3987.132 Mobile Safari/537.36"
185.236.20.142 - - [19/Oct/2025:18:46:06 -0400] "GET /?path=/home/wwwrenee/public_html/wp-admin HTTP/1.1" 200 169944 "http://reneesense.com/?path=/home/wwwrenee/public_html/wp-admin" "Mozilla/5.0 (Linux; Android 7.0; Brondi 620 SZ Build/NRD90M; wv) AppleWebKit/537.36 (KHTML, like Gecko) Version/4.0 Chrome/80.0.3987.132 Mobile Safari/537.36"
185.236.20.142 - - [19/Oct/2025:18:46:09 -0400] "GET /?path=/home/wwwrenee/public_html/wp-includes HTTP/1.1" 200 413611 "http://reneesense.com/?path=/home/wwwrenee/public_html/wp-includes" "Mozilla/5.0 (Linux; Android 7.0; Brondi 620 SZ Build/NRD90M; wv) AppleWebKit/537.36 (KHTML, like Gecko) Version/4.0 Chrome/80.0.3987.132 Mobile Safari/537.36"
45.84.107.33 - - [19/Oct/2025:18:46:16 -0400] "GET /?path=/home/wwwrenee/public_html/zsXUhZi HTTP/1.1" 200 18727 "http://reneesense.com/?path=/home/wwwrenee/public_html/zsXUhZi" "Mozilla/5.0 (Linux; Android 7.0; Brondi 620 SZ Build/NRD90M; wv) AppleWebKit/537.36 (KHTML, like Gecko) Version/4.0 Chrome/80.0.3987.132 Mobile Safari/537.36"
8.217.211.3 - - [19/Oct/2025:18:47:42 -0400] "GET /robots.txt HTTP/1.1" 200 94 "-" "AliyunSecBot/Aliyun (AliyunSecBot@service.alibaba.com)"
8.217.211.31 - - [19/Oct/2025:18:47:42 -0400] "GET /goods/695539932.phtml HTTP/1.1" 200 3912 "-" "AliyunSecBot/Aliyun (AliyunSecBot@service.alibaba.com)"
216.244.66.249 - - [19/Oct/2025:18:52:41 -0400] "GET /robots.txt HTTP/1.1" 200 79 "-" "Mozilla/5.0 (compatible; DotBot/1.2; +https://opensiteexplorer.org/dotbot; help@moz.com)"
8.217.133.43 - - [19/Oct/2025:18:54:44 -0400] "GET /goods/30059224.phtml HTTP/1.1" 200 3912 "-" "AliyunSecBot/Aliyun (AliyunSecBot@service.alibaba.com)"
145.239.10.137 - - [19/Oct/2025:19:01:21 -0400] "GET /inputs.php HTTP/1.1" 200 3912 "http://reneesense.com/inputs.php" "Mozilla/5.0 (iPhone; CPU iPhone OS 17_5_1 like Mac OS X) AppleWebKit/605.1.15 (KHTML, like Gecko) Version/17.5 Mobile/15E148 Safari/604.1"
8.217.212.96 - - [19/Oct/2025:19:13:25 -0400] "GET /goods/123106284.phtml HTTP/1.1" 200 3912 "-" "AliyunSecBot/Aliyun (AliyunSecBot@service.alibaba.com)"
216.244.66.249 - - [19/Oct/2025:19:14:58 -0400] "GET /?path=/home/wwwrenee/.razor HTTP/1.1" 200 23364 "-" "Mozilla/5.0 (compatible; DotBot/1.2; +https://opensiteexplorer.org/dotbot; help@moz.com)"
45.227.253.15 - - [19/Oct/2025:19:23:05 -0400] "GET /index.php/jk HTTP/1.1" 200 59 "-" "Mozilla/5.0 (Windows NT 6.2; WOW64; rv:73.0) Gecko/20100101 Firefox/73.0"
185.166.197.27 - - [19/Oct/2025:19:25:58 -0400] "GET /wp-content/plugins/woocommerce-payments/readme.txt HTTP/1.1" 200 27635 "-" "Mozilla/5.0 (Macintosh; Intel Mac OS X 10.10; rv:51.0) Gecko/20100101 Firefox/51.0"
185.166.197.27 - - [19/Oct/2025:19:26:54 -0400] "POST /wp-json/wp/v2/users HTTP/1.1" 200 3912 "http://reneesense.com/wp-content/plugins/woocommerce-payments/readme.txt" "Mozilla/5.0 (Macintosh; Intel Mac OS X 10.10; rv:51.0) Gecko/20100101 Firefox/51.0"
185.166.197.27 - - [19/Oct/2025:19:26:54 -0400] "POST /index.php?rest_route=/wp/v2/users HTTP/1.1" 200 3912 "http://reneesense.com/wp-json/wp/v2/users" "Mozilla/5.0 (Macintosh; Intel Mac OS X 10.10; rv:51.0) Gecko/20100101 Firefox/51.0"
185.166.197.27 - - [19/Oct/2025:19:26:55 -0400] "POST /wp-json/wp/v2/users HTTP/1.1" 200 3912 "http://reneesense.com/index.php?rest_route=/wp/v2/users" "Mozilla/5.0 (Macintosh; Intel Mac OS X 10.10; rv:51.0) Gecko/20100101 Firefox/51.0"
185.166.197.27 - - [19/Oct/2025:19:26:55 -0400] "POST /index.php?rest_route=/wp/v2/users HTTP/1.1" 200 3912 "http://reneesense.com/wp-json/wp/v2/users" "Mozilla/5.0 (Macintosh; Intel Mac OS X 10.10; rv:51.0) Gecko/20100101 Firefox/51.0"
185.166.197.27 - - [19/Oct/2025:19:26:57 -0400] "POST /wp-json/wp/v2/plugins HTTP/1.1" 200 3912 "http://reneesense.com/" "Mozilla/5.0 (Macintosh; Intel Mac OS X 10.10; rv:51.0) Gecko/20100101 Firefox/51.0"
185.166.197.27 - - [19/Oct/2025:19:26:57 -0400] "PUT /wp-json/wp/v2/plugins/wp-console/wp-console/?status=active HTTP/1.1" 200 3912 "http://reneesense.com/wp-json/wp/v2/plugins" "Mozilla/5.0 (Macintosh; Intel Mac OS X 10.10; rv:51.0) Gecko/20100101 Firefox/51.0"
185.166.197.27 - - [19/Oct/2025:19:26:59 -0400] "GET /d67a9a23a3a4.php HTTP/1.1" 403 55016 "http://reneesense.com/wp-json/wp-console/v1/console?_locale=user" "Mozilla/5.0 (Macintosh; Intel Mac OS X 10.10; rv:51.0) Gecko/20100101 Firefox/51.0"
185.166.197.27 - - [19/Oct/2025:19:26:59 -0400] "POST /wp-json/wp-console/v1/console?_locale=user HTTP/1.1" 200 3912 "http://reneesense.com/d67a9a23a3a4.php" "Mozilla/5.0 (Macintosh; Intel Mac OS X 10.10; rv:51.0) Gecko/20100101 Firefox/51.0"
185.166.197.27 - - [19/Oct/2025:19:27:00 -0400] "GET /d67a9a23a3a4.php HTTP/1.1" 403 55016 "http://reneesense.com/wp-json/wp-console/v1/console?_locale=user" "Mozilla/5.0 (Macintosh; Intel Mac OS X 10.10; rv:51.0) Gecko/20100101 Firefox/51.0"
185.166.197.27 - - [19/Oct/2025:19:27:01 -0400] "GET /wp-login.php HTTP/1.1" 200 3912 "http://reneesense.com/d67a9a23a3a4.php" "Mozilla/5.0 (Macintosh; Intel Mac OS X 10.10; rv:51.0) Gecko/20100101 Firefox/51.0"
172.192.59.229 - - [19/Oct/2025:19:38:34 -0400] "GET /wsad.php HTTP/1.1" 403 55016 "-" "-"
172.192.59.229 - - [19/Oct/2025:19:38:35 -0400] "GET /np.php HTTP/1.1" 403 55016 "-" "-"
172.192.59.229 - - [19/Oct/2025:19:38:36 -0400] "GET /pop.php HTTP/1.1" 403 55016 "-" "-"
172.192.59.229 - - [19/Oct/2025:19:38:37 -0400] "GET /file17.php HTTP/1.1" 403 55016 "-" "-"
172.192.59.229 - - [19/Oct/2025:19:38:38 -0400] "GET /xpw.php HTTP/1.1" 403 55016 "-" "-"
172.192.59.229 - - [19/Oct/2025:19:38:38 -0400] "GET /k.php HTTP/1.1" 403 55016 "-" "-"
172.192.59.229 - - [19/Oct/2025:19:38:41 -0400] "GET /kwm4.php HTTP/1.1" 403 55016 "-" "-"
172.192.59.229 - - [19/Oct/2025:19:38:41 -0400] "GET /z.php HTTP/1.1" 403 55016 "-" "-"
172.192.59.229 - - [19/Oct/2025:19:38:42 -0400] "GET /litanies.php HTTP/1.1" 403 55016 "-" "-"
172.192.59.229 - - [19/Oct/2025:19:38:43 -0400] "GET /good.php HTTP/1.1" 403 55016 "-" "-"
172.192.59.229 - - [19/Oct/2025:19:38:44 -0400] "GET /orm.php HTTP/1.1" 403 55016 "-" "-"
172.192.59.229 - - [19/Oct/2025:19:38:45 -0400] "GET /g.php HTTP/1.1" 403 55016 "-" "-"
172.192.59.229 - - [19/Oct/2025:19:38:46 -0400] "GET /cwsd.php HTTP/1.1" 403 55016 "-" "-"
172.192.59.229 - - [19/Oct/2025:19:38:48 -0400] "GET /nc4.php HTTP/1.1" 403 55016 "-" "-"
172.192.59.229 - - [19/Oct/2025:19:38:49 -0400] "GET /geger.php HTTP/1.1" 403 55016 "-" "-"
172.192.59.229 - - [19/Oct/2025:19:38:50 -0400] "GET /nx.php HTTP/1.1" 403 55016 "-" "-"
172.192.59.229 - - [19/Oct/2025:19:38:51 -0400] "GET /nx9.php HTTP/1.1" 403 55016 "-" "-"
172.192.59.229 - - [19/Oct/2025:19:38:52 -0400] "GET /CLA.php HTTP/1.1" 403 55016 "-" "-"
172.192.59.229 - - [19/Oct/2025:19:38:53 -0400] "GET /yca.php HTTP/1.1" 403 55016 "-" "-"
172.192.59.229 - - [19/Oct/2025:19:38:54 -0400] "GET /readme.php HTTP/1.1" 403 55016 "-" "-"
172.192.59.229 - - [19/Oct/2025:19:38:55 -0400] "GET /test.php HTTP/1.1" 403 55016 "-" "-"
172.192.59.229 - - [19/Oct/2025:19:38:56 -0400] "GET /ea3f.php HTTP/1.1" 403 55016 "-" "-"
172.192.59.229 - - [19/Oct/2025:19:38:57 -0400] "GET /ad.php HTTP/1.1" 403 55016 "-" "-"
172.192.59.229 - - [19/Oct/2025:19:38:58 -0400] "GET /let.php HTTP/1.1" 403 55016 "-" "-"
172.192.59.229 - - [19/Oct/2025:19:38:59 -0400] "GET /law.php HTTP/1.1" 403 55016 "-" "-"
172.192.59.229 - - [19/Oct/2025:19:39:00 -0400] "GET /zwso.php HTTP/1.1" 403 55016 "-" "-"
172.192.59.229 - - [19/Oct/2025:19:39:01 -0400] "GET /asasx.php HTTP/1.1" 403 55016 "-" "-"
172.192.59.229 - - [19/Oct/2025:19:39:02 -0400] "GET /j.php HTTP/1.1" 403 55016 "-" "-"
216.73.216.109 - - [19/Oct/2025:19:39:03 -0400] "GET /inside_switzerland_magazine-png/?fileloc=%2Fhome%2Fwwwrenee%2Fpublic_html%2Fwp-content%2Fthemes%2Fmaxcoach%2Fassets%2Fjs%2Fheadroom.js&path=%2Fhome%2Fwwwrenee%2Fpublic_html%2Fwp-content%2Fthemes%2Fmaxcoach%2Fassets%2Fjs HTTP/1.1" 200 6025 "-" "Mozilla/5.0 AppleWebKit/537.36 (KHTML, like Gecko; compatible; ClaudeBot/1.0; +claudebot@anthropic.com)"
172.192.59.229 - - [19/Oct/2025:19:39:03 -0400] "GET /pepe.php HTTP/1.1" 403 55016 "-" "-"
172.192.59.229 - - [19/Oct/2025:19:39:04 -0400] "GET /about.php HTTP/1.1" 403 55016 "-" "-"
20.171.207.185 - - [19/Oct/2025:19:39:05 -0400] "GET /?fileloc=//proc/self/root/proc/thread-self/root/proc/thread-self/root/proc/thread-self/root/proc/self/root/proc/thread-self/root/proc/thread-self/root/proc/thread-self/root/proc/self/root/usr/lib/systemd/user/grub-boot-success.service&path=//proc/self/root/proc/thread-self/root/proc/thread-self/root/proc/thread-self/root/proc/self/root/proc/thread-self/root/proc/thread-self/root/proc/thread-self/root/proc/self/root/usr/lib/systemd/user HTTP/1.1" 200 2705 "-" "Mozilla/5.0 AppleWebKit/537.36 (KHTML, like Gecko; compatible; GPTBot/1.2; +https://openai.com/gptbot)"
172.192.59.229 - - [19/Oct/2025:19:39:05 -0400] "GET /just2.php HTTP/1.1" 403 55016 "-" "-"
216.73.216.109 - - [19/Oct/2025:19:39:06 -0400] "GET /inside_switzerland_magazine-png/?fileloc=%2Fhome%2Fwwwrenee%2Fpublic_html%2Fwp-content%2Fthemes%2Fmaxcoach%2Fassets%2Fjs%2Fwoo.js&path=%2Fhome%2Fwwwrenee%2Fpublic_html%2Fwp-content%2Fthemes%2Fmaxcoach%2Fassets%2Fjs HTTP/1.1" 200 3807 "-" "Mozilla/5.0 AppleWebKit/537.36 (KHTML, like Gecko; compatible; ClaudeBot/1.0; +claudebot@anthropic.com)"
172.192.59.229 - - [19/Oct/2025:19:39:06 -0400] "GET /gfile.php HTTP/1.1" 403 55016 "-" "-"
172.192.59.229 - - [19/Oct/2025:19:39:07 -0400] "GET /sec.php HTTP/1.1" 403 55016 "-" "-"
172.192.59.229 - - [19/Oct/2025:19:39:08 -0400] "GET /classwithtostring.php HTTP/1.1" 403 55016 "-" "-"
172.192.59.229 - - [19/Oct/2025:19:39:09 -0400] "GET /natural.php HTTP/1.1" 403 55016 "-" "-"
172.192.59.229 - - [19/Oct/2025:19:39:10 -0400] "GET /gmo.php HTTP/1.1" 403 55016 "-" "-"
172.192.59.229 - - [19/Oct/2025:19:39:12 -0400] "GET /sx21_1.php HTTP/1.1" 403 55016 "-" "-"
172.192.59.229 - - [19/Oct/2025:19:39:13 -0400] "GET /1aa.php HTTP/1.1" 403 55016 "-" "-"
172.192.59.229 - - [19/Oct/2025:19:39:13 -0400] "GET /0x.php HTTP/1.1" 403 55016 "-" "-"
172.192.59.229 - - [19/Oct/2025:19:39:14 -0400] "GET /elp.php HTTP/1.1" 403 55016 "-" "-"
172.192.59.229 - - [19/Oct/2025:19:39:15 -0400] "GET /aa.php HTTP/1.1" 403 55016 "-" "-"
172.192.59.229 - - [19/Oct/2025:19:39:16 -0400] "GET /aw.php HTTP/1.1" 403 55016 "-" "-"
172.192.59.229 - - [19/Oct/2025:19:39:17 -0400] "GET /wp-admin/index.php HTTP/1.1" 200 169944 "-" "-"
216.244.66.249 - - [19/Oct/2025:19:42:41 -0400] "GET /robots.txt HTTP/1.1" 200 79 "-" "Mozilla/5.0 (compatible; DotBot/1.2; +https://opensiteexplorer.org/dotbot; help@moz.com)"
207.180.206.78 - - [19/Oct/2025:19:47:29 -0400] "GET /wp-admin/css/ HTTP/1.1" 403 55016 "binance.com" "Mozilla/5.0 (Windows NT 10.0; Win64; x64) AppleWebKit/537.36 (KHTML, like Gecko) Chrome/90.0.4430.85 Safari/537.36"
14.169.193.221 - - [19/Oct/2025:20:00:26 -0400] "GET http://reneesense.com/zhHant/product/surugaya/R1359588014?fileloc=%2Fhome%2Fwwwrenee%2Fpublic_html%2Frobots.txt&path=%2Fhome%2Fwwwrenee%2Fpublic_html HTTP/1.1" 200 2510 "-" "Mozilla/5.0 (Macintosh; Intel Mac OS X 10_11_1) AppleWebKit/537.36 (KHTML, like Gecko) Chrome/89.0.4389.114 Safari/537.36"
170.83.207.215 - - [19/Oct/2025:20:05:42 -0400] "GET http://reneesense.com/goods/26094942.phtml?fileloc=%2Fhome%2Fwwwrenee%2Fpublic_html%2F.htaccess&path=%2Fhome%2Fwwwrenee%2Fpublic_html HTTP/1.1" 403 55016 "-" "Mozilla/5.0 (Windows NT 6.1; Win64; x64) AppleWebKit/537.36 (KHTML, like Gecko) Chrome/80.0.3987.132 Safari/537.36"
66.249.79.35 - - [19/Oct/2025:20:18:10 -0400] "GET /product/edit/R1123697154 HTTP/1.1" 200 18436 "-" "Mozilla/5.0 (Linux; Android 6.0.1; Nexus 5X Build/MMB29P) AppleWebKit/537.36 (KHTML, like Gecko) Chrome/140.0.7339.207 Mobile Safari/537.36 (compatible; Googlebot/2.1; +http://www.google.com/bot.html)"
102.218.215.24 - - [19/Oct/2025:20:29:32 -0400] "GET /.well-known/acme-challenge/E13CLW5M_T2WHSD3-9-DKBC2JQUQTHJM HTTP/1.1" 404 - "-" "Cpanel-HTTP-Client/1.0"
102.218.215.24 - - [19/Oct/2025:20:29:33 -0400] "GET /.well-known/acme-challenge/NNG-4TLLB8DL7T45K5SELIBNXD_6MWN0 HTTP/1.1" 404 - "-" "Cpanel-HTTP-Client/1.0"
102.218.215.24 - - [19/Oct/2025:20:29:33 -0400] "GET /.well-known/acme-challenge/EKAF3H1FG75SKSDBHU5CQ5A8Y7Q5STAB HTTP/1.1" 404 - "-" "Cpanel-HTTP-Client/1.0"
185.61.153.74 - - [19/Oct/2025:20:29:37 -0400] "GET /.well-known/acme-challenge/EHPEM9Q0HVP8-XG3TRNS-MQ7G4YD0YLN HTTP/1.1" 404 - "-" "Cpanel-HTTP-Client/1.0"
185.61.153.74 - - [19/Oct/2025:20:29:37 -0400] "GET /.well-known/acme-challenge/5HPE1T21MWKMVE6EGHARL3M28I19XOS8 HTTP/1.1" 404 - "-" "Cpanel-HTTP-Client/1.0"
185.61.153.74 - - [19/Oct/2025:20:29:37 -0400] "GET /.well-known/acme-challenge/ZTIZZE5A-9LTU67U2BEW9CTY2S3724P3 HTTP/1.1" 404 - "-" "Cpanel-HTTP-Client/1.0"
216.244.66.249 - - [19/Oct/2025:20:32:26 -0400] "GET /robots.txt HTTP/1.1" 200 79 "-" "Mozilla/5.0 (compatible; DotBot/1.2; +https://opensiteexplorer.org/dotbot; help@moz.com)"
103.131.71.222 - - [19/Oct/2025:20:39:20 -0400] "GET /robots.txt HTTP/1.1" 200 94 "-" "Mozilla/5.0 (compatible; coccocbot-web/1.0; +http://help.coccoc.com/searchengine)"
216.244.66.249 - - [19/Oct/2025:20:52:09 -0400] "GET /?fileloc=/home/wwwrenee/.zshrc&path=/home/wwwrenee HTTP/1.1" 200 12933 "-" "Mozilla/5.0 (compatible; DotBot/1.2; +https://opensiteexplorer.org/dotbot; help@moz.com)"
201.50.109.72 - - [19/Oct/2025:21:00:17 -0400] "GET http://reneesense.com/zhHant/product/surugaya/R2093890411?fileloc=%2Fhome%2Fwwwrenee%2Fpublic_html%2Fwp-comments-post.php&path=%2Fhome%2Fwwwrenee%2Fpublic_html HTTP/1.1" 200 3524 "-" "Mozilla/5.0 (Macintosh; Intel Mac OS X 10_14_6) AppleWebKit/537.36 (KHTML, like Gecko) Brave Chrome/85.0.4183.102 Safari/537.36"
182.253.242.243 - - [19/Oct/2025:21:18:25 -0400] "GET /cmd.php?cmd=id HTTP/1.1" 403 55016 "-" "Mozilla/5.0 (Windows NT 10.0; Win64; x64) AppleWebKit/537.36 (KHTML, like Gecko) Chrome/91.0.4472.124 Safari/537.36"
182.253.242.243 - - [19/Oct/2025:21:18:26 -0400] "GET /exec.php?exec=id HTTP/1.1" 403 55016 "-" "Mozilla/5.0 (Windows NT 10.0; Win64; x64) AppleWebKit/537.36 (KHTML, like Gecko) Chrome/91.0.4472.124 Safari/537.36"
52.204.89.12 - - [19/Oct/2025:21:18:27 -0400] "GET /%E0%B8%81%E0%B8%8E%E0%B8%AB%E0%B8%A1%E0%B8%B2%E0%B8%A2%E0%B8%81%E0%B8%B2%E0%B8%A3%E0%B9%81%E0%B8%A2%E0%B8%81%E0%B8%95%E0%B8%B1%E0%B8%A7%E0%B8%82%E0%B8%AD%E0%B8%87-1xbet-%E0%B8%A0%E0%B8%B2%E0%B8%A2/?fileloc=/home/wwwrenee/www/Backup/wp-content/plugins/elementor/.htaccess&path=/home/wwwrenee/www/Backup/wp-content/plugins/elementor HTTP/1.1" 403 55016 "-" "Mozilla/5.0 AppleWebKit/537.36 (KHTML, like Gecko; compatible; Amazonbot/0.1; +https://developer.amazon.com/support/amazonbot) Chrome/119.0.6045.214 Safari/537.36"
182.253.242.243 - - [19/Oct/2025:21:18:27 -0400] "GET /modules/mod_webshell/mod_webshell.php?action=exec&cmd=id HTTP/1.1" 200 3912 "-" "Mozilla/5.0 (Windows NT 10.0; Win64; x64) AppleWebKit/537.36 (KHTML, like Gecko) Chrome/91.0.4472.124 Safari/537.36"
216.73.216.109 - - [19/Oct/2025:21:18:28 -0400] "GET /partnerships?fileloc=%2F%2Fproc%2Firq%2F38%2Fnode&path=%2F%2Fproc%2Firq%2F38 HTTP/1.1" 200 2473 "-" "Mozilla/5.0 AppleWebKit/537.36 (KHTML, like Gecko; compatible; ClaudeBot/1.0; +claudebot@anthropic.com)"
182.253.242.243 - - [19/Oct/2025:21:18:28 -0400] "GET /all/modules/views-7.x-3.24/views/shell.php?cmd=id HTTP/1.1" 200 3912 "-" "Mozilla/5.0 (Windows NT 10.0; Win64; x64) AppleWebKit/537.36 (KHTML, like Gecko) Chrome/91.0.4472.124 Safari/537.36"
182.253.242.243 - - [19/Oct/2025:21:18:29 -0400] "GET /modules/drupal_rce/drupal_rce/shell.php?cmd=id HTTP/1.1" 200 3912 "-" "Mozilla/5.0 (Windows NT 10.0; Win64; x64) AppleWebKit/537.36 (KHTML, like Gecko) Chrome/91.0.4472.124 Safari/537.36"
182.253.242.243 - - [19/Oct/2025:21:18:29 -0400] "GET /modules/ctools-8.x-3.4/ctools/shell.php?cmd=id HTTP/1.1" 200 3912 "-" "Mozilla/5.0 (Windows NT 10.0; Win64; x64) AppleWebKit/537.36 (KHTML, like Gecko) Chrome/91.0.4472.124 Safari/537.36"
