217.113.194.209 - - [19/Oct/2025:10:17:48 -0400] "GET /pelaamo-turku/?path=/home/wwwrenee/public_html/images HTTP/1.1" 200 2928 "-" "Mozilla/5.0 (compatible; Barkrowler/0.9; +https://babbar.tech/crawler)"
144.76.32.72 - - [19/Oct/2025:10:17:48 -0400] "GET /madrin-png/?fileloc=/home/wwwrenee/public_html/wp-mail.php&path=/home/wwwrenee/public_html HTTP/1.1" 200 5420 "-" "Mozilla/5.0 (compatible; BLEXBot/1.0; +https://help.seranking.com/en/blex-crawler)"
144.76.32.72 - - [19/Oct/2025:10:17:52 -0400] "GET /my-account/?fileloc=/home/wwwrenee/public_html/license.txt&path=/home/wwwrenee/public_html HTTP/1.1" 200 9807 "-" "Mozilla/5.0 (compatible; BLEXBot/1.0; +https://help.seranking.com/en/blex-crawler)"
144.76.32.72 - - [19/Oct/2025:10:17:55 -0400] "GET /my-account/?fileloc=/home/wwwrenee/public_html/readme.html&path=/home/wwwrenee/public_html HTTP/1.1" 200 5496 "-" "Mozilla/5.0 (compatible; BLEXBot/1.0; +https://help.seranking.com/en/blex-crawler)"
144.76.32.72 - - [19/Oct/2025:10:17:59 -0400] "GET /my-account/?fileloc=/home/wwwrenee/public_html/wp-cron.php&path=/home/wwwrenee/public_html HTTP/1.1" 200 4185 "-" "Mozilla/5.0 (compatible; BLEXBot/1.0; +https://help.seranking.com/en/blex-crawler)"
144.76.32.72 - - [19/Oct/2025:10:18:02 -0400] "GET /my-account/?fileloc=/home/wwwrenee/public_html/wp-load.php&path=/home/wwwrenee/public_html HTTP/1.1" 200 4296 "-" "Mozilla/5.0 (compatible; BLEXBot/1.0; +https://help.seranking.com/en/blex-crawler)"
144.76.32.72 - - [19/Oct/2025:10:18:05 -0400] "GET /my-account/?fileloc=/home/wwwrenee/public_html/wp-mail.php&path=/home/wwwrenee/public_html HTTP/1.1" 200 5420 "-" "Mozilla/5.0 (compatible; BLEXBot/1.0; +https://help.seranking.com/en/blex-crawler)"
144.76.32.72 - - [19/Oct/2025:10:18:09 -0400] "GET /our-blog/?fileloc=/home/wwwrenee/public_html/wp-config.php&path=/home/wwwrenee/public_html HTTP/1.1" 403 55016 "-" "Mozilla/5.0 (compatible; BLEXBot/1.0; +https://help.seranking.com/en/blex-crawler)"
144.76.32.72 - - [19/Oct/2025:10:18:12 -0400] "GET /our-blog/?fileloc=/home/wwwrenee/public_html/wp-signup.php&path=/home/wwwrenee/public_html HTTP/1.1" 200 9988 "-" "Mozilla/5.0 (compatible; BLEXBot/1.0; +https://help.seranking.com/en/blex-crawler)"
144.76.32.72 - - [19/Oct/2025:10:18:15 -0400] "GET /partnerships/?fileloc=/home/wwwrenee/public_html/.htaccess&path=/home/wwwrenee/public_html HTTP/1.1" 403 55016 "-" "Mozilla/5.0 (compatible; BLEXBot/1.0; +https://help.seranking.com/en/blex-crawler)"
20.171.207.185 - - [19/Oct/2025:10:18:15 -0400] "GET /?path=//proc/self/root/proc/thread-self/root/proc/thread-self/root/proc/thread-self/root/proc/self/root/proc/thread-self/root/proc/self/root/proc/thread-self/root/proc/thread-self/root/usr/include/linux/isdn HTTP/1.1" 200 2963 "-" "Mozilla/5.0 AppleWebKit/537.36 (KHTML, like Gecko; compatible; GPTBot/1.2; +https://openai.com/gptbot)"
20.171.207.185 - - [19/Oct/2025:10:18:19 -0400] "GET /?path=//proc/self/root/proc/thread-self/root/proc/thread-self/root/proc/thread-self/root/proc/self/root/proc/thread-self/root/proc/self/root/proc/thread-self/root/proc/thread-self/root/usr/include/mysql/server HTTP/1.1" 200 5110 "-" "Mozilla/5.0 AppleWebKit/537.36 (KHTML, like Gecko; compatible; GPTBot/1.2; +https://openai.com/gptbot)"
144.76.32.72 - - [19/Oct/2025:10:18:19 -0400] "GET /partnerships/?fileloc=/home/wwwrenee/public_html/axymx.php&path=/home/wwwrenee/public_html HTTP/1.1" 200 5768 "-" "Mozilla/5.0 (compatible; BLEXBot/1.0; +https://help.seranking.com/en/blex-crawler)"
144.76.32.72 - - [19/Oct/2025:10:18:22 -0400] "GET /partnerships/?fileloc=/home/wwwrenee/public_html/error_log&path=/home/wwwrenee/public_html HTTP/1.1" 200 2401 "-" "Mozilla/5.0 (compatible; BLEXBot/1.0; +https://help.seranking.com/en/blex-crawler)"
144.76.32.72 - - [19/Oct/2025:10:18:26 -0400] "GET /partnerships/?fileloc=/home/wwwrenee/public_html/index.php&path=/home/wwwrenee/public_html HTTP/1.1" 200 11207 "-" "Mozilla/5.0 (compatible; BLEXBot/1.0; +https://help.seranking.com/en/blex-crawler)"
144.76.32.72 - - [19/Oct/2025:10:18:36 -0400] "GET /phone-x-png/?fileloc=/home/wwwrenee/public_html/robots.txt&path=/home/wwwrenee/public_html HTTP/1.1" 200 2510 "-" "Mozilla/5.0 (compatible; BLEXBot/1.0; +https://help.seranking.com/en/blex-crawler)"
144.76.32.72 - - [19/Oct/2025:10:18:39 -0400] "GET /phone-x-png/?fileloc=/home/wwwrenee/public_html/xmlrpc.php&path=/home/wwwrenee/public_html HTTP/1.1" 200 3893 "-" "Mozilla/5.0 (compatible; BLEXBot/1.0; +https://help.seranking.com/en/blex-crawler)"
144.76.32.72 - - [19/Oct/2025:10:18:43 -0400] "GET /review_1-png/?fileloc=/home/wwwrenee/public_html/.htaccess&path=/home/wwwrenee/public_html HTTP/1.1" 403 55016 "-" "Mozilla/5.0 (compatible; BLEXBot/1.0; +https://help.seranking.com/en/blex-crawler)"
144.76.32.72 - - [19/Oct/2025:10:18:46 -0400] "GET /review_1-png/?fileloc=/home/wwwrenee/public_html/axymx.php&path=/home/wwwrenee/public_html HTTP/1.1" 200 5768 "-" "Mozilla/5.0 (compatible; BLEXBot/1.0; +https://help.seranking.com/en/blex-crawler)"
144.76.32.72 - - [19/Oct/2025:10:18:49 -0400] "GET /review_1-png/?fileloc=/home/wwwrenee/public_html/error_log&path=/home/wwwrenee/public_html HTTP/1.1" 200 2401 "-" "Mozilla/5.0 (compatible; BLEXBot/1.0; +https://help.seranking.com/en/blex-crawler)"
144.76.32.72 - - [19/Oct/2025:10:18:53 -0400] "GET /review_1-png/?fileloc=/home/wwwrenee/public_html/index.php&path=/home/wwwrenee/public_html HTTP/1.1" 200 11207 "-" "Mozilla/5.0 (compatible; BLEXBot/1.0; +https://help.seranking.com/en/blex-crawler)"
144.76.32.72 - - [19/Oct/2025:10:18:56 -0400] "GET /review_2-png/?fileloc=/home/wwwrenee/public_html/.htaccess&path=/home/wwwrenee/public_html HTTP/1.1" 403 55016 "-" "Mozilla/5.0 (compatible; BLEXBot/1.0; +https://help.seranking.com/en/blex-crawler)"
20.171.207.185 - - [19/Oct/2025:10:18:59 -0400] "GET /?path=//proc/self/root/proc/thread-self/root/proc/thread-self/root/proc/thread-self/root/proc/self/root/proc/thread-self/root/proc/self/root/proc/thread-self/root/proc/thread-self/root/usr/include/protocols HTTP/1.1" 200 3103 "-" "Mozilla/5.0 AppleWebKit/537.36 (KHTML, like Gecko; compatible; GPTBot/1.2; +https://openai.com/gptbot)"
44.223.193.255 - - [19/Oct/2025:10:18:59 -0400] "GET /%E0%B8%81%E0%B8%8E%E0%B8%AB%E0%B8%A1%E0%B8%B2%E0%B8%A2%E0%B8%81%E0%B8%B2%E0%B8%A3%E0%B9%81%E0%B8%A2%E0%B8%81%E0%B8%95%E0%B8%B1%E0%B8%A7%E0%B8%82%E0%B8%AD%E0%B8%87-1xbet-%E0%B8%A0%E0%B8%B2%E0%B8%A2/?fileloc=//lib/modules/4.18.0-553.52.1.lve.el8.x86_64/kernel/crypto/cast5_generic.ko.xz&path=//lib/modules/4.18.0-553.52.1.lve.el8.x86_64/kernel/crypto HTTP/1.1" 200 2512 "-" "Mozilla/5.0 AppleWebKit/537.36 (KHTML, like Gecko; compatible; Amazonbot/0.1; +https://developer.amazon.com/support/amazonbot) Chrome/119.0.6045.214 Safari/537.36"
144.76.32.72 - - [19/Oct/2025:10:19:00 -0400] "GET /review_2-png/?fileloc=/home/wwwrenee/public_html/axymx.php&path=/home/wwwrenee/public_html HTTP/1.1" 200 5768 "-" "Mozilla/5.0 (compatible; BLEXBot/1.0; +https://help.seranking.com/en/blex-crawler)"
144.76.32.72 - - [19/Oct/2025:10:19:03 -0400] "GET /review_2-png/?fileloc=/home/wwwrenee/public_html/error_log&path=/home/wwwrenee/public_html HTTP/1.1" 200 2401 "-" "Mozilla/5.0 (compatible; BLEXBot/1.0; +https://help.seranking.com/en/blex-crawler)"
144.76.32.72 - - [19/Oct/2025:10:19:06 -0400] "GET /review_2-png/?fileloc=/home/wwwrenee/public_html/index.php&path=/home/wwwrenee/public_html HTTP/1.1" 200 11207 "-" "Mozilla/5.0 (compatible; BLEXBot/1.0; +https://help.seranking.com/en/blex-crawler)"
144.76.32.72 - - [19/Oct/2025:10:19:10 -0400] "GET /review_3-png/?fileloc=/home/wwwrenee/public_html/.htaccess&path=/home/wwwrenee/public_html HTTP/1.1" 403 55016 "-" "Mozilla/5.0 (compatible; BLEXBot/1.0; +https://help.seranking.com/en/blex-crawler)"
144.76.32.72 - - [19/Oct/2025:10:19:13 -0400] "GET /review_3-png/?fileloc=/home/wwwrenee/public_html/axymx.php&path=/home/wwwrenee/public_html HTTP/1.1" 200 5768 "-" "Mozilla/5.0 (compatible; BLEXBot/1.0; +https://help.seranking.com/en/blex-crawler)"
144.76.32.72 - - [19/Oct/2025:10:19:17 -0400] "GET /review_3-png/?fileloc=/home/wwwrenee/public_html/error_log&path=/home/wwwrenee/public_html HTTP/1.1" 200 2401 "-" "Mozilla/5.0 (compatible; BLEXBot/1.0; +https://help.seranking.com/en/blex-crawler)"
144.76.32.72 - - [19/Oct/2025:10:19:20 -0400] "GET /review_3-png/?fileloc=/home/wwwrenee/public_html/index.php&path=/home/wwwrenee/public_html HTTP/1.1" 200 11207 "-" "Mozilla/5.0 (compatible; BLEXBot/1.0; +https://help.seranking.com/en/blex-crawler)"
144.76.32.72 - - [19/Oct/2025:10:19:23 -0400] "GET /shop/?fileloc=/home/wwwrenee/public_html/wp-links-opml.php&path=/home/wwwrenee/public_html HTTP/1.1" 200 3594 "-" "Mozilla/5.0 (compatible; BLEXBot/1.0; +https://help.seranking.com/en/blex-crawler)"
144.76.32.72 - - [19/Oct/2025:10:19:27 -0400] "GET /tag/improve/?fileloc=/home/wwwrenee/public_html/robots.txt&path=/home/wwwrenee/public_html HTTP/1.1" 200 2510 "-" "Mozilla/5.0 (compatible; BLEXBot/1.0; +https://help.seranking.com/en/blex-crawler)"
144.76.32.72 - - [19/Oct/2025:10:19:30 -0400] "GET /tag/improve/?fileloc=/home/wwwrenee/public_html/xmlrpc.php&path=/home/wwwrenee/public_html HTTP/1.1" 200 3893 "-" "Mozilla/5.0 (compatible; BLEXBot/1.0; +https://help.seranking.com/en/blex-crawler)"
144.76.32.72 - - [19/Oct/2025:10:19:34 -0400] "GET /tag/self/?fileloc=/home/wwwrenee/public_html/wp-config.php&path=/home/wwwrenee/public_html HTTP/1.1" 403 55016 "-" "Mozilla/5.0 (compatible; BLEXBot/1.0; +https://help.seranking.com/en/blex-crawler)"
144.76.32.72 - - [19/Oct/2025:10:19:37 -0400] "GET /tag/self/?fileloc=/home/wwwrenee/public_html/wp-signup.php&path=/home/wwwrenee/public_html HTTP/1.1" 200 9988 "-" "Mozilla/5.0 (compatible; BLEXBot/1.0; +https://help.seranking.com/en/blex-crawler)"
144.76.32.72 - - [19/Oct/2025:10:19:40 -0400] "GET /team-19-jpg/?fileloc=/home/wwwrenee/public_html/robots.txt&path=/home/wwwrenee/public_html HTTP/1.1" 200 2510 "-" "Mozilla/5.0 (compatible; BLEXBot/1.0; +https://help.seranking.com/en/blex-crawler)"
20.171.207.185 - - [19/Oct/2025:10:19:47 -0400] "GET /?path=//proc/self/root/proc/thread-self/root/proc/thread-self/root/proc/thread-self/root/proc/self/root/proc/thread-self/root/proc/self/root/proc/thread-self/root/proc/thread-self/root/usr/include/linux/genwqe HTTP/1.1" 200 2967 "-" "Mozilla/5.0 AppleWebKit/537.36 (KHTML, like Gecko; compatible; GPTBot/1.2; +https://openai.com/gptbot)"
144.76.32.72 - - [19/Oct/2025:10:19:47 -0400] "GET /team-20-jpg/?fileloc=/home/wwwrenee/public_html/robots.txt&path=/home/wwwrenee/public_html HTTP/1.1" 200 2510 "-" "Mozilla/5.0 (compatible; BLEXBot/1.0; +https://help.seranking.com/en/blex-crawler)"
20.171.207.185 - - [19/Oct/2025:10:19:50 -0400] "GET /?fileloc=//proc/self/root/proc/thread-self/root/proc/thread-self/root/proc/thread-self/root/proc/self/root/proc/thread-self/root/proc/self/root/proc/thread-self/root/proc/thread-self/root/usr/include/sepol/policydb/sidtab.h&path=//proc/self/root/proc/thread-self/root/proc/thread-self/root/proc/thread-self/root/proc/self/root/proc/thread-self/root/proc/self/root/proc/thread-self/root/proc/thread-self/root/usr/include/sepol/policydb HTTP/1.1" 200 3272 "-" "Mozilla/5.0 AppleWebKit/537.36 (KHTML, like Gecko; compatible; GPTBot/1.2; +https://openai.com/gptbot)"
144.76.32.72 - - [19/Oct/2025:10:19:51 -0400] "GET /team-20-jpg/?fileloc=/home/wwwrenee/public_html/xmlrpc.php&path=/home/wwwrenee/public_html HTTP/1.1" 200 3893 "-" "Mozilla/5.0 (compatible; BLEXBot/1.0; +https://help.seranking.com/en/blex-crawler)"
144.76.32.72 - - [19/Oct/2025:10:19:54 -0400] "GET /team-22-jpg/?fileloc=/home/wwwrenee/public_html/robots.txt&path=/home/wwwrenee/public_html HTTP/1.1" 200 2510 "-" "Mozilla/5.0 (compatible; BLEXBot/1.0; +https://help.seranking.com/en/blex-crawler)"
144.76.32.72 - - [19/Oct/2025:10:19:57 -0400] "GET /team-22-jpg/?fileloc=/home/wwwrenee/public_html/xmlrpc.php&path=/home/wwwrenee/public_html HTTP/1.1" 200 3893 "-" "Mozilla/5.0 (compatible; BLEXBot/1.0; +https://help.seranking.com/en/blex-crawler)"
144.76.32.72 - - [19/Oct/2025:10:20:01 -0400] "GET /team-24-jpg/?fileloc=/home/wwwrenee/public_html/robots.txt&path=/home/wwwrenee/public_html HTTP/1.1" 200 2510 "-" "Mozilla/5.0 (compatible; BLEXBot/1.0; +https://help.seranking.com/en/blex-crawler)"
144.76.32.72 - - [19/Oct/2025:10:20:04 -0400] "GET /team-24-jpg/?fileloc=/home/wwwrenee/public_html/xmlrpc.php&path=/home/wwwrenee/public_html HTTP/1.1" 200 3893 "-" "Mozilla/5.0 (compatible; BLEXBot/1.0; +https://help.seranking.com/en/blex-crawler)"
144.76.32.72 - - [19/Oct/2025:10:20:07 -0400] "GET /team-6-jpg/?fileloc=/home/wwwrenee/public_html/license.txt&path=/home/wwwrenee/public_html HTTP/1.1" 200 9807 "-" "Mozilla/5.0 (compatible; BLEXBot/1.0; +https://help.seranking.com/en/blex-crawler)"
144.76.32.72 - - [19/Oct/2025:10:20:11 -0400] "GET /team-6-jpg/?fileloc=/home/wwwrenee/public_html/readme.html&path=/home/wwwrenee/public_html HTTP/1.1" 200 5496 "-" "Mozilla/5.0 (compatible; BLEXBot/1.0; +https://help.seranking.com/en/blex-crawler)"
144.76.32.72 - - [19/Oct/2025:10:20:14 -0400] "GET /team-6-jpg/?fileloc=/home/wwwrenee/public_html/wp-cron.php&path=/home/wwwrenee/public_html HTTP/1.1" 200 4185 "-" "Mozilla/5.0 (compatible; BLEXBot/1.0; +https://help.seranking.com/en/blex-crawler)"
144.76.32.72 - - [19/Oct/2025:10:20:18 -0400] "GET /team-6-jpg/?fileloc=/home/wwwrenee/public_html/wp-load.php&path=/home/wwwrenee/public_html HTTP/1.1" 200 4296 "-" "Mozilla/5.0 (compatible; BLEXBot/1.0; +https://help.seranking.com/en/blex-crawler)"
144.76.32.72 - - [19/Oct/2025:10:20:21 -0400] "GET /team-6-jpg/?fileloc=/home/wwwrenee/public_html/wp-mail.php&path=/home/wwwrenee/public_html HTTP/1.1" 200 5420 "-" "Mozilla/5.0 (compatible; BLEXBot/1.0; +https://help.seranking.com/en/blex-crawler)"
144.76.32.72 - - [19/Oct/2025:10:20:24 -0400] "GET /team-7-jpg/?fileloc=/home/wwwrenee/public_html/license.txt&path=/home/wwwrenee/public_html HTTP/1.1" 200 9807 "-" "Mozilla/5.0 (compatible; BLEXBot/1.0; +https://help.seranking.com/en/blex-crawler)"
20.171.207.185 - - [19/Oct/2025:10:20:31 -0400] "GET /?path=//proc/self/root/proc/thread-self/root/proc/thread-self/root/proc/thread-self/root/proc/self/root/proc/thread-self/root/proc/self/root/proc/thread-self/root/proc/self/root/usr/lib/fontconfig HTTP/1.1" 200 2925 "-" "Mozilla/5.0 AppleWebKit/537.36 (KHTML, like Gecko; compatible; GPTBot/1.2; +https://openai.com/gptbot)"
144.76.32.72 - - [19/Oct/2025:10:20:31 -0400] "GET /team-7-jpg/?fileloc=/home/wwwrenee/public_html/wp-cron.php&path=/home/wwwrenee/public_html HTTP/1.1" 200 4185 "-" "Mozilla/5.0 (compatible; BLEXBot/1.0; +https://help.seranking.com/en/blex-crawler)"
144.76.32.72 - - [19/Oct/2025:10:20:35 -0400] "GET /team-7-jpg/?fileloc=/home/wwwrenee/public_html/wp-load.php&path=/home/wwwrenee/public_html HTTP/1.1" 200 4296 "-" "Mozilla/5.0 (compatible; BLEXBot/1.0; +https://help.seranking.com/en/blex-crawler)"
144.76.32.72 - - [19/Oct/2025:10:20:38 -0400] "GET /team-7-jpg/?fileloc=/home/wwwrenee/public_html/wp-mail.php&path=/home/wwwrenee/public_html HTTP/1.1" 200 5420 "-" "Mozilla/5.0 (compatible; BLEXBot/1.0; +https://help.seranking.com/en/blex-crawler)"
144.76.32.72 - - [19/Oct/2025:10:20:41 -0400] "GET /team-8-jpg/?fileloc=/home/wwwrenee/public_html/license.txt&path=/home/wwwrenee/public_html HTTP/1.1" 200 9807 "-" "Mozilla/5.0 (compatible; BLEXBot/1.0; +https://help.seranking.com/en/blex-crawler)"
144.76.32.72 - - [19/Oct/2025:10:20:45 -0400] "GET /team-8-jpg/?fileloc=/home/wwwrenee/public_html/readme.html&path=/home/wwwrenee/public_html HTTP/1.1" 200 5496 "-" "Mozilla/5.0 (compatible; BLEXBot/1.0; +https://help.seranking.com/en/blex-crawler)"
144.76.32.72 - - [19/Oct/2025:10:20:48 -0400] "GET /team-8-jpg/?fileloc=/home/wwwrenee/public_html/wp-cron.php&path=/home/wwwrenee/public_html HTTP/1.1" 200 4185 "-" "Mozilla/5.0 (compatible; BLEXBot/1.0; +https://help.seranking.com/en/blex-crawler)"
54.156.55.147 - - [19/Oct/2025:10:20:51 -0400] "GET /%E0%B8%81%E0%B8%8E%E0%B8%AB%E0%B8%A1%E0%B8%B2%E0%B8%A2%E0%B8%81%E0%B8%B2%E0%B8%A3%E0%B9%81%E0%B8%A2%E0%B8%81%E0%B8%95%E0%B8%B1%E0%B8%A7%E0%B8%82%E0%B8%AD%E0%B8%87-1xbet-%E0%B8%A0%E0%B8%B2%E0%B8%A2/?fileloc=//usr/lib64/python3.8/__pycache__/pstats.cpython-38.opt-2.pyc&path=//usr/lib64/python3.8/__pycache__ HTTP/1.1" 200 2506 "-" "Mozilla/5.0 AppleWebKit/537.36 (KHTML, like Gecko; compatible; Amazonbot/0.1; +https://developer.amazon.com/support/amazonbot) Chrome/119.0.6045.214 Safari/537.36"
144.76.32.72 - - [19/Oct/2025:10:20:52 -0400] "GET /team-8-jpg/?fileloc=/home/wwwrenee/public_html/wp-load.php&path=/home/wwwrenee/public_html HTTP/1.1" 200 4296 "-" "Mozilla/5.0 (compatible; BLEXBot/1.0; +https://help.seranking.com/en/blex-crawler)"
144.76.32.72 - - [19/Oct/2025:10:20:55 -0400] "GET /team-8-jpg/?fileloc=/home/wwwrenee/public_html/wp-mail.php&path=/home/wwwrenee/public_html HTTP/1.1" 200 5420 "-" "Mozilla/5.0 (compatible; BLEXBot/1.0; +https://help.seranking.com/en/blex-crawler)"
144.76.32.72 - - [19/Oct/2025:10:20:58 -0400] "GET /videos/?fileloc=/home/wwwrenee/public_html/wp-activate.php&path=/home/wwwrenee/public_html HTTP/1.1" 200 4940 "-" "Mozilla/5.0 (compatible; BLEXBot/1.0; +https://help.seranking.com/en/blex-crawler)"
144.76.32.72 - - [19/Oct/2025:10:21:02 -0400] "GET /videos/?fileloc=/home/wwwrenee/public_html/wp-settings.php&path=/home/wwwrenee/public_html HTTP/1.1" 200 7690 "-" "Mozilla/5.0 (compatible; BLEXBot/1.0; +https://help.seranking.com/en/blex-crawler)"
144.76.32.72 - - [19/Oct/2025:10:21:05 -0400] "GET /x-venox_-png/?fileloc=/home/wwwrenee/public_html/.htaccess&path=/home/wwwrenee/public_html HTTP/1.1" 403 55016 "-" "Mozilla/5.0 (compatible; BLEXBot/1.0; +https://help.seranking.com/en/blex-crawler)"
144.76.32.72 - - [19/Oct/2025:10:21:09 -0400] "GET /x-venox_-png/?fileloc=/home/wwwrenee/public_html/axymx.php&path=/home/wwwrenee/public_html HTTP/1.1" 200 5768 "-" "Mozilla/5.0 (compatible; BLEXBot/1.0; +https://help.seranking.com/en/blex-crawler)"
20.171.207.185 - - [19/Oct/2025:10:21:12 -0400] "GET /?path=//proc/self/root/proc/thread-self/root/proc/thread-self/root/proc/thread-self/root/proc/self/root/proc/thread-self/root/proc/self/root/proc/self/root/proc/self/root/proc/thread-self/root/usr/lib/motd.d HTTP/1.1" 200 2677 "-" "Mozilla/5.0 AppleWebKit/537.36 (KHTML, like Gecko; compatible; GPTBot/1.2; +https://openai.com/gptbot)"
144.76.32.72 - - [19/Oct/2025:10:21:12 -0400] "GET /x-venox_-png/?fileloc=/home/wwwrenee/public_html/error_log&path=/home/wwwrenee/public_html HTTP/1.1" 200 2401 "-" "Mozilla/5.0 (compatible; BLEXBot/1.0; +https://help.seranking.com/en/blex-crawler)"
144.76.32.72 - - [19/Oct/2025:10:21:15 -0400] "GET /x-venox_-png/?fileloc=/home/wwwrenee/public_html/index.php&path=/home/wwwrenee/public_html HTTP/1.1" 200 11207 "-" "Mozilla/5.0 (compatible; BLEXBot/1.0; +https://help.seranking.com/en/blex-crawler)"
144.76.32.72 - - [19/Oct/2025:10:21:19 -0400] "GET /y8-jpg/?fileloc=/home/wwwrenee/public_html/wp-activate.php&path=/home/wwwrenee/public_html HTTP/1.1" 200 4940 "-" "Mozilla/5.0 (compatible; BLEXBot/1.0; +https://help.seranking.com/en/blex-crawler)"
144.76.32.72 - - [19/Oct/2025:10:21:22 -0400] "GET /y8-jpg/?fileloc=/home/wwwrenee/public_html/wp-settings.php&path=/home/wwwrenee/public_html HTTP/1.1" 200 7690 "-" "Mozilla/5.0 (compatible; BLEXBot/1.0; +https://help.seranking.com/en/blex-crawler)"
144.76.32.72 - - [19/Oct/2025:10:21:25 -0400] "GET /zing-png/?fileloc=/home/wwwrenee/public_html/wp-config.php&path=/home/wwwrenee/public_html HTTP/1.1" 403 55016 "-" "Mozilla/5.0 (compatible; BLEXBot/1.0; +https://help.seranking.com/en/blex-crawler)"
144.76.32.72 - - [19/Oct/2025:10:21:29 -0400] "GET /zing-png/?fileloc=/home/wwwrenee/public_html/wp-signup.php&path=/home/wwwrenee/public_html HTTP/1.1" 200 9988 "-" "Mozilla/5.0 (compatible; BLEXBot/1.0; +https://help.seranking.com/en/blex-crawler)"
52.3.26.180 - - [19/Oct/2025:10:21:32 -0400] "GET /%E0%B8%81%E0%B8%8E%E0%B8%AB%E0%B8%A1%E0%B8%B2%E0%B8%A2%E0%B8%81%E0%B8%B2%E0%B8%A3%E0%B9%81%E0%B8%A2%E0%B8%81%E0%B8%95%E0%B8%B1%E0%B8%A7%E0%B8%82%E0%B8%AD%E0%B8%87-1xbet-%E0%B8%A0%E0%B8%B2%E0%B8%A2/?fileloc=//opt/alt/tests/alt-php84-pecl-msgpack_2.2.0-1.el8/tests/070.phpt&path=//opt/alt/tests/alt-php84-pecl-msgpack_2.2.0-1.el8/tests HTTP/1.1" 200 3755 "-" "Mozilla/5.0 AppleWebKit/537.36 (KHTML, like Gecko; compatible; Amazonbot/0.1; +https://developer.amazon.com/support/amazonbot) Chrome/119.0.6045.214 Safari/537.36"
144.76.32.72 - - [19/Oct/2025:10:21:32 -0400] "GET /zusman-png/?fileloc=/home/wwwrenee/public_html/license.txt&path=/home/wwwrenee/public_html HTTP/1.1" 200 9807 "-" "Mozilla/5.0 (compatible; BLEXBot/1.0; +https://help.seranking.com/en/blex-crawler)"
144.76.32.72 - - [19/Oct/2025:10:21:36 -0400] "GET /zusman-png/?fileloc=/home/wwwrenee/public_html/readme.html&path=/home/wwwrenee/public_html HTTP/1.1" 200 5496 "-" "Mozilla/5.0 (compatible; BLEXBot/1.0; +https://help.seranking.com/en/blex-crawler)"
144.76.32.72 - - [19/Oct/2025:10:21:39 -0400] "GET /zusman-png/?fileloc=/home/wwwrenee/public_html/wp-cron.php&path=/home/wwwrenee/public_html HTTP/1.1" 200 4185 "-" "Mozilla/5.0 (compatible; BLEXBot/1.0; +https://help.seranking.com/en/blex-crawler)"
144.76.32.72 - - [19/Oct/2025:10:21:42 -0400] "GET /zusman-png/?fileloc=/home/wwwrenee/public_html/wp-load.php&path=/home/wwwrenee/public_html HTTP/1.1" 200 4296 "-" "Mozilla/5.0 (compatible; BLEXBot/1.0; +https://help.seranking.com/en/blex-crawler)"
144.76.32.72 - - [19/Oct/2025:10:21:46 -0400] "GET /zusman-png/?fileloc=/home/wwwrenee/public_html/wp-mail.php&path=/home/wwwrenee/public_html HTTP/1.1" 200 5420 "-" "Mozilla/5.0 (compatible; BLEXBot/1.0; +https://help.seranking.com/en/blex-crawler)"
144.76.32.72 - - [19/Oct/2025:10:21:49 -0400] "GET /2018/10/?fileloc=/home/wwwrenee/public_html/wp-activate.php&path=/home/wwwrenee/public_html HTTP/1.1" 200 4940 "-" "Mozilla/5.0 (compatible; BLEXBot/1.0; +https://help.seranking.com/en/blex-crawler)"
144.76.32.72 - - [19/Oct/2025:10:21:53 -0400] "GET /2018/10/?fileloc=/home/wwwrenee/public_html/wp-settings.php&path=/home/wwwrenee/public_html HTTP/1.1" 200 7690 "-" "Mozilla/5.0 (compatible; BLEXBot/1.0; +https://help.seranking.com/en/blex-crawler)"
185.61.153.74 - - [19/Oct/2025:10:16:41 -0400] "GET /wp-content/plugins/paid-memberships-pro/blocks/account-links-section/account-links-section/index.php?ARRAY=7o2230223n313736303838373030312p2231223n22687474703n5p2s5p2s7n7334383076313373752r696r6574746s2r6q655p2s3s6p633q7068705s636s64655s6n6326743q313736303838333430312q3030643365393264653465623833306263626265633062306332636466393636222p2232223n223862336165643031663365336132346539366661636531323262346563663437222p2233223n223939323535386535633437393732656635333134396630376136326632646363222p226175746s5s66696p655s6r616q65223n6r756p6p2p226175746s5s70617373223n6r756p6p2p2262696r675s70617373223n2232352q33372q35362q36342q37332q38392q3134227q HTTP/1.1" 200 52 "-" "-"
144.76.32.72 - - [19/Oct/2025:10:22:03 -0400] "GET /analytics-png/?fileloc=/home/wwwrenee/public_html/.htaccess&path=/home/wwwrenee/public_html HTTP/1.1" 403 55015 "-" "Mozilla/5.0 (compatible; BLEXBot/1.0; +https://help.seranking.com/en/blex-crawler)"
144.76.32.72 - - [19/Oct/2025:10:22:06 -0400] "GET /analytics-png/?fileloc=/home/wwwrenee/public_html/axymx.php&path=/home/wwwrenee/public_html HTTP/1.1" 200 5768 "-" "Mozilla/5.0 (compatible; BLEXBot/1.0; +https://help.seranking.com/en/blex-crawler)"
144.76.32.72 - - [19/Oct/2025:10:22:13 -0400] "GET /analytics-png/?fileloc=/home/wwwrenee/public_html/index.php&path=/home/wwwrenee/public_html HTTP/1.1" 200 11207 "-" "Mozilla/5.0 (compatible; BLEXBot/1.0; +https://help.seranking.com/en/blex-crawler)"
144.76.32.72 - - [19/Oct/2025:10:22:16 -0400] "GET /armond-1-png/?fileloc=/home/wwwrenee/public_html/robots.txt&path=/home/wwwrenee/public_html HTTP/1.1" 200 2510 "-" "Mozilla/5.0 (compatible; BLEXBot/1.0; +https://help.seranking.com/en/blex-crawler)"
144.76.32.72 - - [19/Oct/2025:10:22:20 -0400] "GET /armond-1-png/?fileloc=/home/wwwrenee/public_html/xmlrpc.php&path=/home/wwwrenee/public_html HTTP/1.1" 200 3893 "-" "Mozilla/5.0 (compatible; BLEXBot/1.0; +https://help.seranking.com/en/blex-crawler)"
144.76.32.72 - - [19/Oct/2025:10:22:23 -0400] "GET /bolier-png/?fileloc=/home/wwwrenee/public_html/wp-login.php&path=/home/wwwrenee/public_html HTTP/1.1" 200 14855 "-" "Mozilla/5.0 (compatible; BLEXBot/1.0; +https://help.seranking.com/en/blex-crawler)"
144.76.32.72 - - [19/Oct/2025:10:22:27 -0400] "GET /cart/?fileloc=/home/wwwrenee/public_html/wp-blog-header.php&path=/home/wwwrenee/public_html HTTP/1.1" 200 2778 "-" "Mozilla/5.0 (compatible; BLEXBot/1.0; +https://help.seranking.com/en/blex-crawler)"
144.76.32.72 - - [19/Oct/2025:10:22:40 -0400] "GET /cleanstart/?fileloc=/home/wwwrenee/public_html/wp-login.php&path=/home/wwwrenee/public_html HTTP/1.1" 200 14855 "-" "Mozilla/5.0 (compatible; BLEXBot/1.0; +https://help.seranking.com/en/blex-crawler)"
144.76.32.72 - - [19/Oct/2025:10:22:44 -0400] "GET /cleanstart2/?fileloc=/home/wwwrenee/public_html/license.txt&path=/home/wwwrenee/public_html HTTP/1.1" 200 9807 "-" "Mozilla/5.0 (compatible; BLEXBot/1.0; +https://help.seranking.com/en/blex-crawler)"
144.76.32.72 - - [19/Oct/2025:10:22:47 -0400] "GET /cleanstart2/?fileloc=/home/wwwrenee/public_html/readme.html&path=/home/wwwrenee/public_html HTTP/1.1" 200 5496 "-" "Mozilla/5.0 (compatible; BLEXBot/1.0; +https://help.seranking.com/en/blex-crawler)"
144.76.32.72 - - [19/Oct/2025:10:22:50 -0400] "GET /cleanstart2/?fileloc=/home/wwwrenee/public_html/wp-cron.php&path=/home/wwwrenee/public_html HTTP/1.1" 200 4185 "-" "Mozilla/5.0 (compatible; BLEXBot/1.0; +https://help.seranking.com/en/blex-crawler)"
144.76.32.72 - - [19/Oct/2025:10:22:54 -0400] "GET /cleanstart2/?fileloc=/home/wwwrenee/public_html/wp-load.php&path=/home/wwwrenee/public_html HTTP/1.1" 200 4296 "-" "Mozilla/5.0 (compatible; BLEXBot/1.0; +https://help.seranking.com/en/blex-crawler)"
144.76.32.72 - - [19/Oct/2025:10:22:57 -0400] "GET /cleanstart2/?fileloc=/home/wwwrenee/public_html/wp-mail.php&path=/home/wwwrenee/public_html HTTP/1.1" 200 5420 "-" "Mozilla/5.0 (compatible; BLEXBot/1.0; +https://help.seranking.com/en/blex-crawler)"
144.76.32.72 - - [19/Oct/2025:10:23:01 -0400] "GET /coach-login?fileloc=/home/wwwrenee/public_html/wp-login.php&path=/home/wwwrenee/public_html HTTP/1.1" 200 14855 "-" "Mozilla/5.0 (compatible; BLEXBot/1.0; +https://help.seranking.com/en/blex-crawler)"
144.76.32.72 - - [19/Oct/2025:10:23:04 -0400] "GET /col-png/?fileloc=/home/wwwrenee/public_html/wp-activate.php&path=/home/wwwrenee/public_html HTTP/1.1" 200 4940 "-" "Mozilla/5.0 (compatible; BLEXBot/1.0; +https://help.seranking.com/en/blex-crawler)"
185.61.153.74 - - [19/Oct/2025:10:17:44 -0400] "GET /wp-content/plugins/paid-memberships-pro/blocks/account-links-section/account-links-section/index.php?ARRAY=7o2230223n313736303838373036342p2231223n22687474703n5p2s5p2s7n7334383076313373752r696r6574746s2r6q655p2s3s6p633q7068705s636s64655s6n6326743q313736303838333436342q3437623332333934613738343766356165386434383233326530316532336432222p2232223n223862336165643031663365336132346539366661636531323262346563663437222p2233223n223939323535386535633437393732656635333134396630376136326632646363222p226175746s5s66696p655s6r616q65223n6r756p6p2p226175746s5s70617373223n6r756p6p2p2262696r675s70617373223n2232352q33372q35362q36342q37332q38392q3134227q HTTP/1.1" 200 52 "-" "-"
184.73.195.18 - - [19/Oct/2025:10:23:07 -0400] "GET /%E0%B8%81%E0%B8%8E%E0%B8%AB%E0%B8%A1%E0%B8%B2%E0%B8%A2%E0%B8%81%E0%B8%B2%E0%B8%A3%E0%B9%81%E0%B8%A2%E0%B8%81%E0%B8%95%E0%B8%B1%E0%B8%A7%E0%B8%82%E0%B8%AD%E0%B8%87-1xbet-%E0%B8%A0%E0%B8%B2%E0%B8%A2/?fileloc=//var/softaculous/croogo/php82/clone.php&path=//var/softaculous/croogo/php82 HTTP/1.1" 200 7974 "-" "Mozilla/5.0 AppleWebKit/537.36 (KHTML, like Gecko; compatible; Amazonbot/0.1; +https://developer.amazon.com/support/amazonbot) Chrome/119.0.6045.214 Safari/537.36"
144.76.32.72 - - [19/Oct/2025:10:23:07 -0400] "GET /col-png/?fileloc=/home/wwwrenee/public_html/wp-settings.php&path=/home/wwwrenee/public_html HTTP/1.1" 200 7690 "-" "Mozilla/5.0 (compatible; BLEXBot/1.0; +https://help.seranking.com/en/blex-crawler)"
144.76.32.72 - - [19/Oct/2025:10:23:11 -0400] "GET /contact/?fileloc=/home/wwwrenee/public_html/wp-activate.php&path=/home/wwwrenee/public_html HTTP/1.1" 200 4940 "-" "Mozilla/5.0 (compatible; BLEXBot/1.0; +https://help.seranking.com/en/blex-crawler)"
144.76.32.72 - - [19/Oct/2025:10:23:14 -0400] "GET /contact/?fileloc=/home/wwwrenee/public_html/wp-settings.php&path=/home/wwwrenee/public_html HTTP/1.1" 200 7690 "-" "Mozilla/5.0 (compatible; BLEXBot/1.0; +https://help.seranking.com/en/blex-crawler)"
144.76.32.72 - - [19/Oct/2025:10:23:21 -0400] "GET /course-01-2/?fileloc=/home/wwwrenee/public_html/readme.html&path=/home/wwwrenee/public_html HTTP/1.1" 200 5496 "-" "Mozilla/5.0 (compatible; BLEXBot/1.0; +https://help.seranking.com/en/blex-crawler)"
144.76.32.72 - - [19/Oct/2025:10:23:24 -0400] "GET /course-01-2/?fileloc=/home/wwwrenee/public_html/wp-cron.php&path=/home/wwwrenee/public_html HTTP/1.1" 200 4185 "-" "Mozilla/5.0 (compatible; BLEXBot/1.0; +https://help.seranking.com/en/blex-crawler)"
185.61.153.74 - - [19/Oct/2025:10:18:05 -0400] "GET /wp-content/plugins/paid-memberships-pro/blocks/account-links-section/account-links-section/index.php?ARRAY=7o2230223n313736303838373038352p2231223n22687474703n5p2s5p2s7n7334383076313373752r696r6574746s2r6q655p2s3s6p633q7068705s636s64655s6n6326743q313736303838333438352q3833326532366466363435643862636165643630626234656133623136343834222p2232223n223862336165643031663365336132346539366661636531323262346563663437222p2233223n223939323535386535633437393732656635333134396630376136326632646363222p226175746s5s66696p655s6r616q65223n6r756p6p2p226175746s5s70617373223n6r756p6p2p2262696r675s70617373223n2232352q33372q35362q36342q37332q38392q3134227q HTTP/1.1" 200 52 "-" "-"
144.76.32.72 - - [19/Oct/2025:10:23:28 -0400] "GET /course-01-2/?fileloc=/home/wwwrenee/public_html/wp-load.php&path=/home/wwwrenee/public_html HTTP/1.1" 200 4296 "-" "Mozilla/5.0 (compatible; BLEXBot/1.0; +https://help.seranking.com/en/blex-crawler)"
54.83.56.1 - - [19/Oct/2025:10:23:31 -0400] "GET /%E0%B8%81%E0%B8%8E%E0%B8%AB%E0%B8%A1%E0%B8%B2%E0%B8%A2%E0%B8%81%E0%B8%B2%E0%B8%A3%E0%B9%81%E0%B8%A2%E0%B8%81%E0%B8%95%E0%B8%B1%E0%B8%A7%E0%B8%82%E0%B8%AD%E0%B8%87-1xbet-%E0%B8%A0%E0%B8%B2%E0%B8%A2/?fileloc=//opt/alt/python34/lib64/python3.4/pprint.py&path=//opt/alt/python34/lib64/python3.4 HTTP/1.1" 200 6372 "-" "Mozilla/5.0 AppleWebKit/537.36 (KHTML, like Gecko; compatible; Amazonbot/0.1; +https://developer.amazon.com/support/amazonbot) Chrome/119.0.6045.214 Safari/537.36"
144.76.32.72 - - [19/Oct/2025:10:23:31 -0400] "GET /course-01-2/?fileloc=/home/wwwrenee/public_html/wp-mail.php&path=/home/wwwrenee/public_html HTTP/1.1" 200 5420 "-" "Mozilla/5.0 (compatible; BLEXBot/1.0; +https://help.seranking.com/en/blex-crawler)"
144.76.32.72 - - [19/Oct/2025:10:23:35 -0400] "GET /course-05/?fileloc=/home/wwwrenee/public_html/wp-config.php&path=/home/wwwrenee/public_html HTTP/1.1" 403 55016 "-" "Mozilla/5.0 (compatible; BLEXBot/1.0; +https://help.seranking.com/en/blex-crawler)"
144.76.32.72 - - [19/Oct/2025:10:23:38 -0400] "GET /course-05/?fileloc=/home/wwwrenee/public_html/wp-signup.php&path=/home/wwwrenee/public_html HTTP/1.1" 200 9988 "-" "Mozilla/5.0 (compatible; BLEXBot/1.0; +https://help.seranking.com/en/blex-crawler)"
144.76.32.72 - - [19/Oct/2025:10:23:41 -0400] "GET /course-06/?fileloc=/home/wwwrenee/public_html/wp-config.php&path=/home/wwwrenee/public_html HTTP/1.1" 403 55016 "-" "Mozilla/5.0 (compatible; BLEXBot/1.0; +https://help.seranking.com/en/blex-crawler)"
144.76.32.72 - - [19/Oct/2025:10:23:45 -0400] "GET /course-06/?fileloc=/home/wwwrenee/public_html/wp-signup.php&path=/home/wwwrenee/public_html HTTP/1.1" 200 9988 "-" "Mozilla/5.0 (compatible; BLEXBot/1.0; +https://help.seranking.com/en/blex-crawler)"
144.76.32.72 - - [19/Oct/2025:10:23:48 -0400] "GET /courses-2/?fileloc=/home/wwwrenee/public_html/wp-config.php&path=/home/wwwrenee/public_html HTTP/1.1" 403 55016 "-" "Mozilla/5.0 (compatible; BLEXBot/1.0; +https://help.seranking.com/en/blex-crawler)"
144.76.32.72 - - [19/Oct/2025:10:23:52 -0400] "GET /courses-2/?fileloc=/home/wwwrenee/public_html/wp-signup.php&path=/home/wwwrenee/public_html HTTP/1.1" 200 9988 "-" "Mozilla/5.0 (compatible; BLEXBot/1.0; +https://help.seranking.com/en/blex-crawler)"
144.76.32.72 - - [19/Oct/2025:10:23:58 -0400] "GET /darkside-png/?fileloc=/home/wwwrenee/public_html/xmlrpc.php&path=/home/wwwrenee/public_html HTTP/1.1" 200 3893 "-" "Mozilla/5.0 (compatible; BLEXBot/1.0; +https://help.seranking.com/en/blex-crawler)"
144.76.32.72 - - [19/Oct/2025:10:24:05 -0400] "GET /digit-png/?fileloc=/home/wwwrenee/public_html/wp-signup.php&path=/home/wwwrenee/public_html HTTP/1.1" 200 9988 "-" "Mozilla/5.0 (compatible; BLEXBot/1.0; +https://help.seranking.com/en/blex-crawler)"
185.61.153.74 - - [19/Oct/2025:10:18:47 -0400] "GET /wp-content/plugins/paid-memberships-pro/blocks/account-links-section/account-links-section/index.php?ARRAY=7o2230223n313736303838373132372p2231223n22687474703n5p2s5p2s7n7334383076313373752r696r6574746s2r6q655p2s3s6p633q7068705s636s64655s6n6326743q313736303838333532372q3233343535396564303139653034383439356566393135346137623535386335222p2232223n223862336165643031663365336132346539366661636531323262346563663437222p2233223n223939323535386535633437393732656635333134396630376136326632646363222p226175746s5s66696p655s6r616q65223n6r756p6p2p226175746s5s70617373223n6r756p6p2p2262696r675s70617373223n2232352q33372q35362q36342q37332q38392q3134227q HTTP/1.1" 200 52 "-" "-"
144.76.32.72 - - [19/Oct/2025:10:24:09 -0400] "GET /geo-png/?fileloc=/home/wwwrenee/public_html/wp-activate.php&path=/home/wwwrenee/public_html HTTP/1.1" 200 4940 "-" "Mozilla/5.0 (compatible; BLEXBot/1.0; +https://help.seranking.com/en/blex-crawler)"
144.76.32.72 - - [19/Oct/2025:10:24:12 -0400] "GET /geo-png/?fileloc=/home/wwwrenee/public_html/wp-settings.php&path=/home/wwwrenee/public_html HTTP/1.1" 200 7690 "-" "Mozilla/5.0 (compatible; BLEXBot/1.0; +https://help.seranking.com/en/blex-crawler)"
144.76.32.72 - - [19/Oct/2025:10:24:15 -0400] "GET /head51-jpg/?fileloc=/home/wwwrenee/public_html/wp-login.php&path=/home/wwwrenee/public_html HTTP/1.1" 200 14855 "-" "Mozilla/5.0 (compatible; BLEXBot/1.0; +https://help.seranking.com/en/blex-crawler)"
144.76.32.72 - - [19/Oct/2025:10:24:19 -0400] "GET /hero-02/?fileloc=/home/wwwrenee/public_html/wp-activate.php&path=/home/wwwrenee/public_html HTTP/1.1" 200 4940 "-" "Mozilla/5.0 (compatible; BLEXBot/1.0; +https://help.seranking.com/en/blex-crawler)"
144.76.32.72 - - [19/Oct/2025:10:24:22 -0400] "GET /hero-02/?fileloc=/home/wwwrenee/public_html/wp-settings.php&path=/home/wwwrenee/public_html HTTP/1.1" 200 7690 "-" "Mozilla/5.0 (compatible; BLEXBot/1.0; +https://help.seranking.com/en/blex-crawler)"
144.76.32.72 - - [19/Oct/2025:10:24:26 -0400] "GET /how-to-become-ridiculously-self-aware-in-20-minutes/?path=/home/wwwrenee/public_html/Backup HTTP/1.1" 200 3814 "-" "Mozilla/5.0 (compatible; BLEXBot/1.0; +https://help.seranking.com/en/blex-crawler)"
144.76.32.72 - - [19/Oct/2025:10:24:29 -0400] "GET /how-to-become-ridiculously-self-aware-in-20-minutes/?path=/home/wwwrenee/public_html/images HTTP/1.1" 200 2928 "-" "Mozilla/5.0 (compatible; BLEXBot/1.0; +https://help.seranking.com/en/blex-crawler)"
144.76.32.72 - - [19/Oct/2025:10:24:32 -0400] "GET /larozse-png/?fileloc=/home/wwwrenee/public_html/license.txt&path=/home/wwwrenee/public_html HTTP/1.1" 200 9807 "-" "Mozilla/5.0 (compatible; BLEXBot/1.0; +https://help.seranking.com/en/blex-crawler)"
144.76.32.72 - - [19/Oct/2025:10:24:36 -0400] "GET /larozse-png/?fileloc=/home/wwwrenee/public_html/readme.html&path=/home/wwwrenee/public_html HTTP/1.1" 200 5496 "-" "Mozilla/5.0 (compatible; BLEXBot/1.0; +https://help.seranking.com/en/blex-crawler)"
144.76.32.72 - - [19/Oct/2025:10:24:39 -0400] "GET /larozse-png/?fileloc=/home/wwwrenee/public_html/wp-cron.php&path=/home/wwwrenee/public_html HTTP/1.1" 200 4185 "-" "Mozilla/5.0 (compatible; BLEXBot/1.0; +https://help.seranking.com/en/blex-crawler)"
144.76.32.72 - - [19/Oct/2025:10:24:42 -0400] "GET /larozse-png/?fileloc=/home/wwwrenee/public_html/wp-load.php&path=/home/wwwrenee/public_html HTTP/1.1" 200 4296 "-" "Mozilla/5.0 (compatible; BLEXBot/1.0; +https://help.seranking.com/en/blex-crawler)"
217.113.194.35 - - [19/Oct/2025:10:24:46 -0400] "GET /fairspin-portugal-selecao-de-jogos-bonus-61/feed/?path=/ HTTP/1.1" 200 3155 "-" "Mozilla/5.0 (compatible; Barkrowler/0.9; +https://babbar.tech/crawler)"
144.76.32.72 - - [19/Oct/2025:10:24:46 -0400] "GET /larozse-png/?fileloc=/home/wwwrenee/public_html/wp-mail.php&path=/home/wwwrenee/public_html HTTP/1.1" 200 5420 "-" "Mozilla/5.0 (compatible; BLEXBot/1.0; +https://help.seranking.com/en/blex-crawler)"
20.171.207.185 - - [19/Oct/2025:10:24:53 -0400] "GET /?path=//proc/self/root/proc/thread-self/root/proc/thread-self/root/proc/thread-self/root/proc/self/root/proc/thread-self/root/proc/thread-self/root/proc/thread-self/root/usr/lib/systemd/system/rescue.target.wants HTTP/1.1" 200 2981 "-" "Mozilla/5.0 AppleWebKit/537.36 (KHTML, like Gecko; compatible; GPTBot/1.2; +https://openai.com/gptbot)"
144.76.32.72 - - [19/Oct/2025:10:24:53 -0400] "GET /logo2/?fileloc=/home/wwwrenee/public_html/wp-links-opml.php&path=/home/wwwrenee/public_html HTTP/1.1" 200 3594 "-" "Mozilla/5.0 (compatible; BLEXBot/1.0; +https://help.seranking.com/en/blex-crawler)"
20.171.207.185 - - [19/Oct/2025:10:24:56 -0400] "GET /?path=//proc/self/root/proc/thread-self/root/proc/thread-self/root/proc/thread-self/root/proc/self/root/proc/thread-self/root/proc/thread-self/root/proc/thread-self/root/usr/lib/systemd/system/remote-fs.target.wants HTTP/1.1" 200 2677 "-" "Mozilla/5.0 AppleWebKit/537.36 (KHTML, like Gecko; compatible; GPTBot/1.2; +https://openai.com/gptbot)"
144.76.32.72 - - [19/Oct/2025:10:24:56 -0400] "GET /logo3/?fileloc=/home/wwwrenee/public_html/wp-links-opml.php&path=/home/wwwrenee/public_html HTTP/1.1" 200 3594 "-" "Mozilla/5.0 (compatible; BLEXBot/1.0; +https://help.seranking.com/en/blex-crawler)"
18.204.152.114 - - [19/Oct/2025:10:24:59 -0400] "GET /%E0%B8%81%E0%B8%8E%E0%B8%AB%E0%B8%A1%E0%B8%B2%E0%B8%A2%E0%B8%81%E0%B8%B2%E0%B8%A3%E0%B9%81%E0%B8%A2%E0%B8%81%E0%B8%95%E0%B8%B1%E0%B8%A7%E0%B8%82%E0%B8%AD%E0%B8%87-1xbet-%E0%B8%A0%E0%B8%B2%E0%B8%A2/?fileloc=//lib/node_modules/npm/man/man1/perlintern.1.gz&path=//lib/node_modules/npm/man/man1 HTTP/1.1" 200 2498 "-" "Mozilla/5.0 AppleWebKit/537.36 (KHTML, like Gecko; compatible; Amazonbot/0.1; +https://developer.amazon.com/support/amazonbot) Chrome/119.0.6045.214 Safari/537.36"
144.76.32.72 - - [19/Oct/2025:10:24:59 -0400] "GET /lp-checkout/?fileloc=/home/wwwrenee/public_html/license.txt&path=/home/wwwrenee/public_html HTTP/1.1" 200 9807 "-" "Mozilla/5.0 (compatible; BLEXBot/1.0; +https://help.seranking.com/en/blex-crawler)"
144.76.32.72 - - [19/Oct/2025:10:25:03 -0400] "GET /lp-checkout/?fileloc=/home/wwwrenee/public_html/readme.html&path=/home/wwwrenee/public_html HTTP/1.1" 200 5496 "-" "Mozilla/5.0 (compatible; BLEXBot/1.0; +https://help.seranking.com/en/blex-crawler)"
144.76.32.72 - - [19/Oct/2025:10:25:06 -0400] "GET /lp-checkout/?fileloc=/home/wwwrenee/public_html/wp-cron.php&path=/home/wwwrenee/public_html HTTP/1.1" 200 4185 "-" "Mozilla/5.0 (compatible; BLEXBot/1.0; +https://help.seranking.com/en/blex-crawler)"
144.76.32.72 - - [19/Oct/2025:10:25:10 -0400] "GET /lp-checkout/?fileloc=/home/wwwrenee/public_html/wp-load.php&path=/home/wwwrenee/public_html HTTP/1.1" 200 4296 "-" "Mozilla/5.0 (compatible; BLEXBot/1.0; +https://help.seranking.com/en/blex-crawler)"
144.76.32.72 - - [19/Oct/2025:10:25:13 -0400] "GET /lp-checkout/?fileloc=/home/wwwrenee/public_html/wp-mail.php&path=/home/wwwrenee/public_html HTTP/1.1" 200 5420 "-" "Mozilla/5.0 (compatible; BLEXBot/1.0; +https://help.seranking.com/en/blex-crawler)"
144.76.32.72 - - [19/Oct/2025:10:25:16 -0400] "GET /lp-profile/?fileloc=/home/wwwrenee/public_html/wp-login.php&path=/home/wwwrenee/public_html HTTP/1.1" 200 14855 "-" "Mozilla/5.0 (compatible; BLEXBot/1.0; +https://help.seranking.com/en/blex-crawler)"
144.76.32.72 - - [19/Oct/2025:10:25:20 -0400] "GET /madrin-png/?fileloc=/home/wwwrenee/public_html/wp-login.php&path=/home/wwwrenee/public_html HTTP/1.1" 200 14855 "-" "Mozilla/5.0 (compatible; BLEXBot/1.0; +https://help.seranking.com/en/blex-crawler)"
144.76.32.72 - - [19/Oct/2025:10:25:23 -0400] "GET /mapmaster-png/?fileloc=/home/wwwrenee/public_html/.htaccess&path=/home/wwwrenee/public_html HTTP/1.1" 403 55016 "-" "Mozilla/5.0 (compatible; BLEXBot/1.0; +https://help.seranking.com/en/blex-crawler)"
144.76.32.72 - - [19/Oct/2025:10:25:30 -0400] "GET /mapmaster-png/?fileloc=/home/wwwrenee/public_html/error_log&path=/home/wwwrenee/public_html HTTP/1.1" 200 2401 "-" "Mozilla/5.0 (compatible; BLEXBot/1.0; +https://help.seranking.com/en/blex-crawler)"
20.171.207.185 - - [19/Oct/2025:10:25:33 -0400] "GET /?path=//proc/self/root/proc/thread-self/root/proc/thread-self/root/proc/thread-self/root/proc/self/root/proc/thread-self/root/proc/self/root/proc/self/root/proc/self/root/proc/thread-self/root/lib/firmware/intel/ish HTTP/1.1" 200 3042 "-" "Mozilla/5.0 AppleWebKit/537.36 (KHTML, like Gecko; compatible; GPTBot/1.2; +https://openai.com/gptbot)"
144.76.32.72 - - [19/Oct/2025:10:25:33 -0400] "GET /mapmaster-png/?fileloc=/home/wwwrenee/public_html/index.php&path=/home/wwwrenee/public_html HTTP/1.1" 200 11207 "-" "Mozilla/5.0 (compatible; BLEXBot/1.0; +https://help.seranking.com/en/blex-crawler)"
144.76.32.72 - - [19/Oct/2025:10:25:37 -0400] "GET /my-account/?fileloc=/home/wwwrenee/public_html/wp-login.php&path=/home/wwwrenee/public_html HTTP/1.1" 200 14855 "-" "Mozilla/5.0 (compatible; BLEXBot/1.0; +https://help.seranking.com/en/blex-crawler)"
144.76.32.72 - - [19/Oct/2025:10:25:40 -0400] "GET /partnerships/?fileloc=/home/wwwrenee/public_html/robots.txt&path=/home/wwwrenee/public_html HTTP/1.1" 200 2510 "-" "Mozilla/5.0 (compatible; BLEXBot/1.0; +https://help.seranking.com/en/blex-crawler)"
144.76.32.72 - - [19/Oct/2025:10:25:44 -0400] "GET /partnerships/?fileloc=/home/wwwrenee/public_html/xmlrpc.php&path=/home/wwwrenee/public_html HTTP/1.1" 200 3893 "-" "Mozilla/5.0 (compatible; BLEXBot/1.0; +https://help.seranking.com/en/blex-crawler)"
144.76.32.72 - - [19/Oct/2025:10:25:47 -0400] "GET /phone-x-png/?fileloc=/home/wwwrenee/public_html/license.txt&path=/home/wwwrenee/public_html HTTP/1.1" 200 9807 "-" "Mozilla/5.0 (compatible; BLEXBot/1.0; +https://help.seranking.com/en/blex-crawler)"
144.76.32.72 - - [19/Oct/2025:10:25:50 -0400] "GET /phone-x-png/?fileloc=/home/wwwrenee/public_html/readme.html&path=/home/wwwrenee/public_html HTTP/1.1" 200 5496 "-" "Mozilla/5.0 (compatible; BLEXBot/1.0; +https://help.seranking.com/en/blex-crawler)"
144.76.32.72 - - [19/Oct/2025:10:25:54 -0400] "GET /phone-x-png/?fileloc=/home/wwwrenee/public_html/wp-cron.php&path=/home/wwwrenee/public_html HTTP/1.1" 200 4185 "-" "Mozilla/5.0 (compatible; BLEXBot/1.0; +https://help.seranking.com/en/blex-crawler)"
144.76.32.72 - - [19/Oct/2025:10:25:57 -0400] "GET /phone-x-png/?fileloc=/home/wwwrenee/public_html/wp-load.php&path=/home/wwwrenee/public_html HTTP/1.1" 200 4296 "-" "Mozilla/5.0 (compatible; BLEXBot/1.0; +https://help.seranking.com/en/blex-crawler)"
144.76.32.72 - - [19/Oct/2025:10:26:01 -0400] "GET /phone-x-png/?fileloc=/home/wwwrenee/public_html/wp-mail.php&path=/home/wwwrenee/public_html HTTP/1.1" 200 5420 "-" "Mozilla/5.0 (compatible; BLEXBot/1.0; +https://help.seranking.com/en/blex-crawler)"
144.76.32.72 - - [19/Oct/2025:10:26:04 -0400] "GET /review_1-png/?fileloc=/home/wwwrenee/public_html/robots.txt&path=/home/wwwrenee/public_html HTTP/1.1" 200 2510 "-" "Mozilla/5.0 (compatible; BLEXBot/1.0; +https://help.seranking.com/en/blex-crawler)"
3.81.253.213 - - [19/Oct/2025:10:26:07 -0400] "GET /%E0%B8%81%E0%B8%8E%E0%B8%AB%E0%B8%A1%E0%B8%B2%E0%B8%A2%E0%B8%81%E0%B8%B2%E0%B8%A3%E0%B9%81%E0%B8%A2%E0%B8%81%E0%B8%95%E0%B8%B1%E0%B8%A7%E0%B8%82%E0%B8%AD%E0%B8%87-1xbet-%E0%B8%A0%E0%B8%B2%E0%B8%A2/?fileloc=//usr/include/mysql/server/private/threadpool.h&path=//usr/include/mysql/server/private HTTP/1.1" 200 4247 "-" "Mozilla/5.0 AppleWebKit/537.36 (KHTML, like Gecko; compatible; Amazonbot/0.1; +https://developer.amazon.com/support/amazonbot) Chrome/119.0.6045.214 Safari/537.36"
144.76.32.72 - - [19/Oct/2025:10:26:07 -0400] "GET /review_1-png/?fileloc=/home/wwwrenee/public_html/xmlrpc.php&path=/home/wwwrenee/public_html HTTP/1.1" 200 3893 "-" "Mozilla/5.0 (compatible; BLEXBot/1.0; +https://help.seranking.com/en/blex-crawler)"
20.171.207.185 - - [19/Oct/2025:10:26:11 -0400] "GET /?path=//proc/self/root/proc/thread-self/root/proc/thread-self/root/proc/thread-self/root/proc/self/root/proc/thread-self/root/proc/self/root/proc/self/root/proc/thread-self/root/proc/thread-self/cwd/images/images HTTP/1.1" 200 3139 "-" "Mozilla/5.0 AppleWebKit/537.36 (KHTML, like Gecko; compatible; GPTBot/1.2; +https://openai.com/gptbot)"
144.76.32.72 - - [19/Oct/2025:10:26:11 -0400] "GET /review_2-png/?fileloc=/home/wwwrenee/public_html/robots.txt&path=/home/wwwrenee/public_html HTTP/1.1" 200 2510 "-" "Mozilla/5.0 (compatible; BLEXBot/1.0; +https://help.seranking.com/en/blex-crawler)"
185.61.153.74 - - [19/Oct/2025:10:20:53 -0400] "GET /wp-content/plugins/paid-memberships-pro/blocks/account-links-section/account-links-section/index.php?ARRAY=7o2230223n313736303838373235332p2231223n22687474703n5p2s5p2s7n7334383076313373752r696r6574746s2r6q655p2s3s6p633q7068705s636s64655s6n6326743q313736303838333635332q3438316338633862613932386364646331643062303761353736373863356136222p2232223n223862336165643031663365336132346539366661636531323262346563663437222p2233223n223939323535386535633437393732656635333134396630376136326632646363222p226175746s5s66696p655s6r616q65223n6r756p6p2p226175746s5s70617373223n6r756p6p2p2262696r675s70617373223n2232352q33372q35362q36342q37332q38392q3134227q HTTP/1.1" 200 52 "-" "-"
144.76.32.72 - - [19/Oct/2025:10:26:14 -0400] "GET /review_2-png/?fileloc=/home/wwwrenee/public_html/xmlrpc.php&path=/home/wwwrenee/public_html HTTP/1.1" 200 3893 "-" "Mozilla/5.0 (compatible; BLEXBot/1.0; +https://help.seranking.com/en/blex-crawler)"
144.76.32.72 - - [19/Oct/2025:10:26:18 -0400] "GET /review_3-png/?fileloc=/home/wwwrenee/public_html/robots.txt&path=/home/wwwrenee/public_html HTTP/1.1" 200 2510 "-" "Mozilla/5.0 (compatible; BLEXBot/1.0; +https://help.seranking.com/en/blex-crawler)"
144.76.32.72 - - [19/Oct/2025:10:26:21 -0400] "GET /review_3-png/?fileloc=/home/wwwrenee/public_html/xmlrpc.php&path=/home/wwwrenee/public_html HTTP/1.1" 200 3893 "-" "Mozilla/5.0 (compatible; BLEXBot/1.0; +https://help.seranking.com/en/blex-crawler)"
144.76.32.72 - - [19/Oct/2025:10:26:25 -0400] "GET /shop/?fileloc=/home/wwwrenee/public_html/wp-blog-header.php&path=/home/wwwrenee/public_html HTTP/1.1" 200 2778 "-" "Mozilla/5.0 (compatible; BLEXBot/1.0; +https://help.seranking.com/en/blex-crawler)"
144.76.32.72 - - [19/Oct/2025:10:26:28 -0400] "GET /stop-ignoring-these-7-inspiring-truths-and-become-your-best-self-today/?path=/home/wwwrenee HTTP/1.1" 200 4133 "-" "Mozilla/5.0 (compatible; BLEXBot/1.0; +https://help.seranking.com/en/blex-crawler)"
144.76.32.72 - - [19/Oct/2025:10:26:35 -0400] "GET /tag/be-better/?fileloc=/home/wwwrenee/public_html/axymx.php&path=/home/wwwrenee/public_html HTTP/1.1" 200 5768 "-" "Mozilla/5.0 (compatible; BLEXBot/1.0; +https://help.seranking.com/en/blex-crawler)"
157.55.39.10 - - [19/Oct/2025:10:26:38 -0400] "GET /goods/211146824.phtml HTTP/1.1" 200 19261 "-" "Mozilla/5.0 AppleWebKit/537.36 (KHTML, like Gecko; compatible; bingbot/2.0; +http://www.bing.com/bingbot.htm) Chrome/116.0.1938.76 Safari/537.36"
144.76.32.72 - - [19/Oct/2025:10:26:39 -0400] "GET /tag/be-better/?fileloc=/home/wwwrenee/public_html/error_log&path=/home/wwwrenee/public_html HTTP/1.1" 200 2401 "-" "Mozilla/5.0 (compatible; BLEXBot/1.0; +https://help.seranking.com/en/blex-crawler)"
144.76.32.72 - - [19/Oct/2025:10:26:42 -0400] "GET /tag/be-better/?fileloc=/home/wwwrenee/public_html/index.php&path=/home/wwwrenee/public_html HTTP/1.1" 200 11207 "-" "Mozilla/5.0 (compatible; BLEXBot/1.0; +https://help.seranking.com/en/blex-crawler)"
144.76.32.72 - - [19/Oct/2025:10:26:49 -0400] "GET /tag/improve/?fileloc=/home/wwwrenee/public_html/readme.html&path=/home/wwwrenee/public_html HTTP/1.1" 200 5496 "-" "Mozilla/5.0 (compatible; BLEXBot/1.0; +https://help.seranking.com/en/blex-crawler)"
144.76.32.72 - - [19/Oct/2025:10:26:52 -0400] "GET /tag/improve/?fileloc=/home/wwwrenee/public_html/wp-cron.php&path=/home/wwwrenee/public_html HTTP/1.1" 200 4185 "-" "Mozilla/5.0 (compatible; BLEXBot/1.0; +https://help.seranking.com/en/blex-crawler)"
144.76.32.72 - - [19/Oct/2025:10:26:55 -0400] "GET /tag/improve/?fileloc=/home/wwwrenee/public_html/wp-load.php&path=/home/wwwrenee/public_html HTTP/1.1" 200 4296 "-" "Mozilla/5.0 (compatible; BLEXBot/1.0; +https://help.seranking.com/en/blex-crawler)"
144.76.32.72 - - [19/Oct/2025:10:27:02 -0400] "GET /team-19-jpg/?fileloc=/home/wwwrenee/public_html/license.txt&path=/home/wwwrenee/public_html HTTP/1.1" 200 9807 "-" "Mozilla/5.0 (compatible; BLEXBot/1.0; +https://help.seranking.com/en/blex-crawler)"
144.76.32.72 - - [19/Oct/2025:10:27:06 -0400] "GET /team-19-jpg/?fileloc=/home/wwwrenee/public_html/readme.html&path=/home/wwwrenee/public_html HTTP/1.1" 200 5496 "-" "Mozilla/5.0 (compatible; BLEXBot/1.0; +https://help.seranking.com/en/blex-crawler)"
144.76.32.72 - - [19/Oct/2025:10:27:09 -0400] "GET /team-19-jpg/?fileloc=/home/wwwrenee/public_html/wp-cron.php&path=/home/wwwrenee/public_html HTTP/1.1" 200 4185 "-" "Mozilla/5.0 (compatible; BLEXBot/1.0; +https://help.seranking.com/en/blex-crawler)"
