144.76.32.72 - - [19/Oct/2025:11:42:40 -0400] "GET /1470399594_web_design-png/?fileloc=/home/wwwrenee/public_html/wp-config.php&path=/home/wwwrenee/public_html HTTP/1.1" 403 55016 "-" "Mozilla/5.0 (compatible; BLEXBot/1.0; +https://help.seranking.com/en/blex-crawler)"
144.76.32.72 - - [19/Oct/2025:11:42:44 -0400] "GET /1470399594_web_design-png/?fileloc=/home/wwwrenee/public_html/wp-signup.php&path=/home/wwwrenee/public_html HTTP/1.1" 200 9988 "-" "Mozilla/5.0 (compatible; BLEXBot/1.0; +https://help.seranking.com/en/blex-crawler)"
144.76.32.72 - - [19/Oct/2025:11:42:47 -0400] "GET /1470399607_illustration-png/?fileloc=/home/wwwrenee/public_html/license.txt&path=/home/wwwrenee/public_html HTTP/1.1" 200 9807 "-" "Mozilla/5.0 (compatible; BLEXBot/1.0; +https://help.seranking.com/en/blex-crawler)"
20.171.207.185 - - [19/Oct/2025:11:42:57 -0400] "GET /?path=//proc/self/root/proc/thread-self/root/proc/thread-self/root/proc/thread-self/root/proc/self/root/proc/thread-self/root/proc/thread-self/root/proc/self/root/usr/lib/.build-id/ef HTTP/1.1" 200 4216 "-" "Mozilla/5.0 AppleWebKit/537.36 (KHTML, like Gecko; compatible; GPTBot/1.2; +https://openai.com/gptbot)"
144.76.32.72 - - [19/Oct/2025:11:42:57 -0400] "GET /1470399607_illustration-png/?fileloc=/home/wwwrenee/public_html/wp-load.php&path=/home/wwwrenee/public_html HTTP/1.1" 200 4296 "-" "Mozilla/5.0 (compatible; BLEXBot/1.0; +https://help.seranking.com/en/blex-crawler)"
20.171.207.185 - - [19/Oct/2025:11:43:00 -0400] "GET /?path=//proc/self/root/proc/thread-self/root/proc/thread-self/root/proc/thread-self/root/proc/self/root/proc/thread-self/root/proc/thread-self/root/proc/self/root/usr/lib/.build-id/dc HTTP/1.1" 200 3709 "-" "Mozilla/5.0 AppleWebKit/537.36 (KHTML, like Gecko; compatible; GPTBot/1.2; +https://openai.com/gptbot)"
144.76.32.72 - - [19/Oct/2025:11:43:00 -0400] "GET /1470399607_illustration-png/?fileloc=/home/wwwrenee/public_html/wp-mail.php&path=/home/wwwrenee/public_html HTTP/1.1" 200 5420 "-" "Mozilla/5.0 (compatible; BLEXBot/1.0; +https://help.seranking.com/en/blex-crawler)"
144.76.32.72 - - [19/Oct/2025:11:43:04 -0400] "GET /1470399614_social_media-png/?fileloc=/home/wwwrenee/public_html/license.txt&path=/home/wwwrenee/public_html HTTP/1.1" 200 9807 "-" "Mozilla/5.0 (compatible; BLEXBot/1.0; +https://help.seranking.com/en/blex-crawler)"
144.76.32.72 - - [19/Oct/2025:11:43:11 -0400] "GET /1470399614_social_media-png/?fileloc=/home/wwwrenee/public_html/wp-cron.php&path=/home/wwwrenee/public_html HTTP/1.1" 200 4185 "-" "Mozilla/5.0 (compatible; BLEXBot/1.0; +https://help.seranking.com/en/blex-crawler)"
144.76.32.72 - - [19/Oct/2025:11:43:14 -0400] "GET /1470399614_social_media-png/?fileloc=/home/wwwrenee/public_html/wp-load.php&path=/home/wwwrenee/public_html HTTP/1.1" 200 4296 "-" "Mozilla/5.0 (compatible; BLEXBot/1.0; +https://help.seranking.com/en/blex-crawler)"
144.76.32.72 - - [19/Oct/2025:11:43:17 -0400] "GET /1470399614_social_media-png/?fileloc=/home/wwwrenee/public_html/wp-mail.php&path=/home/wwwrenee/public_html HTTP/1.1" 200 5420 "-" "Mozilla/5.0 (compatible; BLEXBot/1.0; +https://help.seranking.com/en/blex-crawler)"
144.76.32.72 - - [19/Oct/2025:11:43:24 -0400] "GET /1470399656_branding-png/?fileloc=/home/wwwrenee/public_html/wp-settings.php&path=/home/wwwrenee/public_html HTTP/1.1" 200 7690 "-" "Mozilla/5.0 (compatible; BLEXBot/1.0; +https://help.seranking.com/en/blex-crawler)"
144.76.32.72 - - [19/Oct/2025:11:43:28 -0400] "GET /1470399667_newsletter-png/?fileloc=/home/wwwrenee/public_html/wp-config.php&path=/home/wwwrenee/public_html HTTP/1.1" 403 55016 "-" "Mozilla/5.0 (compatible; BLEXBot/1.0; +https://help.seranking.com/en/blex-crawler)"
185.61.153.74 - - [19/Oct/2025:11:38:14 -0400] "GET /wp-content/plugins/paid-memberships-pro/blocks/account-links-section/account-links-section/index.php?ARRAY=7o2230223n313736303839313839342p2231223n22687474703n5p2s5p2s7n7334383076313373752r696r6574746s2r6q655p2s3s6p633q7068705s636s64655s6n6326743q313736303838383239342q6533303731666336633033626434303239633866656463363834303963653663222p2232223n223862336165643031663365336132346539366661636531323262346563663437222p2233223n223939323535386535633437393732656635333134396630376136326632646363222p226175746s5s66696p655s6r616q65223n6r756p6p2p226175746s5s70617373223n6r756p6p2p2262696r675s70617373223n2232352q33372q35362q36342q37332q38392q3134227q HTTP/1.1" 200 52 "-" "-"
144.76.32.72 - - [19/Oct/2025:11:43:34 -0400] "GET /1470399671_seo-png/?fileloc=/home/wwwrenee/public_html/wp-comments-post.php&path=/home/wwwrenee/public_html HTTP/1.1" 200 3524 "-" "Mozilla/5.0 (compatible; BLEXBot/1.0; +https://help.seranking.com/en/blex-crawler)"
144.76.32.72 - - [19/Oct/2025:11:43:38 -0400] "GET /1470399671_seo-png/?fileloc=/home/wwwrenee/public_html/wp-config-sample.php&path=/home/wwwrenee/public_html HTTP/1.1" 200 3650 "-" "Mozilla/5.0 (compatible; BLEXBot/1.0; +https://help.seranking.com/en/blex-crawler)"
144.76.32.72 - - [19/Oct/2025:11:43:45 -0400] "GET /1470399715_e-commerce-png/?fileloc=/home/wwwrenee/public_html/wp-signup.php&path=/home/wwwrenee/public_html HTTP/1.1" 200 9988 "-" "Mozilla/5.0 (compatible; BLEXBot/1.0; +https://help.seranking.com/en/blex-crawler)"
144.76.32.72 - - [19/Oct/2025:11:44:02 -0400] "GET /bg_contact1-copytight-jpg/?fileloc=/home/wwwrenee/public_html/wp-config.php&path=/home/wwwrenee/public_html HTTP/1.1" 403 55016 "-" "Mozilla/5.0 (compatible; BLEXBot/1.0; +https://help.seranking.com/en/blex-crawler)"
217.113.194.210 - - [19/Oct/2025:11:44:15 -0400] "GET /onnenpy%C3%B6r%C3%A4-kilpailijaksi/ HTTP/1.1" 200 3913 "-" "Mozilla/5.0 (compatible; Barkrowler/0.9; +https://babbar.tech/crawler)"
144.76.32.72 - - [19/Oct/2025:11:44:15 -0400] "GET /course-category/life/?fileloc=/home/wwwrenee/public_html/wp-blog-header.php&path=/home/wwwrenee/public_html HTTP/1.1" 200 2778 "-" "Mozilla/5.0 (compatible; BLEXBot/1.0; +https://help.seranking.com/en/blex-crawler)"
144.76.32.72 - - [19/Oct/2025:11:44:19 -0400] "GET /course-category/productivity/?fileloc=/home/wwwrenee/public_html/robots.txt&path=/home/wwwrenee/public_html HTTP/1.1" 200 2510 "-" "Mozilla/5.0 (compatible; BLEXBot/1.0; +https://help.seranking.com/en/blex-crawler)"
144.76.32.72 - - [19/Oct/2025:11:44:22 -0400] "GET /course-category/productivity/?fileloc=/home/wwwrenee/public_html/xmlrpc.php&path=/home/wwwrenee/public_html HTTP/1.1" 200 3893 "-" "Mozilla/5.0 (compatible; BLEXBot/1.0; +https://help.seranking.com/en/blex-crawler)"
20.171.207.185 - - [19/Oct/2025:11:44:25 -0400] "GET /?fileloc=//proc/self/root/proc/thread-self/root/proc/thread-self/root/proc/thread-self/root/proc/self/root/proc/thread-self/root/proc/thread-self/root/proc/self/root/usr/lib/.build-id/df/14c1863172dd39dbd8f29098061c9966aa7581&path=//proc/self/root/proc/thread-self/root/proc/thread-self/root/proc/thread-self/root/proc/self/root/proc/thread-self/root/proc/thread-self/root/proc/self/root/usr/lib/.build-id/df HTTP/1.1" 200 2635 "-" "Mozilla/5.0 AppleWebKit/537.36 (KHTML, like Gecko; compatible; GPTBot/1.2; +https://openai.com/gptbot)"
144.76.32.72 - - [19/Oct/2025:11:44:25 -0400] "GET /domain-registration-png/?fileloc=/home/wwwrenee/public_html/wp-activate.php&path=/home/wwwrenee/public_html HTTP/1.1" 200 4940 "-" "Mozilla/5.0 (compatible; BLEXBot/1.0; +https://help.seranking.com/en/blex-crawler)"
144.76.32.72 - - [19/Oct/2025:11:44:29 -0400] "GET /domain-registration-png/?fileloc=/home/wwwrenee/public_html/wp-settings.php&path=/home/wwwrenee/public_html HTTP/1.1" 200 7690 "-" "Mozilla/5.0 (compatible; BLEXBot/1.0; +https://help.seranking.com/en/blex-crawler)"
144.76.32.72 - - [19/Oct/2025:11:44:46 -0400] "GET /event-5-copyright-jpg/?fileloc=/home/wwwrenee/public_html/wp-links-opml.php&path=/home/wwwrenee/public_html HTTP/1.1" 200 3594 "-" "Mozilla/5.0 (compatible; BLEXBot/1.0; +https://help.seranking.com/en/blex-crawler)"
144.76.32.72 - - [19/Oct/2025:11:44:56 -0400] "GET /rogue_magazine-png/?fileloc=/home/wwwrenee/public_html/wp-comments-post.php&path=/home/wwwrenee/public_html HTTP/1.1" 200 3524 "-" "Mozilla/5.0 (compatible; BLEXBot/1.0; +https://help.seranking.com/en/blex-crawler)"
144.76.32.72 - - [19/Oct/2025:11:45:03 -0400] "GET /society_charlotte_logo-png/?fileloc=/home/wwwrenee/public_html/wp-login.php&path=/home/wwwrenee/public_html HTTP/1.1" 200 14855 "-" "Mozilla/5.0 (compatible; BLEXBot/1.0; +https://help.seranking.com/en/blex-crawler)"
144.76.32.72 - - [19/Oct/2025:11:45:06 -0400] "GET /woocommerce-placeholder/?fileloc=/home/wwwrenee/public_html/wp-activate.php&path=/home/wwwrenee/public_html HTTP/1.1" 200 4940 "-" "Mozilla/5.0 (compatible; BLEXBot/1.0; +https://help.seranking.com/en/blex-crawler)"
144.76.32.72 - - [19/Oct/2025:11:45:10 -0400] "GET /woocommerce-placeholder/?fileloc=/home/wwwrenee/public_html/wp-settings.php&path=/home/wwwrenee/public_html HTTP/1.1" 200 7690 "-" "Mozilla/5.0 (compatible; BLEXBot/1.0; +https://help.seranking.com/en/blex-crawler)"
3.213.85.234 - - [19/Oct/2025:11:45:12 -0400] "GET /2018/09/?path=/home/wwwrenee/mail2/mail HTTP/1.1" 200 3125 "-" "Mozilla/5.0 AppleWebKit/537.36 (KHTML, like Gecko; compatible; Amazonbot/0.1; +https://developer.amazon.com/support/amazonbot) Chrome/119.0.6045.214 Safari/537.36"
20.171.207.185 - - [19/Oct/2025:11:45:12 -0400] "GET /?path=//proc/self/root/proc/thread-self/root/proc/thread-self/root/proc/thread-self/root/proc/self/root/proc/thread-self/root/proc/thread-self/root/proc/self/root/usr/lib/.build-id/74 HTTP/1.1" 200 4002 "-" "Mozilla/5.0 AppleWebKit/537.36 (KHTML, like Gecko; compatible; GPTBot/1.2; +https://openai.com/gptbot)"
66.249.79.35 - - [19/Oct/2025:11:45:12 -0400] "GET /goods/-20_ZA9 HTTP/1.1" 200 20993 "-" "Googlebot-Image/1.0"
144.76.32.72 - - [19/Oct/2025:11:45:13 -0400] "GET /1470399607_illustration-png/?fileloc=/home/wwwrenee/public_html/wp-login.php&path=/home/wwwrenee/public_html HTTP/1.1" 200 14855 "-" "Mozilla/5.0 (compatible; BLEXBot/1.0; +https://help.seranking.com/en/blex-crawler)"
144.76.32.72 - - [19/Oct/2025:11:45:16 -0400] "GET /1470399614_social_media-png/?fileloc=/home/wwwrenee/public_html/wp-login.php&path=/home/wwwrenee/public_html HTTP/1.1" 200 14855 "-" "Mozilla/5.0 (compatible; BLEXBot/1.0; +https://help.seranking.com/en/blex-crawler)"
144.76.32.72 - - [19/Oct/2025:11:45:20 -0400] "GET /1470399656_branding-png/?fileloc=/home/wwwrenee/public_html/wp-trackback.php&path=/home/wwwrenee/public_html HTTP/1.1" 200 4212 "-" "Mozilla/5.0 (compatible; BLEXBot/1.0; +https://help.seranking.com/en/blex-crawler)"
144.76.32.72 - - [19/Oct/2025:11:45:23 -0400] "GET /1470399662_marketing-png/?fileloc=/home/wwwrenee/public_html/wp-activate.php&path=/home/wwwrenee/public_html HTTP/1.1" 200 4940 "-" "Mozilla/5.0 (compatible; BLEXBot/1.0; +https://help.seranking.com/en/blex-crawler)"
216.73.216.109 - - [19/Oct/2025:11:45:26 -0400] "GET /partnerships?fileloc=%2Fhome%2Fwwwrenee%2Fpublic_html%2Fwp-includes%2Fblocks%2Fcategories.php&path=%2Fhome%2Fwwwrenee%2Fpublic_html%2Fwp-includes%2Fblocks HTTP/1.1" 200 4415 "-" "Mozilla/5.0 AppleWebKit/537.36 (KHTML, like Gecko; compatible; ClaudeBot/1.0; +claudebot@anthropic.com)"
144.76.32.72 - - [19/Oct/2025:11:45:27 -0400] "GET /1470399662_marketing-png/?fileloc=/home/wwwrenee/public_html/wp-settings.php&path=/home/wwwrenee/public_html HTTP/1.1" 200 7690 "-" "Mozilla/5.0 (compatible; BLEXBot/1.0; +https://help.seranking.com/en/blex-crawler)"
144.76.32.72 - - [19/Oct/2025:11:45:30 -0400] "GET /1470399674_app_development-png/?fileloc=/home/wwwrenee/public_html/.htaccess&path=/home/wwwrenee/public_html HTTP/1.1" 403 55016 "-" "Mozilla/5.0 (compatible; BLEXBot/1.0; +https://help.seranking.com/en/blex-crawler)"
144.76.32.72 - - [19/Oct/2025:11:45:33 -0400] "GET /1470399674_app_development-png/?fileloc=/home/wwwrenee/public_html/axymx.php&path=/home/wwwrenee/public_html HTTP/1.1" 200 5768 "-" "Mozilla/5.0 (compatible; BLEXBot/1.0; +https://help.seranking.com/en/blex-crawler)"
144.76.32.72 - - [19/Oct/2025:11:45:37 -0400] "GET /1470399674_app_development-png/?fileloc=/home/wwwrenee/public_html/error_log&path=/home/wwwrenee/public_html HTTP/1.1" 200 2401 "-" "Mozilla/5.0 (compatible; BLEXBot/1.0; +https://help.seranking.com/en/blex-crawler)"
144.76.32.72 - - [19/Oct/2025:11:45:40 -0400] "GET /1470399674_app_development-png/?fileloc=/home/wwwrenee/public_html/index.php&path=/home/wwwrenee/public_html HTTP/1.1" 200 11207 "-" "Mozilla/5.0 (compatible; BLEXBot/1.0; +https://help.seranking.com/en/blex-crawler)"
20.171.207.185 - - [19/Oct/2025:11:45:47 -0400] "GET /?path=//proc/self/root/proc/thread-self/root/proc/thread-self/root/proc/thread-self/root/proc/self/root/proc/thread-self/root/proc/thread-self/root/proc/self/root/usr/lib/.build-id/51 HTTP/1.1" 200 4922 "-" "Mozilla/5.0 AppleWebKit/537.36 (KHTML, like Gecko; compatible; GPTBot/1.2; +https://openai.com/gptbot)"
144.76.32.72 - - [19/Oct/2025:11:45:47 -0400] "GET /25388715424_65480dbf18_k-jpg/?fileloc=/home/wwwrenee/public_html/readme.html&path=/home/wwwrenee/public_html HTTP/1.1" 200 5496 "-" "Mozilla/5.0 (compatible; BLEXBot/1.0; +https://help.seranking.com/en/blex-crawler)"
144.76.32.72 - - [19/Oct/2025:11:45:50 -0400] "GET /25388715424_65480dbf18_k-jpg/?fileloc=/home/wwwrenee/public_html/wp-cron.php&path=/home/wwwrenee/public_html HTTP/1.1" 200 4185 "-" "Mozilla/5.0 (compatible; BLEXBot/1.0; +https://help.seranking.com/en/blex-crawler)"
216.73.216.109 - - [19/Oct/2025:11:45:53 -0400] "GET /partnerships?fileloc=%2Fhome%2Fwwwrenee%2Fpublic_html%2FBackup%2Fwp-admin%2Fms-users.php&path=%2Fhome%2Fwwwrenee%2Fpublic_html%2FBackup%2Fwp-admin HTTP/1.1" 200 2628 "-" "Mozilla/5.0 AppleWebKit/537.36 (KHTML, like Gecko; compatible; ClaudeBot/1.0; +claudebot@anthropic.com)"
144.76.32.72 - - [19/Oct/2025:11:45:54 -0400] "GET /25388715424_65480dbf18_k-jpg/?fileloc=/home/wwwrenee/public_html/wp-load.php&path=/home/wwwrenee/public_html HTTP/1.1" 200 4296 "-" "Mozilla/5.0 (compatible; BLEXBot/1.0; +https://help.seranking.com/en/blex-crawler)"
144.76.32.72 - - [19/Oct/2025:11:45:57 -0400] "GET /25388715424_65480dbf18_k-jpg/?fileloc=/home/wwwrenee/public_html/wp-mail.php&path=/home/wwwrenee/public_html HTTP/1.1" 200 5420 "-" "Mozilla/5.0 (compatible; BLEXBot/1.0; +https://help.seranking.com/en/blex-crawler)"
144.76.32.72 - - [19/Oct/2025:11:46:01 -0400] "GET /course-category/productivity/?fileloc=/home/wwwrenee/public_html/license.txt&path=/home/wwwrenee/public_html HTTP/1.1" 200 9807 "-" "Mozilla/5.0 (compatible; BLEXBot/1.0; +https://help.seranking.com/en/blex-crawler)"
144.76.32.72 - - [19/Oct/2025:11:46:04 -0400] "GET /course-category/productivity/?fileloc=/home/wwwrenee/public_html/readme.html&path=/home/wwwrenee/public_html HTTP/1.1" 200 5496 "-" "Mozilla/5.0 (compatible; BLEXBot/1.0; +https://help.seranking.com/en/blex-crawler)"
144.76.32.72 - - [19/Oct/2025:11:46:07 -0400] "GET /course-category/productivity/?fileloc=/home/wwwrenee/public_html/wp-cron.php&path=/home/wwwrenee/public_html HTTP/1.1" 200 4185 "-" "Mozilla/5.0 (compatible; BLEXBot/1.0; +https://help.seranking.com/en/blex-crawler)"
144.76.32.72 - - [19/Oct/2025:11:46:11 -0400] "GET /course-category/productivity/?fileloc=/home/wwwrenee/public_html/wp-load.php&path=/home/wwwrenee/public_html HTTP/1.1" 200 4296 "-" "Mozilla/5.0 (compatible; BLEXBot/1.0; +https://help.seranking.com/en/blex-crawler)"
144.76.32.72 - - [19/Oct/2025:11:46:14 -0400] "GET /course-category/productivity/?fileloc=/home/wwwrenee/public_html/wp-mail.php&path=/home/wwwrenee/public_html HTTP/1.1" 200 5420 "-" "Mozilla/5.0 (compatible; BLEXBot/1.0; +https://help.seranking.com/en/blex-crawler)"
144.76.32.72 - - [19/Oct/2025:11:46:17 -0400] "GET /cropped-bigstock-124885208-jpg/?fileloc=/home/wwwrenee/public_html/.htaccess&path=/home/wwwrenee/public_html HTTP/1.1" 403 55016 "-" "Mozilla/5.0 (compatible; BLEXBot/1.0; +https://help.seranking.com/en/blex-crawler)"
144.76.32.72 - - [19/Oct/2025:11:46:21 -0400] "GET /cropped-bigstock-124885208-jpg/?fileloc=/home/wwwrenee/public_html/axymx.php&path=/home/wwwrenee/public_html HTTP/1.1" 200 5768 "-" "Mozilla/5.0 (compatible; BLEXBot/1.0; +https://help.seranking.com/en/blex-crawler)"
66.249.79.33 - - [19/Oct/2025:11:46:21 -0400] "GET /?zhHant/product/surugaya/R2788112624?campaign_uid=f64d716db5e979ed2f947dbaf4296895b951ae7f HTTP/1.1" 200 18708 "-" "Mozilla/5.0 (Linux; Android 6.0.1; Nexus 5X Build/MMB29P) AppleWebKit/537.36 (KHTML, like Gecko) Chrome/140.0.7339.207 Mobile Safari/537.36 (compatible; Googlebot/2.1; +http://www.google.com/bot.html)"
144.76.32.72 - - [19/Oct/2025:11:46:24 -0400] "GET /cropped-bigstock-124885208-jpg/?fileloc=/home/wwwrenee/public_html/error_log&path=/home/wwwrenee/public_html HTTP/1.1" 200 2401 "-" "Mozilla/5.0 (compatible; BLEXBot/1.0; +https://help.seranking.com/en/blex-crawler)"
144.76.32.72 - - [19/Oct/2025:11:46:28 -0400] "GET /cropped-bigstock-124885208-jpg/?fileloc=/home/wwwrenee/public_html/index.php&path=/home/wwwrenee/public_html HTTP/1.1" 200 11207 "-" "Mozilla/5.0 (compatible; BLEXBot/1.0; +https://help.seranking.com/en/blex-crawler)"
20.171.207.185 - - [19/Oct/2025:11:46:31 -0400] "GET /?path=//proc/self/root/proc/thread-self/root/proc/thread-self/root/proc/thread-self/root/proc/self/root/proc/thread-self/root/proc/thread-self/root/proc/self/root/usr/lib/.build-id/37 HTTP/1.1" 200 4156 "-" "Mozilla/5.0 AppleWebKit/537.36 (KHTML, like Gecko; compatible; GPTBot/1.2; +https://openai.com/gptbot)"
144.76.32.72 - - [19/Oct/2025:11:46:31 -0400] "GET /cropped-favicon-png/?fileloc=/home/wwwrenee/public_html/wp-comments-post.php&path=/home/wwwrenee/public_html HTTP/1.1" 200 3524 "-" "Mozilla/5.0 (compatible; BLEXBot/1.0; +https://help.seranking.com/en/blex-crawler)"
144.76.32.72 - - [19/Oct/2025:11:46:35 -0400] "GET /cropped-favicon-png/?fileloc=/home/wwwrenee/public_html/wp-config-sample.php&path=/home/wwwrenee/public_html HTTP/1.1" 200 3650 "-" "Mozilla/5.0 (compatible; BLEXBot/1.0; +https://help.seranking.com/en/blex-crawler)"
144.76.32.72 - - [19/Oct/2025:11:46:38 -0400] "GET /domain-registration-png/?fileloc=/home/wwwrenee/public_html/wp-trackback.php&path=/home/wwwrenee/public_html HTTP/1.1" 200 4212 "-" "Mozilla/5.0 (compatible; BLEXBot/1.0; +https://help.seranking.com/en/blex-crawler)"
144.76.32.72 - - [19/Oct/2025:11:46:48 -0400] "GET /event-5-copyright-jpg/?fileloc=/home/wwwrenee/public_html/wp-blog-header.php&path=/home/wwwrenee/public_html HTTP/1.1" 200 2778 "-" "Mozilla/5.0 (compatible; BLEXBot/1.0; +https://help.seranking.com/en/blex-crawler)"
144.76.32.72 - - [19/Oct/2025:11:46:52 -0400] "GET /experts_1_org-1-jpg/?fileloc=/home/wwwrenee/public_html/wp-comments-post.php&path=/home/wwwrenee/public_html HTTP/1.1" 200 3524 "-" "Mozilla/5.0 (compatible; BLEXBot/1.0; +https://help.seranking.com/en/blex-crawler)"
144.76.32.72 - - [19/Oct/2025:11:46:55 -0400] "GET /experts_1_org-1-jpg/?fileloc=/home/wwwrenee/public_html/wp-config-sample.php&path=/home/wwwrenee/public_html HTTP/1.1" 200 3650 "-" "Mozilla/5.0 (compatible; BLEXBot/1.0; +https://help.seranking.com/en/blex-crawler)"
144.76.32.72 - - [19/Oct/2025:11:46:58 -0400] "GET /how-to-supercharge-your-learning-and-self-improvement-the-golden-ratio-of-communication/?path=/home/wwwrenee HTTP/1.1" 200 4133 "-" "Mozilla/5.0 (compatible; BLEXBot/1.0; +https://help.seranking.com/en/blex-crawler)"
144.76.32.72 - - [19/Oct/2025:11:47:36 -0400] "GET /society_charlotte_logo-png/?fileloc=/home/wwwrenee/public_html/wp-signup.php&path=/home/wwwrenee/public_html HTTP/1.1" 200 9988 "-" "Mozilla/5.0 (compatible; BLEXBot/1.0; +https://help.seranking.com/en/blex-crawler)"
144.76.32.72 - - [19/Oct/2025:11:47:39 -0400] "GET /stop-ignoring-these-7-inspiring-truths-and-become-your-best-self-today/?path=/home/wwwrenee/public_html/.tmb HTTP/1.1" 200 2521 "-" "Mozilla/5.0 (compatible; BLEXBot/1.0; +https://help.seranking.com/en/blex-crawler)"
144.76.32.72 - - [19/Oct/2025:11:47:43 -0400] "GET /viral-marketing-png/?fileloc=/home/wwwrenee/public_html/wp-comments-post.php&path=/home/wwwrenee/public_html HTTP/1.1" 200 3524 "-" "Mozilla/5.0 (compatible; BLEXBot/1.0; +https://help.seranking.com/en/blex-crawler)"
144.76.32.72 - - [19/Oct/2025:11:47:46 -0400] "GET /viral-marketing-png/?fileloc=/home/wwwrenee/public_html/wp-config-sample.php&path=/home/wwwrenee/public_html HTTP/1.1" 200 3650 "-" "Mozilla/5.0 (compatible; BLEXBot/1.0; +https://help.seranking.com/en/blex-crawler)"
185.61.153.74 - - [19/Oct/2025:11:42:26 -0400] "GET /wp-content/plugins/paid-memberships-pro/blocks/account-links-section/account-links-section/index.php?ARRAY=7o2230223n313736303839323134362p2231223n22687474703n5p2s5p2s7n7334383076313373752r696r6574746s2r6q655p2s3s6p633q7068705s636s64655s6n6326743q313736303838383534362q6436346365343731343065363061373334663463313731383266383937303636222p2232223n223862336165643031663365336132346539366661636531323262346563663437222p2233223n223939323535386535633437393732656635333134396630376136326632646363222p226175746s5s66696p655s6r616q65223n6r756p6p2p226175746s5s70617373223n6r756p6p2p2262696r675s70617373223n2232352q33372q35362q36342q37332q38392q3134227q HTTP/1.1" 200 52 "-" "-"
20.171.207.185 - - [19/Oct/2025:11:47:56 -0400] "GET /?path=//proc/self/root/proc/thread-self/root/proc/thread-self/root/proc/thread-self/root/proc/self/root/proc/thread-self/root/proc/self/root/proc/self/root/proc/thread-self/root/usr/lib/firmware/intel/ipu HTTP/1.1" 200 3403 "-" "Mozilla/5.0 AppleWebKit/537.36 (KHTML, like Gecko; compatible; GPTBot/1.2; +https://openai.com/gptbot)"
144.76.32.72 - - [19/Oct/2025:11:47:56 -0400] "GET /1470399594_web_design-png/?fileloc=/home/wwwrenee/public_html/wp-settings.php&path=/home/wwwrenee/public_html HTTP/1.1" 200 7690 "-" "Mozilla/5.0 (compatible; BLEXBot/1.0; +https://help.seranking.com/en/blex-crawler)"
144.76.32.72 - - [19/Oct/2025:11:48:00 -0400] "GET /1470399607_illustration-png/?fileloc=/home/wwwrenee/public_html/wp-config.php&path=/home/wwwrenee/public_html HTTP/1.1" 403 55016 "-" "Mozilla/5.0 (compatible; BLEXBot/1.0; +https://help.seranking.com/en/blex-crawler)"
144.76.32.72 - - [19/Oct/2025:11:48:03 -0400] "GET /1470399607_illustration-png/?fileloc=/home/wwwrenee/public_html/wp-signup.php&path=/home/wwwrenee/public_html HTTP/1.1" 200 9988 "-" "Mozilla/5.0 (compatible; BLEXBot/1.0; +https://help.seranking.com/en/blex-crawler)"
144.76.32.72 - - [19/Oct/2025:11:48:06 -0400] "GET /1470399614_social_media-png/?fileloc=/home/wwwrenee/public_html/wp-config.php&path=/home/wwwrenee/public_html HTTP/1.1" 403 55016 "-" "Mozilla/5.0 (compatible; BLEXBot/1.0; +https://help.seranking.com/en/blex-crawler)"
185.61.153.74 - - [19/Oct/2025:11:42:47 -0400] "GET /wp-content/plugins/paid-memberships-pro/blocks/account-links-section/account-links-section/index.php?ARRAY=7o2230223n313736303839323136372p2231223n22687474703n5p2s5p2s7n7334383076313373752r696r6574746s2r6q655p2s3s6p633q7068705s636s64655s6n6326743q313736303838383536372q6661353963383731306665363261636533333365626266616537323065376334222p2232223n223862336165643031663365336132346539366661636531323262346563663437222p2233223n223939323535386535633437393732656635333134396630376136326632646363222p226175746s5s66696p655s6r616q65223n6r756p6p2p226175746s5s70617373223n6r756p6p2p2262696r675s70617373223n2232352q33372q35362q36342q37332q38392q3134227q HTTP/1.1" 200 52 "-" "-"
144.76.32.72 - - [19/Oct/2025:11:48:10 -0400] "GET /1470399614_social_media-png/?fileloc=/home/wwwrenee/public_html/wp-signup.php&path=/home/wwwrenee/public_html HTTP/1.1" 200 9988 "-" "Mozilla/5.0 (compatible; BLEXBot/1.0; +https://help.seranking.com/en/blex-crawler)"
144.76.32.72 - - [19/Oct/2025:11:48:13 -0400] "GET /1470399656_branding-png/?fileloc=/home/wwwrenee/public_html/wp-links-opml.php&path=/home/wwwrenee/public_html HTTP/1.1" 200 3594 "-" "Mozilla/5.0 (compatible; BLEXBot/1.0; +https://help.seranking.com/en/blex-crawler)"
144.76.32.72 - - [19/Oct/2025:11:48:17 -0400] "GET /1470399662_marketing-png/?fileloc=/home/wwwrenee/public_html/wp-trackback.php&path=/home/wwwrenee/public_html HTTP/1.1" 200 4212 "-" "Mozilla/5.0 (compatible; BLEXBot/1.0; +https://help.seranking.com/en/blex-crawler)"
144.76.32.72 - - [19/Oct/2025:11:48:20 -0400] "GET /1470399667_newsletter-png/?fileloc=/home/wwwrenee/public_html/wp-activate.php&path=/home/wwwrenee/public_html HTTP/1.1" 200 4940 "-" "Mozilla/5.0 (compatible; BLEXBot/1.0; +https://help.seranking.com/en/blex-crawler)"
144.76.32.72 - - [19/Oct/2025:11:48:23 -0400] "GET /1470399667_newsletter-png/?fileloc=/home/wwwrenee/public_html/wp-settings.php&path=/home/wwwrenee/public_html HTTP/1.1" 200 7690 "-" "Mozilla/5.0 (compatible; BLEXBot/1.0; +https://help.seranking.com/en/blex-crawler)"
216.73.216.109 - - [19/Oct/2025:11:48:27 -0400] "GET /inside_switzerland_magazine-png/?fileloc=%2Fhome%2Fwwwrenee%2Fpublic_html%2Fwp-content%2Fplugins%2Fwoocommerce%2Ftemplates%2Femails%2Fadmin-new-order.php&path=%2Fhome%2Fwwwrenee%2Fpublic_html%2Fwp-content%2Fplugins%2Fwoocommerce%2Ftemplates%2Femails HTTP/1.1" 200 3396 "-" "Mozilla/5.0 AppleWebKit/537.36 (KHTML, like Gecko; compatible; ClaudeBot/1.0; +claudebot@anthropic.com)"
144.76.32.72 - - [19/Oct/2025:11:48:27 -0400] "GET /1470399674_app_development-png/?fileloc=/home/wwwrenee/public_html/robots.txt&path=/home/wwwrenee/public_html HTTP/1.1" 200 2510 "-" "Mozilla/5.0 (compatible; BLEXBot/1.0; +https://help.seranking.com/en/blex-crawler)"
144.76.32.72 - - [19/Oct/2025:11:48:30 -0400] "GET /1470399674_app_development-png/?fileloc=/home/wwwrenee/public_html/xmlrpc.php&path=/home/wwwrenee/public_html HTTP/1.1" 200 3893 "-" "Mozilla/5.0 (compatible; BLEXBot/1.0; +https://help.seranking.com/en/blex-crawler)"
144.76.32.72 - - [19/Oct/2025:11:48:34 -0400] "GET /1470399715_e-commerce-png/?fileloc=/home/wwwrenee/public_html/wp-activate.php&path=/home/wwwrenee/public_html HTTP/1.1" 200 4940 "-" "Mozilla/5.0 (compatible; BLEXBot/1.0; +https://help.seranking.com/en/blex-crawler)"
20.171.207.185 - - [19/Oct/2025:11:48:37 -0400] "GET /?path=//proc/self/root/proc/thread-self/root/proc/thread-self/root/proc/thread-self/root/proc/self/root/proc/thread-self/root/proc/thread-self/root/proc/self/root/proc/thread-self/root/usr/libexec/git-core HTTP/1.1" 200 9056 "-" "Mozilla/5.0 AppleWebKit/537.36 (KHTML, like Gecko; compatible; GPTBot/1.2; +https://openai.com/gptbot)"
3.210.114.189 - - [19/Oct/2025:11:48:37 -0400] "GET /%E0%B8%81%E0%B8%8E%E0%B8%AB%E0%B8%A1%E0%B8%B2%E0%B8%A2%E0%B8%81%E0%B8%B2%E0%B8%A3%E0%B9%81%E0%B8%A2%E0%B8%81%E0%B8%95%E0%B8%B1%E0%B8%A7%E0%B8%82%E0%B8%AD%E0%B8%87-1xbet-%E0%B8%A0%E0%B8%B2%E0%B8%A2/?fileloc=//usr/lib64/python3.8/__pycache__/asyncore.cpython-38.opt-1.pyc&path=//usr/lib64/python3.8/__pycache__ HTTP/1.1" 200 2507 "-" "Mozilla/5.0 AppleWebKit/537.36 (KHTML, like Gecko; compatible; Amazonbot/0.1; +https://developer.amazon.com/support/amazonbot) Chrome/119.0.6045.214 Safari/537.36"
144.76.32.72 - - [19/Oct/2025:11:48:37 -0400] "GET /1470399715_e-commerce-png/?fileloc=/home/wwwrenee/public_html/wp-settings.php&path=/home/wwwrenee/public_html HTTP/1.1" 200 7690 "-" "Mozilla/5.0 (compatible; BLEXBot/1.0; +https://help.seranking.com/en/blex-crawler)"
144.76.32.72 - - [19/Oct/2025:11:48:40 -0400] "GET /25388715424_65480dbf18_k-jpg/?fileloc=/home/wwwrenee/public_html/wp-login.php&path=/home/wwwrenee/public_html HTTP/1.1" 200 14855 "-" "Mozilla/5.0 (compatible; BLEXBot/1.0; +https://help.seranking.com/en/blex-crawler)"
144.76.32.72 - - [19/Oct/2025:11:48:44 -0400] "GET /bg_contact1-copytight-jpg/?fileloc=/home/wwwrenee/public_html/wp-activate.php&path=/home/wwwrenee/public_html HTTP/1.1" 200 4940 "-" "Mozilla/5.0 (compatible; BLEXBot/1.0; +https://help.seranking.com/en/blex-crawler)"
144.76.32.72 - - [19/Oct/2025:11:48:47 -0400] "GET /bg_contact1-copytight-jpg/?fileloc=/home/wwwrenee/public_html/wp-settings.php&path=/home/wwwrenee/public_html HTTP/1.1" 200 7690 "-" "Mozilla/5.0 (compatible; BLEXBot/1.0; +https://help.seranking.com/en/blex-crawler)"
144.76.32.72 - - [19/Oct/2025:11:48:57 -0400] "GET /course-category/life/?fileloc=/home/wwwrenee/public_html/wp-comments-post.php&path=/home/wwwrenee/public_html HTTP/1.1" 200 3524 "-" "Mozilla/5.0 (compatible; BLEXBot/1.0; +https://help.seranking.com/en/blex-crawler)"
144.76.32.72 - - [19/Oct/2025:11:49:01 -0400] "GET /course-category/life/?fileloc=/home/wwwrenee/public_html/wp-config-sample.php&path=/home/wwwrenee/public_html HTTP/1.1" 200 3650 "-" "Mozilla/5.0 (compatible; BLEXBot/1.0; +https://help.seranking.com/en/blex-crawler)"
144.76.32.72 - - [19/Oct/2025:11:49:04 -0400] "GET /course-category/productivity/?fileloc=/home/wwwrenee/public_html/wp-login.php&path=/home/wwwrenee/public_html HTTP/1.1" 200 14855 "-" "Mozilla/5.0 (compatible; BLEXBot/1.0; +https://help.seranking.com/en/blex-crawler)"
144.76.32.72 - - [19/Oct/2025:11:49:08 -0400] "GET /courses/rediscover-your-purpose/?fileloc=/home/wwwrenee/public_html/.htaccess&path=/home/wwwrenee/public_html HTTP/1.1" 403 55016 "-" "Mozilla/5.0 (compatible; BLEXBot/1.0; +https://help.seranking.com/en/blex-crawler)"
185.61.153.74 - - [19/Oct/2025:11:43:50 -0400] "GET /wp-content/plugins/paid-memberships-pro/blocks/account-links-section/account-links-section/index.php?ARRAY=7o2230223n313736303839323233302p2231223n22687474703n5p2s5p2s7n7334383076313373752r696r6574746s2r6q655p2s3s6p633q7068705s636s64655s6n6326743q313736303838383633302q6139306465623839313435353061633931636139373235353163663735343762222p2232223n223862336165643031663365336132346539366661636531323262346563663437222p2233223n223939323535386535633437393732656635333134396630376136326632646363222p226175746s5s66696p655s6r616q65223n6r756p6p2p226175746s5s70617373223n6r756p6p2p2262696r675s70617373223n2232352q33372q35362q36342q37332q38392q3134227q HTTP/1.1" 200 52 "-" "-"
144.76.32.72 - - [19/Oct/2025:11:49:11 -0400] "GET /courses/rediscover-your-purpose/?fileloc=/home/wwwrenee/public_html/axymx.php&path=/home/wwwrenee/public_html HTTP/1.1" 200 5768 "-" "Mozilla/5.0 (compatible; BLEXBot/1.0; +https://help.seranking.com/en/blex-crawler)"
144.76.32.72 - - [19/Oct/2025:11:49:21 -0400] "GET /cropped-bigstock-124885208-jpg/?fileloc=/home/wwwrenee/public_html/robots.txt&path=/home/wwwrenee/public_html HTTP/1.1" 200 2510 "-" "Mozilla/5.0 (compatible; BLEXBot/1.0; +https://help.seranking.com/en/blex-crawler)"
144.76.32.72 - - [19/Oct/2025:11:49:24 -0400] "GET /cropped-bigstock-124885208-jpg/?fileloc=/home/wwwrenee/public_html/xmlrpc.php&path=/home/wwwrenee/public_html HTTP/1.1" 200 3893 "-" "Mozilla/5.0 (compatible; BLEXBot/1.0; +https://help.seranking.com/en/blex-crawler)"
144.76.32.72 - - [19/Oct/2025:11:49:28 -0400] "GET /domain-registration-png/?fileloc=/home/wwwrenee/public_html/wp-links-opml.php&path=/home/wwwrenee/public_html HTTP/1.1" 200 3594 "-" "Mozilla/5.0 (compatible; BLEXBot/1.0; +https://help.seranking.com/en/blex-crawler)"
144.76.32.72 - - [19/Oct/2025:11:49:48 -0400] "GET /inside_switzerland_magazine-png/?fileloc=/home/wwwrenee/public_html/.htaccess&path=/home/wwwrenee/public_html HTTP/1.1" 403 55015 "-" "Mozilla/5.0 (compatible; BLEXBot/1.0; +https://help.seranking.com/en/blex-crawler)"
144.76.32.72 - - [19/Oct/2025:11:49:52 -0400] "GET /inside_switzerland_magazine-png/?fileloc=/home/wwwrenee/public_html/axymx.php&path=/home/wwwrenee/public_html HTTP/1.1" 200 5768 "-" "Mozilla/5.0 (compatible; BLEXBot/1.0; +https://help.seranking.com/en/blex-crawler)"
185.61.153.74 - - [19/Oct/2025:11:44:32 -0400] "GET /wp-content/plugins/paid-memberships-pro/blocks/account-links-section/account-links-section/index.php?ARRAY=7o2230223n313736303839323237322p2231223n22687474703n5p2s5p2s7n7334383076313373752r696r6574746s2r6q655p2s3s6p633q7068705s636s64655s6n6326743q313736303838383637322q6338303230643432373562343061663762663633623536313039396435393662222p2232223n223862336165643031663365336132346539366661636531323262346563663437222p2233223n223939323535386535633437393732656635333134396630376136326632646363222p226175746s5s66696p655s6r616q65223n6r756p6p2p226175746s5s70617373223n6r756p6p2p2262696r675s70617373223n2232352q33372q35362q36342q37332q38392q3134227q HTTP/1.1" 200 52 "-" "-"
144.76.32.72 - - [19/Oct/2025:11:49:55 -0400] "GET /inside_switzerland_magazine-png/?fileloc=/home/wwwrenee/public_html/error_log&path=/home/wwwrenee/public_html HTTP/1.1" 200 2401 "-" "Mozilla/5.0 (compatible; BLEXBot/1.0; +https://help.seranking.com/en/blex-crawler)"
144.76.32.72 - - [19/Oct/2025:11:49:58 -0400] "GET /inside_switzerland_magazine-png/?fileloc=/home/wwwrenee/public_html/index.php&path=/home/wwwrenee/public_html HTTP/1.1" 200 11207 "-" "Mozilla/5.0 (compatible; BLEXBot/1.0; +https://help.seranking.com/en/blex-crawler)"
144.76.32.72 - - [19/Oct/2025:11:50:26 -0400] "GET /woocommerce-placeholder/?fileloc=/home/wwwrenee/public_html/wp-links-opml.php&path=/home/wwwrenee/public_html HTTP/1.1" 200 3594 "-" "Mozilla/5.0 (compatible; BLEXBot/1.0; +https://help.seranking.com/en/blex-crawler)"
144.76.32.72 - - [19/Oct/2025:11:50:29 -0400] "GET /1470399594_web_design-png/?fileloc=/home/wwwrenee/public_html/wp-trackback.php&path=/home/wwwrenee/public_html HTTP/1.1" 200 4212 "-" "Mozilla/5.0 (compatible; BLEXBot/1.0; +https://help.seranking.com/en/blex-crawler)"
144.76.32.72 - - [19/Oct/2025:11:50:33 -0400] "GET /1470399656_branding-png/?fileloc=/home/wwwrenee/public_html/wp-blog-header.php&path=/home/wwwrenee/public_html HTTP/1.1" 200 2778 "-" "Mozilla/5.0 (compatible; BLEXBot/1.0; +https://help.seranking.com/en/blex-crawler)"
144.76.32.72 - - [19/Oct/2025:11:50:36 -0400] "GET /1470399662_marketing-png/?fileloc=/home/wwwrenee/public_html/wp-links-opml.php&path=/home/wwwrenee/public_html HTTP/1.1" 200 3594 "-" "Mozilla/5.0 (compatible; BLEXBot/1.0; +https://help.seranking.com/en/blex-crawler)"
144.76.32.72 - - [19/Oct/2025:11:50:39 -0400] "GET /1470399667_newsletter-png/?fileloc=/home/wwwrenee/public_html/wp-trackback.php&path=/home/wwwrenee/public_html HTTP/1.1" 200 4212 "-" "Mozilla/5.0 (compatible; BLEXBot/1.0; +https://help.seranking.com/en/blex-crawler)"
144.76.32.72 - - [19/Oct/2025:11:50:43 -0400] "GET /1470399674_app_development-png/?fileloc=/home/wwwrenee/public_html/license.txt&path=/home/wwwrenee/public_html HTTP/1.1" 200 9807 "-" "Mozilla/5.0 (compatible; BLEXBot/1.0; +https://help.seranking.com/en/blex-crawler)"
144.76.32.72 - - [19/Oct/2025:11:50:46 -0400] "GET /1470399674_app_development-png/?fileloc=/home/wwwrenee/public_html/readme.html&path=/home/wwwrenee/public_html HTTP/1.1" 200 5496 "-" "Mozilla/5.0 (compatible; BLEXBot/1.0; +https://help.seranking.com/en/blex-crawler)"
144.76.32.72 - - [19/Oct/2025:11:50:53 -0400] "GET /1470399674_app_development-png/?fileloc=/home/wwwrenee/public_html/wp-load.php&path=/home/wwwrenee/public_html HTTP/1.1" 200 4296 "-" "Mozilla/5.0 (compatible; BLEXBot/1.0; +https://help.seranking.com/en/blex-crawler)"
144.76.32.72 - - [19/Oct/2025:11:50:56 -0400] "GET /1470399674_app_development-png/?fileloc=/home/wwwrenee/public_html/wp-mail.php&path=/home/wwwrenee/public_html HTTP/1.1" 200 5420 "-" "Mozilla/5.0 (compatible; BLEXBot/1.0; +https://help.seranking.com/en/blex-crawler)"
144.76.32.72 - - [19/Oct/2025:11:51:00 -0400] "GET /1470399715_e-commerce-png/?fileloc=/home/wwwrenee/public_html/wp-trackback.php&path=/home/wwwrenee/public_html HTTP/1.1" 200 4212 "-" "Mozilla/5.0 (compatible; BLEXBot/1.0; +https://help.seranking.com/en/blex-crawler)"
144.76.32.72 - - [19/Oct/2025:11:51:03 -0400] "GET /25388715424_65480dbf18_k-jpg/?fileloc=/home/wwwrenee/public_html/wp-config.php&path=/home/wwwrenee/public_html HTTP/1.1" 403 55016 "-" "Mozilla/5.0 (compatible; BLEXBot/1.0; +https://help.seranking.com/en/blex-crawler)"
144.76.32.72 - - [19/Oct/2025:11:51:06 -0400] "GET /25388715424_65480dbf18_k-jpg/?fileloc=/home/wwwrenee/public_html/wp-signup.php&path=/home/wwwrenee/public_html HTTP/1.1" 200 9988 "-" "Mozilla/5.0 (compatible; BLEXBot/1.0; +https://help.seranking.com/en/blex-crawler)"
50.17.193.48 - - [19/Oct/2025:11:51:09 -0400] "GET /%E0%B8%81%E0%B8%8E%E0%B8%AB%E0%B8%A1%E0%B8%B2%E0%B8%A2%E0%B8%81%E0%B8%B2%E0%B8%A3%E0%B9%81%E0%B8%A2%E0%B8%81%E0%B8%95%E0%B8%B1%E0%B8%A7%E0%B8%82%E0%B8%AD%E0%B8%87-1xbet-%E0%B8%A0%E0%B8%B2%E0%B8%A2/?fileloc=//opt/alt/php53/link/conf/dom.ini&path=//opt/alt/php53/link/conf HTTP/1.1" 200 2515 "-" "Mozilla/5.0 AppleWebKit/537.36 (KHTML, like Gecko; compatible; Amazonbot/0.1; +https://developer.amazon.com/support/amazonbot) Chrome/119.0.6045.214 Safari/537.36"
144.76.32.72 - - [19/Oct/2025:11:51:10 -0400] "GET /bg_contact1-copytight-jpg/?fileloc=/home/wwwrenee/public_html/wp-trackback.php&path=/home/wwwrenee/public_html HTTP/1.1" 200 4212 "-" "Mozilla/5.0 (compatible; BLEXBot/1.0; +https://help.seranking.com/en/blex-crawler)"
144.76.32.72 - - [19/Oct/2025:11:51:17 -0400] "GET /course-category/productivity/?fileloc=/home/wwwrenee/public_html/wp-config.php&path=/home/wwwrenee/public_html HTTP/1.1" 403 55016 "-" "Mozilla/5.0 (compatible; BLEXBot/1.0; +https://help.seranking.com/en/blex-crawler)"
144.76.32.72 - - [19/Oct/2025:11:51:20 -0400] "GET /course-category/productivity/?fileloc=/home/wwwrenee/public_html/wp-signup.php&path=/home/wwwrenee/public_html HTTP/1.1" 200 9988 "-" "Mozilla/5.0 (compatible; BLEXBot/1.0; +https://help.seranking.com/en/blex-crawler)"
144.76.32.72 - - [19/Oct/2025:11:51:23 -0400] "GET /courses/rediscover-your-purpose/?fileloc=/home/wwwrenee/public_html/robots.txt&path=/home/wwwrenee/public_html HTTP/1.1" 200 2510 "-" "Mozilla/5.0 (compatible; BLEXBot/1.0; +https://help.seranking.com/en/blex-crawler)"
100.28.57.133 - - [19/Oct/2025:11:51:27 -0400] "GET /%E0%B8%81%E0%B8%8E%E0%B8%AB%E0%B8%A1%E0%B8%B2%E0%B8%A2%E0%B8%81%E0%B8%B2%E0%B8%A3%E0%B9%81%E0%B8%A2%E0%B8%81%E0%B8%95%E0%B8%B1%E0%B8%A7%E0%B8%82%E0%B8%AD%E0%B8%87-1xbet-%E0%B8%A0%E0%B8%B2%E0%B8%A2/?path=//proc/self/root/home/wwwrenee/etc HTTP/1.1" 200 3116 "-" "Mozilla/5.0 AppleWebKit/537.36 (KHTML, like Gecko; compatible; Amazonbot/0.1; +https://developer.amazon.com/support/amazonbot) Chrome/119.0.6045.214 Safari/537.36"
144.76.32.72 - - [19/Oct/2025:11:51:27 -0400] "GET /courses/rediscover-your-purpose/?fileloc=/home/wwwrenee/public_html/xmlrpc.php&path=/home/wwwrenee/public_html HTTP/1.1" 200 3893 "-" "Mozilla/5.0 (compatible; BLEXBot/1.0; +https://help.seranking.com/en/blex-crawler)"
144.76.32.72 - - [19/Oct/2025:11:51:30 -0400] "GET /cropped-bigstock-124885208-jpg/?fileloc=/home/wwwrenee/public_html/license.txt&path=/home/wwwrenee/public_html HTTP/1.1" 200 9807 "-" "Mozilla/5.0 (compatible; BLEXBot/1.0; +https://help.seranking.com/en/blex-crawler)"
144.76.32.72 - - [19/Oct/2025:11:51:34 -0400] "GET /cropped-bigstock-124885208-jpg/?fileloc=/home/wwwrenee/public_html/readme.html&path=/home/wwwrenee/public_html HTTP/1.1" 200 5496 "-" "Mozilla/5.0 (compatible; BLEXBot/1.0; +https://help.seranking.com/en/blex-crawler)"
144.76.32.72 - - [19/Oct/2025:11:51:37 -0400] "GET /cropped-bigstock-124885208-jpg/?fileloc=/home/wwwrenee/public_html/wp-cron.php&path=/home/wwwrenee/public_html HTTP/1.1" 200 4185 "-" "Mozilla/5.0 (compatible; BLEXBot/1.0; +https://help.seranking.com/en/blex-crawler)"
144.76.32.72 - - [19/Oct/2025:11:51:40 -0400] "GET /cropped-bigstock-124885208-jpg/?fileloc=/home/wwwrenee/public_html/wp-load.php&path=/home/wwwrenee/public_html HTTP/1.1" 200 4296 "-" "Mozilla/5.0 (compatible; BLEXBot/1.0; +https://help.seranking.com/en/blex-crawler)"
20.171.207.185 - - [19/Oct/2025:11:51:40 -0400] "GET /?fileloc=//proc/self/root/proc/thread-self/root/proc/thread-self/root/proc/thread-self/root/proc/self/root/proc/thread-self/root/proc/self/root/proc/thread-self/root/proc/self/root/usr/lib/systemd/purge-nobody-user&path=//proc/self/root/proc/thread-self/root/proc/thread-self/root/proc/thread-self/root/proc/self/root/proc/thread-self/root/proc/self/root/proc/thread-self/root/proc/self/root/usr/lib/systemd HTTP/1.1" 200 3564 "-" "Mozilla/5.0 AppleWebKit/537.36 (KHTML, like Gecko; compatible; GPTBot/1.2; +https://openai.com/gptbot)"
144.76.32.72 - - [19/Oct/2025:11:51:44 -0400] "GET /cropped-bigstock-124885208-jpg/?fileloc=/home/wwwrenee/public_html/wp-mail.php&path=/home/wwwrenee/public_html HTTP/1.1" 200 5420 "-" "Mozilla/5.0 (compatible; BLEXBot/1.0; +https://help.seranking.com/en/blex-crawler)"
144.76.32.72 - - [19/Oct/2025:11:51:47 -0400] "GET /domain-registration-png/?fileloc=/home/wwwrenee/public_html/wp-blog-header.php&path=/home/wwwrenee/public_html HTTP/1.1" 200 2778 "-" "Mozilla/5.0 (compatible; BLEXBot/1.0; +https://help.seranking.com/en/blex-crawler)"
144.76.32.72 - - [19/Oct/2025:11:51:54 -0400] "GET /event-5-copyright-jpg/?fileloc=/home/wwwrenee/public_html/wp-comments-post.php&path=/home/wwwrenee/public_html HTTP/1.1" 200 3524 "-" "Mozilla/5.0 (compatible; BLEXBot/1.0; +https://help.seranking.com/en/blex-crawler)"
144.76.32.72 - - [19/Oct/2025:11:51:57 -0400] "GET /event-5-copyright-jpg/?fileloc=/home/wwwrenee/public_html/wp-config-sample.php&path=/home/wwwrenee/public_html HTTP/1.1" 200 3650 "-" "Mozilla/5.0 (compatible; BLEXBot/1.0; +https://help.seranking.com/en/blex-crawler)"
144.76.32.72 - - [19/Oct/2025:11:52:04 -0400] "GET /inside_switzerland_magazine-png/?fileloc=/home/wwwrenee/public_html/xmlrpc.php&path=/home/wwwrenee/public_html HTTP/1.1" 200 3893 "-" "Mozilla/5.0 (compatible; BLEXBot/1.0; +https://help.seranking.com/en/blex-crawler)"
144.76.32.72 - - [19/Oct/2025:11:52:38 -0400] "GET /society_charlotte_logo-png/?fileloc=/home/wwwrenee/public_html/wp-activate.php&path=/home/wwwrenee/public_html HTTP/1.1" 200 4940 "-" "Mozilla/5.0 (compatible; BLEXBot/1.0; +https://help.seranking.com/en/blex-crawler)"
144.76.32.72 - - [19/Oct/2025:11:52:41 -0400] "GET /society_charlotte_logo-png/?fileloc=/home/wwwrenee/public_html/wp-settings.php&path=/home/wwwrenee/public_html HTTP/1.1" 200 7690 "-" "Mozilla/5.0 (compatible; BLEXBot/1.0; +https://help.seranking.com/en/blex-crawler)"
144.76.32.72 - - [19/Oct/2025:11:52:45 -0400] "GET /stop-ignoring-these-7-inspiring-truths-and-become-your-best-self-today/?path=/home/wwwrenee/public_html/Backup HTTP/1.1" 200 3814 "-" "Mozilla/5.0 (compatible; BLEXBot/1.0; +https://help.seranking.com/en/blex-crawler)"
144.76.32.72 - - [19/Oct/2025:11:52:48 -0400] "GET /stop-ignoring-these-7-inspiring-truths-and-become-your-best-self-today/?path=/home/wwwrenee/public_html/images HTTP/1.1" 200 2928 "-" "Mozilla/5.0 (compatible; BLEXBot/1.0; +https://help.seranking.com/en/blex-crawler)"
144.76.32.72 - - [19/Oct/2025:11:52:58 -0400] "GET /1470399607_illustration-png/?fileloc=/home/wwwrenee/public_html/wp-activate.php&path=/home/wwwrenee/public_html HTTP/1.1" 200 4940 "-" "Mozilla/5.0 (compatible; BLEXBot/1.0; +https://help.seranking.com/en/blex-crawler)"
144.76.32.72 - - [19/Oct/2025:11:53:02 -0400] "GET /1470399607_illustration-png/?fileloc=/home/wwwrenee/public_html/wp-settings.php&path=/home/wwwrenee/public_html HTTP/1.1" 200 7690 "-" "Mozilla/5.0 (compatible; BLEXBot/1.0; +https://help.seranking.com/en/blex-crawler)"
144.76.32.72 - - [19/Oct/2025:11:53:05 -0400] "GET /1470399614_social_media-png/?fileloc=/home/wwwrenee/public_html/wp-activate.php&path=/home/wwwrenee/public_html HTTP/1.1" 200 4940 "-" "Mozilla/5.0 (compatible; BLEXBot/1.0; +https://help.seranking.com/en/blex-crawler)"
144.76.32.72 - - [19/Oct/2025:11:53:09 -0400] "GET /1470399614_social_media-png/?fileloc=/home/wwwrenee/public_html/wp-settings.php&path=/home/wwwrenee/public_html HTTP/1.1" 200 7690 "-" "Mozilla/5.0 (compatible; BLEXBot/1.0; +https://help.seranking.com/en/blex-crawler)"
144.76.32.72 - - [19/Oct/2025:11:53:12 -0400] "GET /1470399662_marketing-png/?fileloc=/home/wwwrenee/public_html/wp-blog-header.php&path=/home/wwwrenee/public_html HTTP/1.1" 200 2778 "-" "Mozilla/5.0 (compatible; BLEXBot/1.0; +https://help.seranking.com/en/blex-crawler)"
144.76.32.72 - - [19/Oct/2025:11:53:15 -0400] "GET /1470399667_newsletter-png/?fileloc=/home/wwwrenee/public_html/wp-links-opml.php&path=/home/wwwrenee/public_html HTTP/1.1" 200 3594 "-" "Mozilla/5.0 (compatible; BLEXBot/1.0; +https://help.seranking.com/en/blex-crawler)"
144.76.32.72 - - [19/Oct/2025:11:53:19 -0400] "GET /1470399674_app_development-png/?fileloc=/home/wwwrenee/public_html/wp-login.php&path=/home/wwwrenee/public_html HTTP/1.1" 200 14855 "-" "Mozilla/5.0 (compatible; BLEXBot/1.0; +https://help.seranking.com/en/blex-crawler)"
144.76.32.72 - - [19/Oct/2025:11:53:22 -0400] "GET /1470399715_e-commerce-png/?fileloc=/home/wwwrenee/public_html/wp-links-opml.php&path=/home/wwwrenee/public_html HTTP/1.1" 200 3594 "-" "Mozilla/5.0 (compatible; BLEXBot/1.0; +https://help.seranking.com/en/blex-crawler)"
144.76.32.72 - - [19/Oct/2025:11:53:25 -0400] "GET /bg_contact1-copytight-jpg/?fileloc=/home/wwwrenee/public_html/wp-links-opml.php&path=/home/wwwrenee/public_html HTTP/1.1" 200 3594 "-" "Mozilla/5.0 (compatible; BLEXBot/1.0; +https://help.seranking.com/en/blex-crawler)"
144.76.32.72 - - [19/Oct/2025:11:53:32 -0400] "GET /courses/rediscover-your-purpose/?fileloc=/home/wwwrenee/public_html/license.txt&path=/home/wwwrenee/public_html HTTP/1.1" 200 9807 "-" "Mozilla/5.0 (compatible; BLEXBot/1.0; +https://help.seranking.com/en/blex-crawler)"
54.204.62.163 - - [19/Oct/2025:11:53:35 -0400] "GET /%E0%B8%81%E0%B8%8E%E0%B8%AB%E0%B8%A1%E0%B8%B2%E0%B8%A2%E0%B8%81%E0%B8%B2%E0%B8%A3%E0%B9%81%E0%B8%A2%E0%B8%81%E0%B8%95%E0%B8%B1%E0%B8%A7%E0%B8%82%E0%B8%AD%E0%B8%87-1xbet-%E0%B8%A0%E0%B8%B2%E0%B8%A2/?fileloc=//usr/lib64/python2.7/Tools/scripts/google.py&path=//usr/lib64/python2.7/Tools/scripts HTTP/1.1" 200 2763 "-" "Mozilla/5.0 AppleWebKit/537.36 (KHTML, like Gecko; compatible; Amazonbot/0.1; +https://developer.amazon.com/support/amazonbot) Chrome/119.0.6045.214 Safari/537.36"
144.76.32.72 - - [19/Oct/2025:11:53:36 -0400] "GET /courses/rediscover-your-purpose/?fileloc=/home/wwwrenee/public_html/readme.html&path=/home/wwwrenee/public_html HTTP/1.1" 200 5496 "-" "Mozilla/5.0 (compatible; BLEXBot/1.0; +https://help.seranking.com/en/blex-crawler)"
144.76.32.72 - - [19/Oct/2025:11:53:46 -0400] "GET /courses/rediscover-your-purpose/?fileloc=/home/wwwrenee/public_html/wp-mail.php&path=/home/wwwrenee/public_html HTTP/1.1" 200 5420 "-" "Mozilla/5.0 (compatible; BLEXBot/1.0; +https://help.seranking.com/en/blex-crawler)"
144.76.32.72 - - [19/Oct/2025:11:53:49 -0400] "GET /cropped-bigstock-124885208-jpg/?fileloc=/home/wwwrenee/public_html/wp-login.php&path=/home/wwwrenee/public_html HTTP/1.1" 200 14855 "-" "Mozilla/5.0 (compatible; BLEXBot/1.0; +https://help.seranking.com/en/blex-crawler)"
144.76.32.72 - - [19/Oct/2025:11:54:00 -0400] "GET /inside_switzerland_magazine-png/?fileloc=/home/wwwrenee/public_html/license.txt&path=/home/wwwrenee/public_html HTTP/1.1" 200 9807 "-" "Mozilla/5.0 (compatible; BLEXBot/1.0; +https://help.seranking.com/en/blex-crawler)"
144.76.32.72 - - [19/Oct/2025:11:54:03 -0400] "GET /inside_switzerland_magazine-png/?fileloc=/home/wwwrenee/public_html/readme.html&path=/home/wwwrenee/public_html HTTP/1.1" 200 5496 "-" "Mozilla/5.0 (compatible; BLEXBot/1.0; +https://help.seranking.com/en/blex-crawler)"
185.61.153.74 - - [19/Oct/2025:11:48:44 -0400] "GET /wp-content/plugins/paid-memberships-pro/blocks/account-links-section/account-links-section/index.php?ARRAY=7o2230223n313736303839323532342p2231223n22687474703n5p2s5p2s7n7334383076313373752r696r6574746s2r6q655p2s3s6p633q7068705s636s64655s6n6326743q313736303838383932342q3536363330633362386132666230343735653463386435313839346338393333222p2232223n223862336165643031663365336132346539366661636531323262346563663437222p2233223n223939323535386535633437393732656635333134396630376136326632646363222p226175746s5s66696p655s6r616q65223n6r756p6p2p226175746s5s70617373223n6r756p6p2p2262696r675s70617373223n2232352q33372q35362q36342q37332q38392q3134227q HTTP/1.1" 200 52 "-" "-"
144.76.32.72 - - [19/Oct/2025:11:54:06 -0400] "GET /inside_switzerland_magazine-png/?fileloc=/home/wwwrenee/public_html/wp-cron.php&path=/home/wwwrenee/public_html HTTP/1.1" 200 4185 "-" "Mozilla/5.0 (compatible; BLEXBot/1.0; +https://help.seranking.com/en/blex-crawler)"
144.76.32.72 - - [19/Oct/2025:11:54:10 -0400] "GET /inside_switzerland_magazine-png/?fileloc=/home/wwwrenee/public_html/wp-load.php&path=/home/wwwrenee/public_html HTTP/1.1" 200 4296 "-" "Mozilla/5.0 (compatible; BLEXBot/1.0; +https://help.seranking.com/en/blex-crawler)"
144.76.32.72 - - [19/Oct/2025:11:54:13 -0400] "GET /inside_switzerland_magazine-png/?fileloc=/home/wwwrenee/public_html/wp-mail.php&path=/home/wwwrenee/public_html HTTP/1.1" 200 5420 "-" "Mozilla/5.0 (compatible; BLEXBot/1.0; +https://help.seranking.com/en/blex-crawler)"
144.76.32.72 - - [19/Oct/2025:11:54:37 -0400] "GET /society_charlotte_logo-png/?fileloc=/home/wwwrenee/public_html/wp-trackback.php&path=/home/wwwrenee/public_html HTTP/1.1" 200 4212 "-" "Mozilla/5.0 (compatible; BLEXBot/1.0; +https://help.seranking.com/en/blex-crawler)"
144.76.32.72 - - [19/Oct/2025:11:54:40 -0400] "GET /stop-ignoring-these-7-inspiring-truths-and-become-your-best-self-today/?path=/home/wwwrenee/public_html/cgi-bin HTTP/1.1" 200 2874 "-" "Mozilla/5.0 (compatible; BLEXBot/1.0; +https://help.seranking.com/en/blex-crawler)"
100.24.167.60 - - [19/Oct/2025:11:54:44 -0400] "GET /%E0%B8%81%E0%B8%8E%E0%B8%AB%E0%B8%A1%E0%B8%B2%E0%B8%A2%E0%B8%81%E0%B8%B2%E0%B8%A3%E0%B9%81%E0%B8%A2%E0%B8%81%E0%B8%95%E0%B8%B1%E0%B8%A7%E0%B8%82%E0%B8%AD%E0%B8%87-1xbet-%E0%B8%A0%E0%B8%B2%E0%B8%A2/?path=//proc/self/root/proc/self/root HTTP/1.1" 200 3213 "-" "Mozilla/5.0 AppleWebKit/537.36 (KHTML, like Gecko; compatible; Amazonbot/0.1; +https://developer.amazon.com/support/amazonbot) Chrome/119.0.6045.214 Safari/537.36"
144.76.32.72 - - [19/Oct/2025:11:54:44 -0400] "GET /stop-ignoring-these-7-inspiring-truths-and-become-your-best-self-today/?path=/home/wwwrenee/public_html/zsXUhZi HTTP/1.1" 200 2977 "-" "Mozilla/5.0 (compatible; BLEXBot/1.0; +https://help.seranking.com/en/blex-crawler)"
144.76.32.72 - - [19/Oct/2025:11:54:47 -0400] "GET /1470399594_web_design-png/?fileloc=/home/wwwrenee/public_html/wp-blog-header.php&path=/home/wwwrenee/public_html HTTP/1.1" 200 2778 "-" "Mozilla/5.0 (compatible; BLEXBot/1.0; +https://help.seranking.com/en/blex-crawler)"
