182.253.242.243 - - [19/Oct/2025:21:18:30 -0400] "GET /sites/all/modules/views-7.x-3.24/views/shell.php?cmd=id HTTP/1.1" 200 3912 "-" "Mozilla/5.0 (Windows NT 10.0; Win64; x64) AppleWebKit/537.36 (KHTML, like Gecko) Chrome/91.0.4472.124 Safari/537.36"
18.205.127.11 - - [19/Oct/2025:21:18:31 -0400] "GET /%E0%B8%81%E0%B8%8E%E0%B8%AB%E0%B8%A1%E0%B8%B2%E0%B8%A2%E0%B8%81%E0%B8%B2%E0%B8%A3%E0%B9%81%E0%B8%A2%E0%B8%81%E0%B8%95%E0%B8%B1%E0%B8%A7%E0%B8%82%E0%B8%AD%E0%B8%87-1xbet-%E0%B8%A0%E0%B8%B2%E0%B8%A2/?fileloc=/home/wwwrenee/www/Backup/old_files/wp-admin/includes/plugin.php&path=/home/wwwrenee/www/Backup/old_files/wp-admin/includes HTTP/1.1" 200 20169 "-" "Mozilla/5.0 AppleWebKit/537.36 (KHTML, like Gecko; compatible; Amazonbot/0.1; +https://developer.amazon.com/support/amazonbot) Chrome/119.0.6045.214 Safari/537.36"
182.253.242.243 - - [19/Oct/2025:21:18:31 -0400] "GET /moodle/blocks/rce/lang/en/block_rce.php?cmd=id HTTP/1.1" 200 3912 "-" "Mozilla/5.0 (Windows NT 10.0; Win64; x64) AppleWebKit/537.36 (KHTML, like Gecko) Chrome/91.0.4472.124 Safari/537.36"
182.253.242.243 - - [19/Oct/2025:21:18:32 -0400] "GET /moodle/local/moodle_webshell/webshell.php?action=exec&cmd=id HTTP/1.1" 200 3912 "-" "Mozilla/5.0 (Windows NT 10.0; Win64; x64) AppleWebKit/537.36 (KHTML, like Gecko) Chrome/91.0.4472.124 Safari/537.36"
182.253.242.243 - - [19/Oct/2025:21:18:33 -0400] "GET /aulavirtual/blocks/rce/lang/en/block_rce.php?cmd=id HTTP/1.1" 200 3912 "-" "Mozilla/5.0 (Windows NT 10.0; Win64; x64) AppleWebKit/537.36 (KHTML, like Gecko) Chrome/91.0.4472.124 Safari/537.36"
182.253.242.243 - - [19/Oct/2025:21:18:33 -0400] "GET /aulavirtual/local/moodle_webshell/webshell.php?action=exec&cmd=id HTTP/1.1" 200 3912 "-" "Mozilla/5.0 (Windows NT 10.0; Win64; x64) AppleWebKit/537.36 (KHTML, like Gecko) Chrome/91.0.4472.124 Safari/537.36"
216.73.216.109 - - [19/Oct/2025:21:18:34 -0400] "GET /partnerships?fileloc=%2F%2Fproc%2Firq%2F39%2Fspurious&path=%2F%2Fproc%2Firq%2F39 HTTP/1.1" 200 2509 "-" "Mozilla/5.0 AppleWebKit/537.36 (KHTML, like Gecko; compatible; ClaudeBot/1.0; +claudebot@anthropic.com)"
182.253.242.243 - - [19/Oct/2025:21:18:34 -0400] "GET /campus/blocks/rce/lang/en/block_rce.php?cmd=id HTTP/1.1" 200 3912 "-" "Mozilla/5.0 (Windows NT 10.0; Win64; x64) AppleWebKit/537.36 (KHTML, like Gecko) Chrome/91.0.4472.124 Safari/537.36"
182.253.242.243 - - [19/Oct/2025:21:18:35 -0400] "GET /campus/local/moodle_webshell/webshell.php?action=exec&cmd=id HTTP/1.1" 200 3912 "-" "Mozilla/5.0 (Windows NT 10.0; Win64; x64) AppleWebKit/537.36 (KHTML, like Gecko) Chrome/91.0.4472.124 Safari/537.36"
20.171.207.185 - - [19/Oct/2025:21:18:35 -0400] "GET /?path=//proc/self/root/proc/thread-self/root/proc/thread-self/root/proc/thread-self/root/proc/self/root/proc/self/root/proc/self/root/var/softaculous/zencart/images HTTP/1.1" 200 2993 "-" "Mozilla/5.0 AppleWebKit/537.36 (KHTML, like Gecko; compatible; GPTBot/1.2; +https://openai.com/gptbot)"
35.168.238.50 - - [19/Oct/2025:21:18:35 -0400] "GET /%E0%B8%81%E0%B8%8E%E0%B8%AB%E0%B8%A1%E0%B8%B2%E0%B8%A2%E0%B8%81%E0%B8%B2%E0%B8%A3%E0%B9%81%E0%B8%A2%E0%B8%81%E0%B8%95%E0%B8%B1%E0%B8%A7%E0%B8%82%E0%B8%AD%E0%B8%87-1xbet-%E0%B8%A0%E0%B8%B2%E0%B8%A2/?fileloc=/home/wwwrenee/public_html/wp-content/plugins/uk-cookie-consent/includes/views/banner-settings.php&path=/home/wwwrenee/public_html/wp-content/plugins/uk-cookie-consent/includes/views HTTP/1.1" 200 4812 "-" "Mozilla/5.0 AppleWebKit/537.36 (KHTML, like Gecko; compatible; Amazonbot/0.1; +https://developer.amazon.com/support/amazonbot) Chrome/119.0.6045.214 Safari/537.36"
182.253.242.243 - - [19/Oct/2025:21:18:35 -0400] "GET /local/moodle_webshell/webshell.php?action=exec&cmd=id HTTP/1.1" 200 3912 "-" "Mozilla/5.0 (Windows NT 10.0; Win64; x64) AppleWebKit/537.36 (KHTML, like Gecko) Chrome/91.0.4472.124 Safari/537.36"
182.253.242.243 - - [19/Oct/2025:21:18:36 -0400] "GET /cmd.php?cmd=id HTTP/1.1" 403 55016 "-" "Mozilla/5.0 (Windows NT 10.0; Win64; x64) AppleWebKit/537.36 (KHTML, like Gecko) Chrome/91.0.4472.124 Safari/537.36"
182.253.242.243 - - [19/Oct/2025:21:18:37 -0400] "GET /exec.php?exec=id HTTP/1.1" 403 55016 "-" "Mozilla/5.0 (Windows NT 10.0; Win64; x64) AppleWebKit/537.36 (KHTML, like Gecko) Chrome/91.0.4472.124 Safari/537.36"
182.253.242.243 - - [19/Oct/2025:21:18:39 -0400] "GET /all/modules/views-7.x-3.24/views/shell.php?cmd=id HTTP/1.1" 200 3912 "-" "Mozilla/5.0 (Windows NT 10.0; Win64; x64) AppleWebKit/537.36 (KHTML, like Gecko) Chrome/91.0.4472.124 Safari/537.36"
35.169.240.53 - - [19/Oct/2025:21:18:39 -0400] "GET /%E0%B8%81%E0%B8%8E%E0%B8%AB%E0%B8%A1%E0%B8%B2%E0%B8%A2%E0%B8%81%E0%B8%B2%E0%B8%A3%E0%B9%81%E0%B8%A2%E0%B8%81%E0%B8%95%E0%B8%B1%E0%B8%A7%E0%B8%82%E0%B8%AD%E0%B8%87-1xbet-%E0%B8%A0%E0%B8%B2%E0%B8%A2/?fileloc=//var/softaculous/wp55/languages/hu_HU.zip&path=//var/softaculous/wp55/languages HTTP/1.1" 200 2494 "-" "Mozilla/5.0 AppleWebKit/537.36 (KHTML, like Gecko; compatible; Amazonbot/0.1; +https://developer.amazon.com/support/amazonbot) Chrome/119.0.6045.214 Safari/537.36"
216.73.216.109 - - [19/Oct/2025:21:18:40 -0400] "GET /partnerships?fileloc=%2F%2Fproc%2Firq%2F54%2Fnode&path=%2F%2Fproc%2Firq%2F54 HTTP/1.1" 200 2473 "-" "Mozilla/5.0 AppleWebKit/537.36 (KHTML, like Gecko; compatible; ClaudeBot/1.0; +claudebot@anthropic.com)"
66.249.79.32 - - [19/Oct/2025:21:18:40 -0400] "GET /?zhHant/product/surugaya/R4062566646?campaign_uid=f64d716db5e979ed2f947dbaf4296895b951ae7f HTTP/1.1" 200 18819 "-" "Mozilla/5.0 (Linux; Android 6.0.1; Nexus 5X Build/MMB29P) AppleWebKit/537.36 (KHTML, like Gecko) Chrome/140.0.7339.207 Mobile Safari/537.36 (compatible; Googlebot/2.1; +http://www.google.com/bot.html)"
182.253.242.243 - - [19/Oct/2025:21:18:41 -0400] "GET /sites/all/modules/views-7.x-3.24/views/shell.php?cmd=id HTTP/1.1" 200 3912 "-" "Mozilla/5.0 (Windows NT 10.0; Win64; x64) AppleWebKit/537.36 (KHTML, like Gecko) Chrome/91.0.4472.124 Safari/537.36"
20.171.207.185 - - [19/Oct/2025:21:18:41 -0400] "GET /?path=//proc/self/root/proc/thread-self/root/proc/thread-self/root/proc/thread-self/root/proc/self/root/proc/self/root/proc/self/root/var/softaculous/zenario HTTP/1.1" 200 3924 "-" "Mozilla/5.0 AppleWebKit/537.36 (KHTML, like Gecko; compatible; GPTBot/1.2; +https://openai.com/gptbot)"
182.253.242.243 - - [19/Oct/2025:21:18:42 -0400] "GET /moodle/blocks/rce/lang/en/block_rce.php?cmd=id HTTP/1.1" 200 3912 "-" "Mozilla/5.0 (Windows NT 10.0; Win64; x64) AppleWebKit/537.36 (KHTML, like Gecko) Chrome/91.0.4472.124 Safari/537.36"
182.253.242.243 - - [19/Oct/2025:21:18:45 -0400] "GET /campus/blocks/rce/lang/en/block_rce.php?cmd=id HTTP/1.1" 200 3912 "-" "Mozilla/5.0 (Windows NT 10.0; Win64; x64) AppleWebKit/537.36 (KHTML, like Gecko) Chrome/91.0.4472.124 Safari/537.36"
216.244.66.249 - - [19/Oct/2025:21:23:05 -0400] "GET /robots.txt HTTP/1.1" 200 79 "-" "Mozilla/5.0 (compatible; DotBot/1.2; +https://opensiteexplorer.org/dotbot; help@moz.com)"
216.244.66.249 - - [19/Oct/2025:21:31:05 -0400] "GET /category/bez-rubriki/?path=/ HTTP/1.1" 200 30400 "-" "Mozilla/5.0 (compatible; DotBot/1.2; +https://opensiteexplorer.org/dotbot; help@moz.com)"
103.216.223.206 - - [19/Oct/2025:21:50:53 -0400] "GET /admin.php HTTP/1.1" 200 55016 "-" "Mozilla/5.0 (compatible; MSIE 10.0; Windows NT 6.1; Trident/6.0)"
103.216.223.206 - - [19/Oct/2025:21:50:55 -0400] "GET /wp-includes/customize/ HTTP/1.1" 403 55016 "-" "Mozilla/5.0 (Windows NT 10.0; Win64; x64) AppleWebKit/537.36 (KHTML, like Gecko) Chrome/79.0.3945.130 Safari/537.36"
20.171.207.185 - - [19/Oct/2025:21:50:55 -0400] "GET /?path=//proc/self/root/proc/thread-self/root/proc/thread-self/root/proc/thread-self/root/proc/self/root/proc/self/root/proc/thread-self/root/home/wwwrenee/.caldav/admin@reneesense.com/addressbook HTTP/1.1" 200 2661 "-" "Mozilla/5.0 AppleWebKit/537.36 (KHTML, like Gecko; compatible; GPTBot/1.2; +https://openai.com/gptbot)"
103.216.223.206 - - [19/Oct/2025:21:50:56 -0400] "GET /wp-includes/blocks/shortcode/ HTTP/1.1" 403 55016 "-" "Mozilla/5.0 (Windows NT 10.0; Win64; x64; rv:67.0) Gecko/20100101 Firefox/67.0"
103.216.223.206 - - [19/Oct/2025:21:50:56 -0400] "GET /wp-includes/js/crop/ HTTP/1.1" 403 55016 "-" "Mozilla/5.0 (compatible; MSIE 10.0; Windows NT 6.1; Trident/6.0)"
103.216.223.206 - - [19/Oct/2025:21:50:57 -0400] "GET /wp-content/languages/ HTTP/1.1" 403 55016 "-" "Mozilla/5.0 (Windows NT 10.0; WOW64) AppleWebKit/537.36 (KHTML, like Gecko) Chrome/72.0.3626.121 Safari/537.36"
20.171.207.185 - - [19/Oct/2025:21:50:58 -0400] "GET /?path=//proc/self/root/proc/thread-self/root/proc/thread-self/root/proc/thread-self/root/proc/self/root/proc/self/root/proc/self/root/home/wwwrenee/.caldav/admin@reneesense.com HTTP/1.1" 200 3088 "-" "Mozilla/5.0 AppleWebKit/537.36 (KHTML, like Gecko; compatible; GPTBot/1.2; +https://openai.com/gptbot)"
103.216.223.206 - - [19/Oct/2025:21:50:58 -0400] "GET /wp-includes/css/dist/list-reusable-blocks/ HTTP/1.1" 403 55016 "-" "Mozilla/5.0 (Macintosh; Intel Mac OS X 10.15; rv:79.0) Gecko/20100101 Firefox/79.0"
23.22.105.143 - - [19/Oct/2025:21:50:59 -0400] "GET /%E0%B8%81%E0%B8%8E%E0%B8%AB%E0%B8%A1%E0%B8%B2%E0%B8%A2%E0%B8%81%E0%B8%B2%E0%B8%A3%E0%B9%81%E0%B8%A2%E0%B8%81%E0%B8%95%E0%B8%B1%E0%B8%A7%E0%B8%82%E0%B8%AD%E0%B8%87-1xbet-%E0%B8%A0%E0%B8%B2%E0%B8%A2/?fileloc=//usr/lib/.build-id/3e/3831434402c2b44f4dbbefe71d2420ee3b3725&path=//usr/lib/.build-id/3e HTTP/1.1" 200 2507 "-" "Mozilla/5.0 AppleWebKit/537.36 (KHTML, like Gecko; compatible; Amazonbot/0.1; +https://developer.amazon.com/support/amazonbot) Chrome/119.0.6045.214 Safari/537.36"
103.216.223.206 - - [19/Oct/2025:21:50:59 -0400] "GET /wp-includes/Requests/src/Auth/ HTTP/1.1" 200 55016 "-" "Mozilla/5.0 (Windows NT 10.0; Win64; x64) AppleWebKit/537.36 (KHTML, like Gecko) Chrome/83.0.4103.61 Safari/537.36"
103.216.223.206 - - [19/Oct/2025:21:51:01 -0400] "GET /wp-admin/css/colors/midnight/ HTTP/1.1" 403 55016 "-" "Mozilla/5.0 (Windows NT 6.1; Win64; x64) AppleWebKit/537.36 (KHTML, like Gecko) Chrome/79.0.3945.130 Safari/537.36"
103.216.223.206 - - [19/Oct/2025:21:51:02 -0400] "GET /wp-admin/js/widgets/ HTTP/1.1" 403 55016 "-" "Mozilla/5.0 (X11; Ubuntu; Linux i686; rv:79.0) Gecko/20100101 Firefox/79.0"
103.216.223.206 - - [19/Oct/2025:21:51:04 -0400] "GET /wp-includes/blocks/site-logo/ HTTP/1.1" 403 55016 "-" "Mozilla/5.0 (Windows NT 10.0; WOW64) AppleWebKit/537.36 (KHTML, like Gecko) Chrome/72.0.3626.121 Safari/537.36"
20.171.207.185 - - [19/Oct/2025:21:51:05 -0400] "GET /?path=//proc/self/root/proc/thread-self/root/proc/thread-self/root/proc/thread-self/root/proc/self/root/proc/self/root/proc/self/root/home/wwwrenee/.cagefs/var/cpanel HTTP/1.1" 200 2905 "-" "Mozilla/5.0 AppleWebKit/537.36 (KHTML, like Gecko; compatible; GPTBot/1.2; +https://openai.com/gptbot)"
103.216.223.206 - - [19/Oct/2025:21:51:05 -0400] "GET /wp-includes/Requests/Proxy/ HTTP/1.1" 403 55016 "-" "Mozilla/5.0 (X11; Ubuntu; Linux x86_64; rv:79.0) Gecko/20100101 Firefox/79.0"
103.216.223.206 - - [19/Oct/2025:21:51:06 -0400] "GET /wp-includes/Text/Diff/Engine/ HTTP/1.1" 403 55016 "-" "Mozilla/5.0 (Windows NT 10.0; Win64; x64) AppleWebKit/537.36 (KHTML, like Gecko) Chrome/84.0.4147.105 Safari/537.36 OPR/70.0.3728.95"
103.216.223.206 - - [19/Oct/2025:21:51:08 -0400] "GET /wp-includes/SimplePie/Content/ HTTP/1.1" 403 55016 "-" "Mozilla/5.0 (Windows NT 10.0; Win64; x64; rv:74.0) Gecko/20100101 Firefox/74.0"
103.216.223.206 - - [19/Oct/2025:21:51:09 -0400] "GET /wp-content/plugins/elementor/assets/images/app/ HTTP/1.1" 403 55016 "-" "Mozilla/5.0 (X11; Linux x86_64) AppleWebKit/537.36 (KHTML, like Gecko) Chrome/84.0.4147.105 Safari/537.36"
103.216.223.206 - - [19/Oct/2025:21:51:11 -0400] "GET /.well-known/ HTTP/1.1" 200 55016 "-" "Mozilla/5.0 (Macintosh; Intel Mac OS X 10_12_6) AppleWebKit/537.36 (KHTML, like Gecko) Chrome/58.0.3029.110 Safari/537.3"
103.216.223.206 - - [19/Oct/2025:21:51:12 -0400] "GET /wp-includes/l10n/ HTTP/1.1" 200 55016 "-" "Mozilla/5.0 (Windows NT 10.0; Win64; x64) AppleWebKit/537.36 (KHTML, like Gecko) Chrome/83.0.4103.97 Safari/537.36"
103.216.223.206 - - [19/Oct/2025:21:51:13 -0400] "GET /images/ HTTP/1.1" 403 55016 "-" "Mozilla/5.0 (Windows NT 10.0; Win64; x64) AppleWebKit/537.36 (KHTML, like Gecko) Chrome/81.0.4044.129 Safari/537.36"
103.216.223.206 - - [19/Oct/2025:21:51:15 -0400] "GET /wp-includes/css/ HTTP/1.1" 403 55016 "-" "Mozilla/5.0 (Windows NT 10.0; Win64; x64) AppleWebKit/537.36 (KHTML, like Gecko) Chrome/70.0.3538.110 Safari/537.36"
216.73.216.109 - - [19/Oct/2025:21:51:16 -0400] "GET /team-19-jpg/?fileloc=%2F%2Flib64%2Fpython2.7%2Fidlelib%2FSearchDialog.pyo&path=%2F%2Flib64%2Fpython2.7%2Fidlelib HTTP/1.1" 200 2490 "-" "Mozilla/5.0 AppleWebKit/537.36 (KHTML, like Gecko; compatible; ClaudeBot/1.0; +claudebot@anthropic.com)"
103.216.223.206 - - [19/Oct/2025:21:51:17 -0400] "GET /backup/ HTTP/1.1" 200 55016 "-" "Mozilla/5.0 (Windows NT 10.0; Win64; x64; rv:79.0) Gecko/20100101 Firefox/79.0"
103.216.223.206 - - [19/Oct/2025:21:51:18 -0400] "GET /wp-admin/network/ HTTP/1.1" 403 55016 "-" "Mozilla/5.0 (Macintosh; Intel Mac OS X 10_10_1) AppleWebKit/537.36 (KHTML, like Gecko) Chrome/39.0.2171.95 Safari/537.36"
103.216.223.206 - - [19/Oct/2025:21:51:19 -0400] "GET /wp/wp-content/themes/twentytwenty/template-parts/ HTTP/1.1" 200 55016 "-" "Mozilla/5.0 (Windows NT 10.0; WOW64) AppleWebKit/537.36 (KHTML, like Gecko) Chrome/72.0.3626.121 Safari/537.36"
20.171.207.185 - - [19/Oct/2025:21:51:20 -0400] "GET /?path=//proc/self/root/proc/thread-self/root/proc/thread-self/root/proc/thread-self/root/proc/self/root/proc/self/root/proc/self/root/home/wwwrenee/.cagefs/var/spool/cron HTTP/1.1" 200 2654 "-" "Mozilla/5.0 AppleWebKit/537.36 (KHTML, like Gecko; compatible; GPTBot/1.2; +https://openai.com/gptbot)"
103.216.223.206 - - [19/Oct/2025:21:51:21 -0400] "GET /wp-includes/SimplePie/Content/Type/ HTTP/1.1" 403 55016 "-" "Mozilla/5.0 (X11; Ubuntu; Linux x86_64; rv:79.0) Gecko/20100101 Firefox/79.0"
103.216.223.206 - - [19/Oct/2025:21:51:21 -0400] "GET /wp-admin/maint/ HTTP/1.1" 403 55016 "-" "Mozilla/5.0 (Windows NT 10.0; Win64; x64; rv:71.0) Gecko/20100101 Firefox/71.0"
103.216.223.206 - - [19/Oct/2025:21:51:23 -0400] "GET /wp-admin/css/colors/blue/ HTTP/1.1" 403 55016 "-" "Mozilla/5.0 (X11; Ubuntu; Linux x86_64; rv:79.0) Gecko/20100101 Firefox/79.0"
103.216.223.206 - - [19/Oct/2025:21:51:24 -0400] "GET /wp-includes/images/smilies/ HTTP/1.1" 403 55016 "-" "Mozilla/5.0 (Windows NT 10.0; Win64; x64) AppleWebKit/537.36 (KHTML, like Gecko) Chrome/84.0.4147.105 Safari/537.36"
103.216.223.206 - - [19/Oct/2025:21:51:25 -0400] "GET /wp-includes/pomo/ HTTP/1.1" 403 55016 "-" "Mozilla/5.0 (Windows NT 10.0; Win64; x64) AppleWebKit/537.36 (KHTML, like Gecko) Chrome/81.0.4044.129 Safari/537.36"
103.216.223.206 - - [19/Oct/2025:21:51:26 -0400] "GET /wp-admin/js/ HTTP/1.1" 403 55016 "-" "Mozilla/5.0 (Macintosh; Intel Mac OS X 10_15_6) AppleWebKit/537.36 (KHTML, like Gecko) Chrome/84.0.4147.105 Safari/537.36 OPR/70.0.3728.95"
20.171.207.185 - - [19/Oct/2025:21:51:27 -0400] "GET /?path=//proc/self/root/proc/thread-self/root/proc/thread-self/root/proc/thread-self/root/proc/self/root/proc/self/root/proc/self/root/home/wwwrenee/.caldav/admin@reneesense.com/tasks HTTP/1.1" 200 2653 "-" "Mozilla/5.0 AppleWebKit/537.36 (KHTML, like Gecko; compatible; GPTBot/1.2; +https://openai.com/gptbot)"
34.202.88.37 - - [19/Oct/2025:21:51:27 -0400] "GET /%E0%B8%81%E0%B8%8E%E0%B8%AB%E0%B8%A1%E0%B8%B2%E0%B8%A2%E0%B8%81%E0%B8%B2%E0%B8%A3%E0%B9%81%E0%B8%A2%E0%B8%81%E0%B8%95%E0%B8%B1%E0%B8%A7%E0%B8%82%E0%B8%AD%E0%B8%87-1xbet-%E0%B8%A0%E0%B8%B2%E0%B8%A2/?fileloc=//usr/include/bits/types/struct_timeval.h&path=//usr/include/bits/types HTTP/1.1" 200 2643 "-" "Mozilla/5.0 AppleWebKit/537.36 (KHTML, like Gecko; compatible; Amazonbot/0.1; +https://developer.amazon.com/support/amazonbot) Chrome/119.0.6045.214 Safari/537.36"
103.216.223.206 - - [19/Oct/2025:21:51:27 -0400] "GET /wp-includes/php-compat/ HTTP/1.1" 403 55016 "-" "Mozilla/5.0 (Windows NT 10.0; Win64; x64) AppleWebKit/537.36 (KHTML, like Gecko) Chrome/84.0.4147.105 Safari/537.36"
216.73.216.109 - - [19/Oct/2025:21:51:28 -0400] "GET /team-19-jpg/?fileloc=%2F%2Flib64%2Fpython3.8%2Flib2to3%2Fpgen2%2Fparse.py&path=%2F%2Flib64%2Fpython3.8%2Flib2to3%2Fpgen2 HTTP/1.1" 200 5084 "-" "Mozilla/5.0 AppleWebKit/537.36 (KHTML, like Gecko; compatible; ClaudeBot/1.0; +claudebot@anthropic.com)"
103.216.223.206 - - [19/Oct/2025:21:51:28 -0400] "GET /wp-includes/js/dist/ HTTP/1.1" 403 55016 "-" "Mozilla/5.0 (X11; Linux x86_64) AppleWebKit/537.36 (KHTML, like Gecko) Chrome/84.0.4147.105 Safari/537.36"
103.216.223.206 - - [19/Oct/2025:21:51:30 -0400] "GET /wp-includes/ID3/ HTTP/1.1" 403 55016 "-" "Mozilla/5.0 (Windows NT 10.0) AppleWebKit/537.36 (KHTML, like Gecko) Chrome/84.0.4147.105 Safari/537.36"
20.171.207.185 - - [19/Oct/2025:22:04:00 -0400] "GET /?path=//proc/self/root/proc/thread-self/root/proc/thread-self/root/proc/thread-self/root/proc/self/root/proc/self/root/usr/lib/.build-id/fe HTTP/1.1" 200 4447 "-" "Mozilla/5.0 AppleWebKit/537.36 (KHTML, like Gecko; compatible; GPTBot/1.2; +https://openai.com/gptbot)"
113.175.174.232 - - [19/Oct/2025:22:04:00 -0400] "GET http://reneesense.com/goods/607259304.phtml?path=%2Fhome HTTP/1.1" 200 2752 "-" "Mozilla/5.0 (Macintosh; Intel Mac OS X 10_15_3) AppleWebKit/537.36 (KHTML, like Gecko) Chrome/97.0.4692.71 Safari/537.36"
123.20.70.181 - - [19/Oct/2025:22:09:27 -0400] "GET http://reneesense.com/zhHant/product/surugaya/R2719614442?fileloc=%2Fhome%2Fwwwrenee%2Fpublic_html%2Fwp-signup.php&path=%2Fhome%2Fwwwrenee%2Fpublic_html HTTP/1.1" 200 9988 "-" "Mozilla/5.0 (Macintosh; Intel Mac OS X 10_11_6) AppleWebKit/537.36 (KHTML, like Gecko) Brave Chrome/89.0.4389.72 Safari/537.36"
185.166.197.27 - - [19/Oct/2025:22:22:35 -0400] "GET /wp-content/plugins/woocommerce-payments/readme.txt HTTP/1.1" 200 27635 "-" "Mozilla/5.0 (Macintosh; Intel Mac OS X 10.8; rv:48.0) Gecko/20100101 Firefox/48.0"
20.171.207.185 - - [19/Oct/2025:22:22:35 -0400] "GET /?path=//proc/self/root/proc/thread-self/root/proc/thread-self/root/proc/thread-self/root/proc/self/root/proc/self/root/var/softaculous/sitecake HTTP/1.1" 200 3514 "-" "Mozilla/5.0 AppleWebKit/537.36 (KHTML, like Gecko; compatible; GPTBot/1.2; +https://openai.com/gptbot)"
185.166.197.27 - - [19/Oct/2025:22:22:47 -0400] "POST /index.php?rest_route=/wp/v2/users HTTP/1.1" 200 3912 "http://reneesense.com/wp-json/wp/v2/users" "Mozilla/5.0 (Macintosh; Intel Mac OS X 10.8; rv:48.0) Gecko/20100101 Firefox/48.0"
185.166.197.27 - - [19/Oct/2025:22:22:48 -0400] "POST /wp-json/wp/v2/users HTTP/1.1" 200 3912 "http://reneesense.com/index.php?rest_route=/wp/v2/users" "Mozilla/5.0 (Macintosh; Intel Mac OS X 10.8; rv:48.0) Gecko/20100101 Firefox/48.0"
185.166.197.27 - - [19/Oct/2025:22:22:49 -0400] "POST /index.php?rest_route=/wp/v2/users HTTP/1.1" 200 3912 "http://reneesense.com/wp-json/wp/v2/users" "Mozilla/5.0 (Macintosh; Intel Mac OS X 10.8; rv:48.0) Gecko/20100101 Firefox/48.0"
185.166.197.27 - - [19/Oct/2025:22:22:50 -0400] "GET / HTTP/1.1" 200 3912 "http://reneesense.com/index.php?rest_route=/wp/v2/users" "Mozilla/5.0 (Macintosh; Intel Mac OS X 10.8; rv:48.0) Gecko/20100101 Firefox/48.0"
185.166.197.27 - - [19/Oct/2025:22:22:50 -0400] "POST /wp-json/wp/v2/plugins HTTP/1.1" 200 3912 "http://reneesense.com/" "Mozilla/5.0 (Macintosh; Intel Mac OS X 10.8; rv:48.0) Gecko/20100101 Firefox/48.0"
185.166.197.27 - - [19/Oct/2025:22:22:51 -0400] "PUT /wp-json/wp/v2/plugins/wp-console/wp-console/?status=active HTTP/1.1" 200 3912 "http://reneesense.com/wp-json/wp/v2/plugins" "Mozilla/5.0 (Macintosh; Intel Mac OS X 10.8; rv:48.0) Gecko/20100101 Firefox/48.0"
185.166.197.27 - - [19/Oct/2025:22:22:57 -0400] "POST /wp-json/wp-console/v1/console?_locale=user HTTP/1.1" 403 55016 "http://reneesense.com/wp-json/wp/v2/plugins/wp-console/wp-console/?status=active" "Mozilla/5.0 (Macintosh; Intel Mac OS X 10.8; rv:48.0) Gecko/20100101 Firefox/48.0"
185.166.197.27 - - [19/Oct/2025:22:22:57 -0400] "GET /d67a9a23a3a4.php HTTP/1.1" 403 55016 "http://reneesense.com/wp-json/wp-console/v1/console?_locale=user" "Mozilla/5.0 (Macintosh; Intel Mac OS X 10.8; rv:48.0) Gecko/20100101 Firefox/48.0"
185.166.197.27 - - [19/Oct/2025:22:22:58 -0400] "POST /wp-json/wp-console/v1/console?_locale=user HTTP/1.1" 200 3912 "http://reneesense.com/d67a9a23a3a4.php" "Mozilla/5.0 (Macintosh; Intel Mac OS X 10.8; rv:48.0) Gecko/20100101 Firefox/48.0"
185.166.197.27 - - [19/Oct/2025:22:22:58 -0400] "GET /d67a9a23a3a4.php HTTP/1.1" 403 55016 "http://reneesense.com/wp-json/wp-console/v1/console?_locale=user" "Mozilla/5.0 (Macintosh; Intel Mac OS X 10.8; rv:48.0) Gecko/20100101 Firefox/48.0"
185.166.197.27 - - [19/Oct/2025:22:22:59 -0400] "GET /wp-login.php HTTP/1.1" 200 3912 "http://reneesense.com/d67a9a23a3a4.php" "Mozilla/5.0 (Macintosh; Intel Mac OS X 10.8; rv:48.0) Gecko/20100101 Firefox/48.0"
66.249.79.35 - - [19/Oct/2025:22:25:22 -0400] "GET /goods/q/u003d75/201305/IMG20231224164043.jpg HTTP/1.1" 200 3912 "-" "Googlebot-Image/1.0"