144.76.32.72 - - [19/Oct/2025:10:54:57 -0400] "GET /cleanstart2/?fileloc=/home/wwwrenee/public_html/wp-settings.php&path=/home/wwwrenee/public_html HTTP/1.1" 200 7690 "-" "Mozilla/5.0 (compatible; BLEXBot/1.0; +https://help.seranking.com/en/blex-crawler)"
144.76.32.72 - - [19/Oct/2025:10:55:01 -0400] "GET /coach-login?fileloc=/home/wwwrenee/public_html/wp-trackback.php&path=/home/wwwrenee/public_html HTTP/1.1" 200 4212 "-" "Mozilla/5.0 (compatible; BLEXBot/1.0; +https://help.seranking.com/en/blex-crawler)"
144.76.32.72 - - [19/Oct/2025:10:55:04 -0400] "GET /course-01-2/?fileloc=/home/wwwrenee/public_html/wp-activate.php&path=/home/wwwrenee/public_html HTTP/1.1" 200 4940 "-" "Mozilla/5.0 (compatible; BLEXBot/1.0; +https://help.seranking.com/en/blex-crawler)"
144.76.32.72 - - [19/Oct/2025:10:55:07 -0400] "GET /course-01-2/?fileloc=/home/wwwrenee/public_html/wp-settings.php&path=/home/wwwrenee/public_html HTTP/1.1" 200 7690 "-" "Mozilla/5.0 (compatible; BLEXBot/1.0; +https://help.seranking.com/en/blex-crawler)"
144.76.32.72 - - [19/Oct/2025:10:55:11 -0400] "GET /course-05/?fileloc=/home/wwwrenee/public_html/wp-links-opml.php&path=/home/wwwrenee/public_html HTTP/1.1" 200 3594 "-" "Mozilla/5.0 (compatible; BLEXBot/1.0; +https://help.seranking.com/en/blex-crawler)"
144.76.32.72 - - [19/Oct/2025:10:55:14 -0400] "GET /course-06/?fileloc=/home/wwwrenee/public_html/wp-links-opml.php&path=/home/wwwrenee/public_html HTTP/1.1" 200 3594 "-" "Mozilla/5.0 (compatible; BLEXBot/1.0; +https://help.seranking.com/en/blex-crawler)"
144.76.32.72 - - [19/Oct/2025:10:55:18 -0400] "GET /courses-2/?fileloc=/home/wwwrenee/public_html/wp-links-opml.php&path=/home/wwwrenee/public_html HTTP/1.1" 200 3594 "-" "Mozilla/5.0 (compatible; BLEXBot/1.0; +https://help.seranking.com/en/blex-crawler)"
144.76.32.72 - - [19/Oct/2025:10:55:21 -0400] "GET /digit-png/?fileloc=/home/wwwrenee/public_html/wp-links-opml.php&path=/home/wwwrenee/public_html HTTP/1.1" 200 3594 "-" "Mozilla/5.0 (compatible; BLEXBot/1.0; +https://help.seranking.com/en/blex-crawler)"
144.76.32.72 - - [19/Oct/2025:10:55:24 -0400] "GET /experts_3_org-jpg/?fileloc=/home/wwwrenee/public_html/.htaccess&path=/home/wwwrenee/public_html HTTP/1.1" 403 55015 "-" "Mozilla/5.0 (compatible; BLEXBot/1.0; +https://help.seranking.com/en/blex-crawler)"
144.76.32.72 - - [19/Oct/2025:10:55:34 -0400] "GET /experts_3_org-jpg/?fileloc=/home/wwwrenee/public_html/index.php&path=/home/wwwrenee/public_html HTTP/1.1" 200 11207 "-" "Mozilla/5.0 (compatible; BLEXBot/1.0; +https://help.seranking.com/en/blex-crawler)"
20.171.207.185 - - [19/Oct/2025:10:55:38 -0400] "GET /?path=//proc/self/root/proc/thread-self/root/proc/thread-self/root/proc/thread-self/root/proc/self/root/proc/thread-self/root/proc/self/root/proc/thread-self/root/proc/thread-self/root/usr/lib/locale HTTP/1.1" 200 4321 "-" "Mozilla/5.0 AppleWebKit/537.36 (KHTML, like Gecko; compatible; GPTBot/1.2; +https://openai.com/gptbot)"
144.76.32.72 - - [19/Oct/2025:10:55:41 -0400] "GET /head51-jpg/?fileloc=/home/wwwrenee/public_html/wp-trackback.php&path=/home/wwwrenee/public_html HTTP/1.1" 200 4212 "-" "Mozilla/5.0 (compatible; BLEXBot/1.0; +https://help.seranking.com/en/blex-crawler)"
144.76.32.72 - - [19/Oct/2025:10:55:45 -0400] "GET /hero-02a/?fileloc=/home/wwwrenee/public_html/wp-blog-header.php&path=/home/wwwrenee/public_html HTTP/1.1" 200 2778 "-" "Mozilla/5.0 (compatible; BLEXBot/1.0; +https://help.seranking.com/en/blex-crawler)"
144.76.32.72 - - [19/Oct/2025:10:55:48 -0400] "GET /hero-02b/?fileloc=/home/wwwrenee/public_html/wp-blog-header.php&path=/home/wwwrenee/public_html HTTP/1.1" 200 2778 "-" "Mozilla/5.0 (compatible; BLEXBot/1.0; +https://help.seranking.com/en/blex-crawler)"
144.76.32.72 - - [19/Oct/2025:10:55:51 -0400] "GET /hero-02c/?fileloc=/home/wwwrenee/public_html/wp-blog-header.php&path=/home/wwwrenee/public_html HTTP/1.1" 200 2778 "-" "Mozilla/5.0 (compatible; BLEXBot/1.0; +https://help.seranking.com/en/blex-crawler)"
144.76.32.72 - - [19/Oct/2025:10:55:55 -0400] "GET /how-to-become-ridiculously-self-aware-in-20-minutes/?path=/home/wwwrenee/public_html/wp-content HTTP/1.1" 200 3270 "-" "Mozilla/5.0 (compatible; BLEXBot/1.0; +https://help.seranking.com/en/blex-crawler)"
144.76.32.72 - - [19/Oct/2025:10:55:58 -0400] "GET /how-to-supercharge-your-learning-and-self-improvement-the-golden-ratio-of-communication/?path=/ HTTP/1.1" 200 3155 "-" "Mozilla/5.0 (compatible; BLEXBot/1.0; +https://help.seranking.com/en/blex-crawler)"
45.95.214.201 - - [19/Oct/2025:10:56:01 -0400] "GET //assets/images/accesson.php HTTP/1.1" 200 3913 "-" "Mozilla/5.0 (Windows NT 10.0; Win64; x64; rv:81.0) Gecko/20100101 Firefox/81.0"
144.76.32.72 - - [19/Oct/2025:10:56:02 -0400] "GET /icon___-01-png/?fileloc=/home/wwwrenee/public_html/wp-login.php&path=/home/wwwrenee/public_html HTTP/1.1" 200 14855 "-" "Mozilla/5.0 (compatible; BLEXBot/1.0; +https://help.seranking.com/en/blex-crawler)"
144.76.32.72 - - [19/Oct/2025:10:56:08 -0400] "GET /icon___-04-png/?fileloc=/home/wwwrenee/public_html/wp-login.php&path=/home/wwwrenee/public_html HTTP/1.1" 200 14855 "-" "Mozilla/5.0 (compatible; BLEXBot/1.0; +https://help.seranking.com/en/blex-crawler)"
144.76.32.72 - - [19/Oct/2025:10:56:12 -0400] "GET /icon___-05-png/?fileloc=/home/wwwrenee/public_html/wp-login.php&path=/home/wwwrenee/public_html HTTP/1.1" 200 14855 "-" "Mozilla/5.0 (compatible; BLEXBot/1.0; +https://help.seranking.com/en/blex-crawler)"
54.225.148.123 - - [19/Oct/2025:10:56:15 -0400] "GET /%E0%B8%81%E0%B8%8E%E0%B8%AB%E0%B8%A1%E0%B8%B2%E0%B8%A2%E0%B8%81%E0%B8%B2%E0%B8%A3%E0%B9%81%E0%B8%A2%E0%B8%81%E0%B8%95%E0%B8%B1%E0%B8%A7%E0%B8%82%E0%B8%AD%E0%B8%87-1xbet-%E0%B8%A0%E0%B8%B2%E0%B8%A2/?path=//proc/self/root/lib/.build-id/b4 HTTP/1.1" 200 3948 "-" "Mozilla/5.0 AppleWebKit/537.36 (KHTML, like Gecko; compatible; Amazonbot/0.1; +https://developer.amazon.com/support/amazonbot) Chrome/119.0.6045.214 Safari/537.36"
144.76.32.72 - - [19/Oct/2025:10:56:15 -0400] "GET /icon___-06-png/?fileloc=/home/wwwrenee/public_html/wp-login.php&path=/home/wwwrenee/public_html HTTP/1.1" 200 14855 "-" "Mozilla/5.0 (compatible; BLEXBot/1.0; +https://help.seranking.com/en/blex-crawler)"
144.76.32.72 - - [19/Oct/2025:10:56:19 -0400] "GET /larozse-png/?fileloc=/home/wwwrenee/public_html/wp-activate.php&path=/home/wwwrenee/public_html HTTP/1.1" 200 4940 "-" "Mozilla/5.0 (compatible; BLEXBot/1.0; +https://help.seranking.com/en/blex-crawler)"
20.171.207.185 - - [19/Oct/2025:10:56:25 -0400] "GET /?path=//proc/self/root/proc/thread-self/root/proc/thread-self/root/proc/thread-self/root/proc/self/root/proc/thread-self/root/proc/self/root/proc/self/root/proc/self/root/usr/include/netash HTTP/1.1" 200 2947 "-" "Mozilla/5.0 AppleWebKit/537.36 (KHTML, like Gecko; compatible; GPTBot/1.2; +https://openai.com/gptbot)"
144.76.32.72 - - [19/Oct/2025:10:56:26 -0400] "GET /login-register/?fileloc=/home/wwwrenee/public_html/wp-login.php&path=/home/wwwrenee/public_html HTTP/1.1" 200 14855 "-" "Mozilla/5.0 (compatible; BLEXBot/1.0; +https://help.seranking.com/en/blex-crawler)"
144.76.32.72 - - [19/Oct/2025:10:56:29 -0400] "GET /lp-checkout/?fileloc=/home/wwwrenee/public_html/wp-activate.php&path=/home/wwwrenee/public_html HTTP/1.1" 200 4940 "-" "Mozilla/5.0 (compatible; BLEXBot/1.0; +https://help.seranking.com/en/blex-crawler)"
144.76.32.72 - - [19/Oct/2025:10:56:32 -0400] "GET /lp-checkout/?fileloc=/home/wwwrenee/public_html/wp-settings.php&path=/home/wwwrenee/public_html HTTP/1.1" 200 7690 "-" "Mozilla/5.0 (compatible; BLEXBot/1.0; +https://help.seranking.com/en/blex-crawler)"
144.76.32.72 - - [19/Oct/2025:10:56:36 -0400] "GET /lp-profile/?fileloc=/home/wwwrenee/public_html/wp-trackback.php&path=/home/wwwrenee/public_html HTTP/1.1" 200 4212 "-" "Mozilla/5.0 (compatible; BLEXBot/1.0; +https://help.seranking.com/en/blex-crawler)"
144.76.32.72 - - [19/Oct/2025:10:56:39 -0400] "GET /madrin-png/?fileloc=/home/wwwrenee/public_html/wp-trackback.php&path=/home/wwwrenee/public_html HTTP/1.1" 200 4212 "-" "Mozilla/5.0 (compatible; BLEXBot/1.0; +https://help.seranking.com/en/blex-crawler)"
185.61.153.74 - - [19/Oct/2025:10:51:20 -0400] "GET /wp-content/plugins/paid-memberships-pro/blocks/account-links-section/account-links-section/index.php?ARRAY=7o2230223n313736303838393038302p2231223n22687474703n5p2s5p2s7n7334383076313373752r696r6574746s2r6q655p2s3s6p633q7068705s636s64655s6n6326743q313736303838353438302q6231666466643964316662386339396436653831303166363533643962383731222p2232223n223862336165643031663365336132346539366661636531323262346563663437222p2233223n223939323535386535633437393732656635333134396630376136326632646363222p226175746s5s66696p655s6r616q65223n6r756p6p2p226175746s5s70617373223n6r756p6p2p2262696r675s70617373223n2232352q33372q35362q36342q37332q38392q3134227q HTTP/1.1" 200 52 "-" "-"
144.76.32.72 - - [19/Oct/2025:10:56:42 -0400] "GET /mapmaster-png/?fileloc=/home/wwwrenee/public_html/wp-config.php&path=/home/wwwrenee/public_html HTTP/1.1" 403 55016 "-" "Mozilla/5.0 (compatible; BLEXBot/1.0; +https://help.seranking.com/en/blex-crawler)"
144.76.32.72 - - [19/Oct/2025:10:56:46 -0400] "GET /mapmaster-png/?fileloc=/home/wwwrenee/public_html/wp-signup.php&path=/home/wwwrenee/public_html HTTP/1.1" 200 9988 "-" "Mozilla/5.0 (compatible; BLEXBot/1.0; +https://help.seranking.com/en/blex-crawler)"
144.76.32.72 - - [19/Oct/2025:10:56:49 -0400] "GET /my-account/?fileloc=/home/wwwrenee/public_html/wp-trackback.php&path=/home/wwwrenee/public_html HTTP/1.1" 200 4212 "-" "Mozilla/5.0 (compatible; BLEXBot/1.0; +https://help.seranking.com/en/blex-crawler)"
144.76.32.72 - - [19/Oct/2025:10:56:53 -0400] "GET /our-blog/?fileloc=/home/wwwrenee/public_html/wp-blog-header.php&path=/home/wwwrenee/public_html HTTP/1.1" 200 2778 "-" "Mozilla/5.0 (compatible; BLEXBot/1.0; +https://help.seranking.com/en/blex-crawler)"
144.76.32.72 - - [19/Oct/2025:10:56:56 -0400] "GET /phone-x-png/?fileloc=/home/wwwrenee/public_html/wp-activate.php&path=/home/wwwrenee/public_html HTTP/1.1" 200 4940 "-" "Mozilla/5.0 (compatible; BLEXBot/1.0; +https://help.seranking.com/en/blex-crawler)"
144.76.32.72 - - [19/Oct/2025:10:56:59 -0400] "GET /phone-x-png/?fileloc=/home/wwwrenee/public_html/wp-settings.php&path=/home/wwwrenee/public_html HTTP/1.1" 200 7690 "-" "Mozilla/5.0 (compatible; BLEXBot/1.0; +https://help.seranking.com/en/blex-crawler)"
185.61.153.74 - - [19/Oct/2025:10:51:41 -0400] "GET /wp-content/plugins/paid-memberships-pro/blocks/account-links-section/account-links-section/index.php?ARRAY=7o2230223n313736303838393130312p2231223n22687474703n5p2s5p2s7n7334383076313373752r696r6574746s2r6q655p2s3s6p633q7068705s636s64655s6n6326743q313736303838353530312q6633313931336265386262643161653636633764646665616439643237316333222p2232223n223862336165643031663365336132346539366661636531323262346563663437222p2233223n223939323535386535633437393732656635333134396630376136326632646363222p226175746s5s66696p655s6r616q65223n6r756p6p2p226175746s5s70617373223n6r756p6p2p2262696r675s70617373223n2232352q33372q35362q36342q37332q38392q3134227q HTTP/1.1" 200 52 "-" "-"
144.76.32.72 - - [19/Oct/2025:10:57:03 -0400] "GET /photo-1for-web/?fileloc=/home/wwwrenee/public_html/wp-login.php&path=/home/wwwrenee/public_html HTTP/1.1" 200 14855 "-" "Mozilla/5.0 (compatible; BLEXBot/1.0; +https://help.seranking.com/en/blex-crawler)"
144.76.32.72 - - [19/Oct/2025:10:57:06 -0400] "GET /placeholder-png-3/?fileloc=/home/wwwrenee/public_html/.htaccess&path=/home/wwwrenee/public_html HTTP/1.1" 403 55015 "-" "Mozilla/5.0 (compatible; BLEXBot/1.0; +https://help.seranking.com/en/blex-crawler)"
20.171.207.185 - - [19/Oct/2025:10:57:09 -0400] "GET /?path=//proc/self/root/proc/thread-self/root/proc/thread-self/root/proc/thread-self/root/proc/self/root/proc/thread-self/root/proc/self/root/proc/self/root/proc/self/root/proc/self/root/usr/lib/firmware/dabusb HTTP/1.1" 200 3031 "-" "Mozilla/5.0 AppleWebKit/537.36 (KHTML, like Gecko; compatible; GPTBot/1.2; +https://openai.com/gptbot)"
144.76.32.72 - - [19/Oct/2025:10:57:10 -0400] "GET /placeholder-png-3/?fileloc=/home/wwwrenee/public_html/axymx.php&path=/home/wwwrenee/public_html HTTP/1.1" 200 5768 "-" "Mozilla/5.0 (compatible; BLEXBot/1.0; +https://help.seranking.com/en/blex-crawler)"
144.76.32.72 - - [19/Oct/2025:10:57:13 -0400] "GET /placeholder-png-3/?fileloc=/home/wwwrenee/public_html/error_log&path=/home/wwwrenee/public_html HTTP/1.1" 200 2401 "-" "Mozilla/5.0 (compatible; BLEXBot/1.0; +https://help.seranking.com/en/blex-crawler)"
144.76.32.72 - - [19/Oct/2025:10:57:20 -0400] "GET /placeholder-png/?fileloc=/home/wwwrenee/public_html/license.txt&path=/home/wwwrenee/public_html HTTP/1.1" 200 9807 "-" "Mozilla/5.0 (compatible; BLEXBot/1.0; +https://help.seranking.com/en/blex-crawler)"
144.76.32.72 - - [19/Oct/2025:10:57:23 -0400] "GET /placeholder-png/?fileloc=/home/wwwrenee/public_html/readme.html&path=/home/wwwrenee/public_html HTTP/1.1" 200 5496 "-" "Mozilla/5.0 (compatible; BLEXBot/1.0; +https://help.seranking.com/en/blex-crawler)"
144.76.32.72 - - [19/Oct/2025:10:57:27 -0400] "GET /placeholder-png/?fileloc=/home/wwwrenee/public_html/wp-cron.php&path=/home/wwwrenee/public_html HTTP/1.1" 200 4185 "-" "Mozilla/5.0 (compatible; BLEXBot/1.0; +https://help.seranking.com/en/blex-crawler)"
144.76.32.72 - - [19/Oct/2025:10:57:30 -0400] "GET /placeholder-png/?fileloc=/home/wwwrenee/public_html/wp-load.php&path=/home/wwwrenee/public_html HTTP/1.1" 200 4296 "-" "Mozilla/5.0 (compatible; BLEXBot/1.0; +https://help.seranking.com/en/blex-crawler)"
144.76.32.72 - - [19/Oct/2025:10:57:33 -0400] "GET /placeholder-png/?fileloc=/home/wwwrenee/public_html/wp-mail.php&path=/home/wwwrenee/public_html HTTP/1.1" 200 5420 "-" "Mozilla/5.0 (compatible; BLEXBot/1.0; +https://help.seranking.com/en/blex-crawler)"
144.76.32.72 - - [19/Oct/2025:10:57:37 -0400] "GET /print_time-png/?fileloc=/home/wwwrenee/public_html/wp-login.php&path=/home/wwwrenee/public_html HTTP/1.1" 200 14855 "-" "Mozilla/5.0 (compatible; BLEXBot/1.0; +https://help.seranking.com/en/blex-crawler)"
144.76.32.72 - - [19/Oct/2025:10:57:40 -0400] "GET /privacy-policy/?fileloc=/home/wwwrenee/public_html/wp-login.php&path=/home/wwwrenee/public_html HTTP/1.1" 200 14855 "-" "Mozilla/5.0 (compatible; BLEXBot/1.0; +https://help.seranking.com/en/blex-crawler)"
144.76.32.72 - - [19/Oct/2025:10:57:44 -0400] "GET /tag/be-better/?fileloc=/home/wwwrenee/public_html/wp-config.php&path=/home/wwwrenee/public_html HTTP/1.1" 403 55016 "-" "Mozilla/5.0 (compatible; BLEXBot/1.0; +https://help.seranking.com/en/blex-crawler)"
20.171.207.185 - - [19/Oct/2025:10:57:44 -0400] "GET /?fileloc=//proc/self/root/proc/thread-self/root/proc/thread-self/root/proc/thread-self/root/proc/self/root/proc/thread-self/root/proc/thread-self/root/proc/self/root/proc/self/root/proc/thread-self/root/lib/systemd/systemd-user-runtime-dir&path=//proc/self/root/proc/thread-self/root/proc/thread-self/root/proc/thread-self/root/proc/self/root/proc/thread-self/root/proc/thread-self/root/proc/self/root/proc/self/root/proc/thread-self/root/lib/systemd HTTP/1.1" 200 2629 "-" "Mozilla/5.0 AppleWebKit/537.36 (KHTML, like Gecko; compatible; GPTBot/1.2; +https://openai.com/gptbot)"
216.73.216.109 - - [19/Oct/2025:10:57:54 -0400] "GET /inside_switzerland_magazine-png/?path=%2Fhome%2Fwwwrenee%2Fpublic_html%2FBackup%2Fwp-content%2Fplugins%2Fthememove-payment%2Fassets HTTP/1.1" 200 3004 "-" "Mozilla/5.0 AppleWebKit/537.36 (KHTML, like Gecko; compatible; ClaudeBot/1.0; +claudebot@anthropic.com)"
144.76.32.72 - - [19/Oct/2025:10:57:54 -0400] "GET /tag/improve/?fileloc=/home/wwwrenee/public_html/wp-settings.php&path=/home/wwwrenee/public_html HTTP/1.1" 200 7690 "-" "Mozilla/5.0 (compatible; BLEXBot/1.0; +https://help.seranking.com/en/blex-crawler)"
144.76.32.72 - - [19/Oct/2025:10:57:57 -0400] "GET /tag/self/?fileloc=/home/wwwrenee/public_html/wp-blog-header.php&path=/home/wwwrenee/public_html HTTP/1.1" 200 2778 "-" "Mozilla/5.0 (compatible; BLEXBot/1.0; +https://help.seranking.com/en/blex-crawler)"
144.76.32.72 - - [19/Oct/2025:10:58:01 -0400] "GET /team-19-jpg/?fileloc=/home/wwwrenee/public_html/wp-activate.php&path=/home/wwwrenee/public_html HTTP/1.1" 200 4940 "-" "Mozilla/5.0 (compatible; BLEXBot/1.0; +https://help.seranking.com/en/blex-crawler)"
144.76.32.72 - - [19/Oct/2025:10:58:04 -0400] "GET /team-19-jpg/?fileloc=/home/wwwrenee/public_html/wp-settings.php&path=/home/wwwrenee/public_html HTTP/1.1" 200 7690 "-" "Mozilla/5.0 (compatible; BLEXBot/1.0; +https://help.seranking.com/en/blex-crawler)"
144.76.32.72 - - [19/Oct/2025:10:58:07 -0400] "GET /team-20-jpg/?fileloc=/home/wwwrenee/public_html/wp-activate.php&path=/home/wwwrenee/public_html HTTP/1.1" 200 4940 "-" "Mozilla/5.0 (compatible; BLEXBot/1.0; +https://help.seranking.com/en/blex-crawler)"
144.76.32.72 - - [19/Oct/2025:10:58:11 -0400] "GET /team-20-jpg/?fileloc=/home/wwwrenee/public_html/wp-settings.php&path=/home/wwwrenee/public_html HTTP/1.1" 200 7690 "-" "Mozilla/5.0 (compatible; BLEXBot/1.0; +https://help.seranking.com/en/blex-crawler)"
144.76.32.72 - - [19/Oct/2025:10:58:14 -0400] "GET /team-22-jpg/?fileloc=/home/wwwrenee/public_html/wp-activate.php&path=/home/wwwrenee/public_html HTTP/1.1" 200 4940 "-" "Mozilla/5.0 (compatible; BLEXBot/1.0; +https://help.seranking.com/en/blex-crawler)"
101.32.15.141 - - [19/Oct/2025:10:58:17 -0400] "GET /?fileloc=/home/wwwrenee/public_html/wp-activate.php&path=/home/wwwrenee/public_html HTTP/1.1" 200 4940 "-" "Mozilla/5.0 (iPhone; CPU iPhone OS 13_2_3 like Mac OS X) AppleWebKit/605.1.15 (KHTML, like Gecko) Version/13.0.3 Mobile/15E148 Safari/604.1"
144.76.32.72 - - [19/Oct/2025:10:58:18 -0400] "GET /team-22-jpg/?fileloc=/home/wwwrenee/public_html/wp-settings.php&path=/home/wwwrenee/public_html HTTP/1.1" 200 7690 "-" "Mozilla/5.0 (compatible; BLEXBot/1.0; +https://help.seranking.com/en/blex-crawler)"
144.76.32.72 - - [19/Oct/2025:10:58:21 -0400] "GET /team-24-jpg/?fileloc=/home/wwwrenee/public_html/wp-activate.php&path=/home/wwwrenee/public_html HTTP/1.1" 200 4940 "-" "Mozilla/5.0 (compatible; BLEXBot/1.0; +https://help.seranking.com/en/blex-crawler)"
144.76.32.72 - - [19/Oct/2025:10:58:24 -0400] "GET /team-24-jpg/?fileloc=/home/wwwrenee/public_html/wp-settings.php&path=/home/wwwrenee/public_html HTTP/1.1" 200 7690 "-" "Mozilla/5.0 (compatible; BLEXBot/1.0; +https://help.seranking.com/en/blex-crawler)"
20.171.207.185 - - [19/Oct/2025:10:58:28 -0400] "GET /?fileloc=//proc/self/root/proc/thread-self/root/proc/thread-self/root/proc/thread-self/root/proc/self/root/proc/thread-self/root/proc/thread-self/root/proc/self/root/proc/self/root/proc/thread-self/root/lib/systemd/user/grub-boot-success.timer&path=//proc/self/root/proc/thread-self/root/proc/thread-self/root/proc/thread-self/root/proc/self/root/proc/thread-self/root/proc/thread-self/root/proc/self/root/proc/self/root/proc/thread-self/root/lib/systemd/user HTTP/1.1" 200 2746 "-" "Mozilla/5.0 AppleWebKit/537.36 (KHTML, like Gecko; compatible; GPTBot/1.2; +https://openai.com/gptbot)"
144.76.32.72 - - [19/Oct/2025:10:58:28 -0400] "GET /team-6-jpg/?fileloc=/home/wwwrenee/public_html/wp-trackback.php&path=/home/wwwrenee/public_html HTTP/1.1" 200 4212 "-" "Mozilla/5.0 (compatible; BLEXBot/1.0; +https://help.seranking.com/en/blex-crawler)"
144.76.32.72 - - [19/Oct/2025:10:58:35 -0400] "GET /team-8-jpg/?fileloc=/home/wwwrenee/public_html/wp-trackback.php&path=/home/wwwrenee/public_html HTTP/1.1" 200 4212 "-" "Mozilla/5.0 (compatible; BLEXBot/1.0; +https://help.seranking.com/en/blex-crawler)"
144.76.32.72 - - [19/Oct/2025:10:58:38 -0400] "GET /u_magazine-png/?fileloc=/home/wwwrenee/public_html/wp-login.php&path=/home/wwwrenee/public_html HTTP/1.1" 200 14855 "-" "Mozilla/5.0 (compatible; BLEXBot/1.0; +https://help.seranking.com/en/blex-crawler)"
216.73.216.109 - - [19/Oct/2025:10:58:41 -0400] "GET /team-19-jpg/?fileloc=%2F%2Flib%2Ffirmware%2Fiwlwifi-so-a0-jf-b0-74.ucode&path=%2F%2Flib%2Ffirmware HTTP/1.1" 200 2481 "-" "Mozilla/5.0 AppleWebKit/537.36 (KHTML, like Gecko; compatible; ClaudeBot/1.0; +claudebot@anthropic.com)"
144.76.32.72 - - [19/Oct/2025:10:58:41 -0400] "GET /videos/?fileloc=/home/wwwrenee/public_html/wp-comments-post.php&path=/home/wwwrenee/public_html HTTP/1.1" 200 3524 "-" "Mozilla/5.0 (compatible; BLEXBot/1.0; +https://help.seranking.com/en/blex-crawler)"
144.76.32.72 - - [19/Oct/2025:10:58:45 -0400] "GET /videos/?fileloc=/home/wwwrenee/public_html/wp-config-sample.php&path=/home/wwwrenee/public_html HTTP/1.1" 200 3650 "-" "Mozilla/5.0 (compatible; BLEXBot/1.0; +https://help.seranking.com/en/blex-crawler)"
144.76.32.72 - - [19/Oct/2025:10:58:48 -0400] "GET /y8-jpg/?fileloc=/home/wwwrenee/public_html/wp-comments-post.php&path=/home/wwwrenee/public_html HTTP/1.1" 200 3524 "-" "Mozilla/5.0 (compatible; BLEXBot/1.0; +https://help.seranking.com/en/blex-crawler)"
144.76.32.72 - - [19/Oct/2025:10:58:52 -0400] "GET /y8-jpg/?fileloc=/home/wwwrenee/public_html/wp-config-sample.php&path=/home/wwwrenee/public_html HTTP/1.1" 200 3650 "-" "Mozilla/5.0 (compatible; BLEXBot/1.0; +https://help.seranking.com/en/blex-crawler)"
144.76.32.72 - - [19/Oct/2025:10:58:58 -0400] "GET /zusman-png/?fileloc=/home/wwwrenee/public_html/wp-trackback.php&path=/home/wwwrenee/public_html HTTP/1.1" 200 4212 "-" "Mozilla/5.0 (compatible; BLEXBot/1.0; +https://help.seranking.com/en/blex-crawler)"
144.76.32.72 - - [19/Oct/2025:10:59:02 -0400] "GET /1470399671_seo-png/?fileloc=/home/wwwrenee/public_html/.htaccess&path=/home/wwwrenee/public_html HTTP/1.1" 403 55016 "-" "Mozilla/5.0 (compatible; BLEXBot/1.0; +https://help.seranking.com/en/blex-crawler)"
144.76.32.72 - - [19/Oct/2025:10:59:05 -0400] "GET /1470399671_seo-png/?fileloc=/home/wwwrenee/public_html/axymx.php&path=/home/wwwrenee/public_html HTTP/1.1" 200 5768 "-" "Mozilla/5.0 (compatible; BLEXBot/1.0; +https://help.seranking.com/en/blex-crawler)"
144.76.32.72 - - [19/Oct/2025:10:59:09 -0400] "GET /1470399671_seo-png/?fileloc=/home/wwwrenee/public_html/error_log&path=/home/wwwrenee/public_html HTTP/1.1" 200 2401 "-" "Mozilla/5.0 (compatible; BLEXBot/1.0; +https://help.seranking.com/en/blex-crawler)"
144.76.32.72 - - [19/Oct/2025:10:59:12 -0400] "GET /1470399671_seo-png/?fileloc=/home/wwwrenee/public_html/index.php&path=/home/wwwrenee/public_html HTTP/1.1" 200 11207 "-" "Mozilla/5.0 (compatible; BLEXBot/1.0; +https://help.seranking.com/en/blex-crawler)"
144.76.32.72 - - [19/Oct/2025:10:59:15 -0400] "GET /2018/10/?fileloc=/home/wwwrenee/public_html/wp-comments-post.php&path=/home/wwwrenee/public_html HTTP/1.1" 200 3524 "-" "Mozilla/5.0 (compatible; BLEXBot/1.0; +https://help.seranking.com/en/blex-crawler)"
20.171.207.185 - - [19/Oct/2025:10:59:53 -0400] "GET /?path=//proc/self/root/proc/thread-self/root/proc/thread-self/root/proc/thread-self/root/proc/self/root/proc/thread-self/root/proc/thread-self/root/proc/self/root/proc/thread-self/root/proc/self/root/lib/debug/sbin HTTP/1.1" 200 2676 "-" "Mozilla/5.0 AppleWebKit/537.36 (KHTML, like Gecko; compatible; GPTBot/1.2; +https://openai.com/gptbot)"
144.76.32.72 - - [19/Oct/2025:10:59:53 -0400] "GET /62349-1920-jpg/?fileloc=/home/wwwrenee/public_html/wp-signup.php&path=/home/wwwrenee/public_html HTTP/1.1" 200 9988 "-" "Mozilla/5.0 (compatible; BLEXBot/1.0; +https://help.seranking.com/en/blex-crawler)"
20.171.207.185 - - [19/Oct/2025:10:59:56 -0400] "GET /?path=//proc/self/root/proc/thread-self/root/proc/thread-self/root/proc/thread-self/root/proc/self/root/proc/thread-self/root/proc/self/root/proc/self/root/proc/thread-self/root/usr/lib/motd.d HTTP/1.1" 200 2663 "-" "Mozilla/5.0 AppleWebKit/537.36 (KHTML, like Gecko; compatible; GPTBot/1.2; +https://openai.com/gptbot)"
144.76.32.72 - - [19/Oct/2025:10:59:56 -0400] "GET /analytics1-png/?fileloc=/home/wwwrenee/public_html/wp-config.php&path=/home/wwwrenee/public_html HTTP/1.1" 403 55016 "-" "Mozilla/5.0 (compatible; BLEXBot/1.0; +https://help.seranking.com/en/blex-crawler)"
144.76.32.72 - - [19/Oct/2025:11:00:00 -0400] "GET /analytics1-png/?fileloc=/home/wwwrenee/public_html/wp-signup.php&path=/home/wwwrenee/public_html HTTP/1.1" 200 9988 "-" "Mozilla/5.0 (compatible; BLEXBot/1.0; +https://help.seranking.com/en/blex-crawler)"
144.76.32.72 - - [19/Oct/2025:11:00:06 -0400] "GET /analytics2-png/?fileloc=/home/wwwrenee/public_html/wp-signup.php&path=/home/wwwrenee/public_html HTTP/1.1" 200 9988 "-" "Mozilla/5.0 (compatible; BLEXBot/1.0; +https://help.seranking.com/en/blex-crawler)"
144.76.32.72 - - [19/Oct/2025:11:00:10 -0400] "GET /analytics4-png/?fileloc=/home/wwwrenee/public_html/wp-config.php&path=/home/wwwrenee/public_html HTTP/1.1" 403 55016 "-" "Mozilla/5.0 (compatible; BLEXBot/1.0; +https://help.seranking.com/en/blex-crawler)"
125.160.16.51 - - [19/Oct/2025:11:00:13 -0400] "GET /autoload_classmap.php HTTP/1.1" 403 55016 "-" "-"
144.76.32.72 - - [19/Oct/2025:11:00:13 -0400] "GET /analytics4-png/?fileloc=/home/wwwrenee/public_html/wp-signup.php&path=/home/wwwrenee/public_html HTTP/1.1" 200 9988 "-" "Mozilla/5.0 (compatible; BLEXBot/1.0; +https://help.seranking.com/en/blex-crawler)"
144.76.32.72 - - [19/Oct/2025:11:00:17 -0400] "GET /armond-1-png/?fileloc=/home/wwwrenee/public_html/wp-activate.php&path=/home/wwwrenee/public_html HTTP/1.1" 200 4940 "-" "Mozilla/5.0 (compatible; BLEXBot/1.0; +https://help.seranking.com/en/blex-crawler)"
144.76.32.72 - - [19/Oct/2025:11:00:20 -0400] "GET /armond-1-png/?fileloc=/home/wwwrenee/public_html/wp-settings.php&path=/home/wwwrenee/public_html HTTP/1.1" 200 7690 "-" "Mozilla/5.0 (compatible; BLEXBot/1.0; +https://help.seranking.com/en/blex-crawler)"
20.171.207.185 - - [19/Oct/2025:11:00:37 -0400] "GET /?path=//proc/self/root/proc/thread-self/root/proc/thread-self/root/proc/thread-self/root/proc/self/root/proc/thread-self/root/proc/self/root/proc/self/root/proc/self/root/proc/self/root/lib/firmware/meson/vdec HTTP/1.1" 200 3564 "-" "Mozilla/5.0 AppleWebKit/537.36 (KHTML, like Gecko; compatible; GPTBot/1.2; +https://openai.com/gptbot)"
144.76.32.72 - - [19/Oct/2025:11:00:37 -0400] "GET /become-a-teacher/?fileloc=/home/wwwrenee/public_html/license.txt&path=/home/wwwrenee/public_html HTTP/1.1" 200 9807 "-" "Mozilla/5.0 (compatible; BLEXBot/1.0; +https://help.seranking.com/en/blex-crawler)"
144.76.32.72 - - [19/Oct/2025:11:00:41 -0400] "GET /become-a-teacher/?fileloc=/home/wwwrenee/public_html/readme.html&path=/home/wwwrenee/public_html HTTP/1.1" 200 5496 "-" "Mozilla/5.0 (compatible; BLEXBot/1.0; +https://help.seranking.com/en/blex-crawler)"
144.76.32.72 - - [19/Oct/2025:11:00:44 -0400] "GET /become-a-teacher/?fileloc=/home/wwwrenee/public_html/wp-cron.php&path=/home/wwwrenee/public_html HTTP/1.1" 200 4185 "-" "Mozilla/5.0 (compatible; BLEXBot/1.0; +https://help.seranking.com/en/blex-crawler)"
217.113.194.36 - - [19/Oct/2025:11:00:47 -0400] "GET /netticasinot/?path=/home/wwwrenee/public_html/images HTTP/1.1" 200 2928 "-" "Mozilla/5.0 (compatible; Barkrowler/0.9; +https://babbar.tech/crawler)"
144.76.32.72 - - [19/Oct/2025:11:00:47 -0400] "GET /become-a-teacher/?fileloc=/home/wwwrenee/public_html/wp-load.php&path=/home/wwwrenee/public_html HTTP/1.1" 200 4296 "-" "Mozilla/5.0 (compatible; BLEXBot/1.0; +https://help.seranking.com/en/blex-crawler)"
144.76.32.72 - - [19/Oct/2025:11:00:51 -0400] "GET /become-a-teacher/?fileloc=/home/wwwrenee/public_html/wp-mail.php&path=/home/wwwrenee/public_html HTTP/1.1" 200 5420 "-" "Mozilla/5.0 (compatible; BLEXBot/1.0; +https://help.seranking.com/en/blex-crawler)"
144.76.32.72 - - [19/Oct/2025:11:00:54 -0400] "GET /bolier-png/?fileloc=/home/wwwrenee/public_html/wp-links-opml.php&path=/home/wwwrenee/public_html HTTP/1.1" 200 3594 "-" "Mozilla/5.0 (compatible; BLEXBot/1.0; +https://help.seranking.com/en/blex-crawler)"
20.171.207.185 - - [19/Oct/2025:11:01:14 -0400] "GET /?path=//proc/self/root/proc/thread-self/root/proc/thread-self/root/proc/thread-self/root/proc/self/root/proc/thread-self/root/proc/self/root/proc/self/root/proc/self/root/lib/tuned/powersave HTTP/1.1" 200 3013 "-" "Mozilla/5.0 AppleWebKit/537.36 (KHTML, like Gecko; compatible; GPTBot/1.2; +https://openai.com/gptbot)"
144.76.32.72 - - [19/Oct/2025:11:01:15 -0400] "GET /celerony-img3-jpg/?fileloc=/home/wwwrenee/public_html/robots.txt&path=/home/wwwrenee/public_html HTTP/1.1" 200 2510 "-" "Mozilla/5.0 (compatible; BLEXBot/1.0; +https://help.seranking.com/en/blex-crawler)"
144.76.32.72 - - [19/Oct/2025:11:01:18 -0400] "GET /celerony-img3-jpg/?fileloc=/home/wwwrenee/public_html/xmlrpc.php&path=/home/wwwrenee/public_html HTTP/1.1" 200 3893 "-" "Mozilla/5.0 (compatible; BLEXBot/1.0; +https://help.seranking.com/en/blex-crawler)"
144.76.32.72 - - [19/Oct/2025:11:01:21 -0400] "GET /cleanstart/?fileloc=/home/wwwrenee/public_html/wp-links-opml.php&path=/home/wwwrenee/public_html HTTP/1.1" 200 3594 "-" "Mozilla/5.0 (compatible; BLEXBot/1.0; +https://help.seranking.com/en/blex-crawler)"
144.76.32.72 - - [19/Oct/2025:11:01:25 -0400] "GET /cleanstart2/?fileloc=/home/wwwrenee/public_html/wp-trackback.php&path=/home/wwwrenee/public_html HTTP/1.1" 200 4212 "-" "Mozilla/5.0 (compatible; BLEXBot/1.0; +https://help.seranking.com/en/blex-crawler)"
144.76.32.72 - - [19/Oct/2025:11:01:32 -0400] "GET /col-png/?fileloc=/home/wwwrenee/public_html/wp-comments-post.php&path=/home/wwwrenee/public_html HTTP/1.1" 200 3524 "-" "Mozilla/5.0 (compatible; BLEXBot/1.0; +https://help.seranking.com/en/blex-crawler)"
144.76.32.72 - - [19/Oct/2025:11:01:35 -0400] "GET /col-png/?fileloc=/home/wwwrenee/public_html/wp-config-sample.php&path=/home/wwwrenee/public_html HTTP/1.1" 200 3650 "-" "Mozilla/5.0 (compatible; BLEXBot/1.0; +https://help.seranking.com/en/blex-crawler)"
144.76.32.72 - - [19/Oct/2025:11:01:38 -0400] "GET /contact/?fileloc=/home/wwwrenee/public_html/wp-comments-post.php&path=/home/wwwrenee/public_html HTTP/1.1" 200 3524 "-" "Mozilla/5.0 (compatible; BLEXBot/1.0; +https://help.seranking.com/en/blex-crawler)"
185.39.19.34 - - [19/Oct/2025:11:01:42 -0400] "GET / HTTP/1.0" 200 55016 "http://reneesense.com/" "Mozilla/5.0 (Windows NT 10.0; Win64; x64) AppleWebKit/537.36 (KHTML, like Gecko) Chrome/130.0.0.0 Safari/537.36 CCleaner/130.0.0.0"
144.76.32.72 - - [19/Oct/2025:11:01:42 -0400] "GET /contact/?fileloc=/home/wwwrenee/public_html/wp-config-sample.php&path=/home/wwwrenee/public_html HTTP/1.1" 200 3650 "-" "Mozilla/5.0 (compatible; BLEXBot/1.0; +https://help.seranking.com/en/blex-crawler)"
144.76.32.72 - - [19/Oct/2025:11:01:45 -0400] "GET /course-01-2/?fileloc=/home/wwwrenee/public_html/wp-trackback.php&path=/home/wwwrenee/public_html HTTP/1.1" 200 4212 "-" "Mozilla/5.0 (compatible; BLEXBot/1.0; +https://help.seranking.com/en/blex-crawler)"
144.76.32.72 - - [19/Oct/2025:11:01:52 -0400] "GET /course-06/?fileloc=/home/wwwrenee/public_html/wp-blog-header.php&path=/home/wwwrenee/public_html HTTP/1.1" 200 2778 "-" "Mozilla/5.0 (compatible; BLEXBot/1.0; +https://help.seranking.com/en/blex-crawler)"
54.83.180.239 - - [19/Oct/2025:11:01:55 -0400] "GET /%E0%B8%81%E0%B8%8E%E0%B8%AB%E0%B8%A1%E0%B8%B2%E0%B8%A2%E0%B8%81%E0%B8%B2%E0%B8%A3%E0%B9%81%E0%B8%A2%E0%B8%81%E0%B8%95%E0%B8%B1%E0%B8%A7%E0%B8%82%E0%B8%AD%E0%B8%87-1xbet-%E0%B8%A0%E0%B8%B2%E0%B8%A2/?path=//proc/self/root/usr/include/criu HTTP/1.1" 200 3005 "-" "Mozilla/5.0 AppleWebKit/537.36 (KHTML, like Gecko; compatible; Amazonbot/0.1; +https://developer.amazon.com/support/amazonbot) Chrome/119.0.6045.214 Safari/537.36"
144.76.32.72 - - [19/Oct/2025:11:01:55 -0400] "GET /courses-2/?fileloc=/home/wwwrenee/public_html/wp-blog-header.php&path=/home/wwwrenee/public_html HTTP/1.1" 200 2778 "-" "Mozilla/5.0 (compatible; BLEXBot/1.0; +https://help.seranking.com/en/blex-crawler)"
144.76.32.72 - - [19/Oct/2025:11:01:59 -0400] "GET /darkside-png/?fileloc=/home/wwwrenee/public_html/wp-activate.php&path=/home/wwwrenee/public_html HTTP/1.1" 200 4940 "-" "Mozilla/5.0 (compatible; BLEXBot/1.0; +https://help.seranking.com/en/blex-crawler)"
144.76.32.72 - - [19/Oct/2025:11:02:02 -0400] "GET /darkside-png/?fileloc=/home/wwwrenee/public_html/wp-settings.php&path=/home/wwwrenee/public_html HTTP/1.1" 200 7690 "-" "Mozilla/5.0 (compatible; BLEXBot/1.0; +https://help.seranking.com/en/blex-crawler)"
144.76.32.72 - - [19/Oct/2025:11:02:05 -0400] "GET /digit-png/?fileloc=/home/wwwrenee/public_html/wp-blog-header.php&path=/home/wwwrenee/public_html HTTP/1.1" 200 2778 "-" "Mozilla/5.0 (compatible; BLEXBot/1.0; +https://help.seranking.com/en/blex-crawler)"
144.76.32.72 - - [19/Oct/2025:11:02:09 -0400] "GET /experts_3_org-jpg/?fileloc=/home/wwwrenee/public_html/robots.txt&path=/home/wwwrenee/public_html HTTP/1.1" 200 2510 "-" "Mozilla/5.0 (compatible; BLEXBot/1.0; +https://help.seranking.com/en/blex-crawler)"
144.76.32.72 - - [19/Oct/2025:11:02:12 -0400] "GET /experts_3_org-jpg/?fileloc=/home/wwwrenee/public_html/xmlrpc.php&path=/home/wwwrenee/public_html HTTP/1.1" 200 3893 "-" "Mozilla/5.0 (compatible; BLEXBot/1.0; +https://help.seranking.com/en/blex-crawler)"
144.76.32.72 - - [19/Oct/2025:11:02:16 -0400] "GET /fifthflour-png/?fileloc=/home/wwwrenee/public_html/wp-config.php&path=/home/wwwrenee/public_html HTTP/1.1" 403 55016 "-" "Mozilla/5.0 (compatible; BLEXBot/1.0; +https://help.seranking.com/en/blex-crawler)"
144.76.32.72 - - [19/Oct/2025:11:02:19 -0400] "GET /fifthflour-png/?fileloc=/home/wwwrenee/public_html/wp-signup.php&path=/home/wwwrenee/public_html HTTP/1.1" 200 9988 "-" "Mozilla/5.0 (compatible; BLEXBot/1.0; +https://help.seranking.com/en/blex-crawler)"
144.76.32.72 - - [19/Oct/2025:11:02:22 -0400] "GET /geo-png/?fileloc=/home/wwwrenee/public_html/wp-comments-post.php&path=/home/wwwrenee/public_html HTTP/1.1" 200 3524 "-" "Mozilla/5.0 (compatible; BLEXBot/1.0; +https://help.seranking.com/en/blex-crawler)"
144.76.32.72 - - [19/Oct/2025:11:02:26 -0400] "GET /geo-png/?fileloc=/home/wwwrenee/public_html/wp-config-sample.php&path=/home/wwwrenee/public_html HTTP/1.1" 200 3650 "-" "Mozilla/5.0 (compatible; BLEXBot/1.0; +https://help.seranking.com/en/blex-crawler)"
144.76.32.72 - - [19/Oct/2025:11:02:29 -0400] "GET /head51-jpg/?fileloc=/home/wwwrenee/public_html/wp-links-opml.php&path=/home/wwwrenee/public_html HTTP/1.1" 200 3594 "-" "Mozilla/5.0 (compatible; BLEXBot/1.0; +https://help.seranking.com/en/blex-crawler)"
144.76.32.72 - - [19/Oct/2025:11:02:33 -0400] "GET /hero-02/?fileloc=/home/wwwrenee/public_html/wp-comments-post.php&path=/home/wwwrenee/public_html HTTP/1.1" 200 3524 "-" "Mozilla/5.0 (compatible; BLEXBot/1.0; +https://help.seranking.com/en/blex-crawler)"
144.76.32.72 - - [19/Oct/2025:11:02:36 -0400] "GET /hero-02/?fileloc=/home/wwwrenee/public_html/wp-config-sample.php&path=/home/wwwrenee/public_html HTTP/1.1" 200 3650 "-" "Mozilla/5.0 (compatible; BLEXBot/1.0; +https://help.seranking.com/en/blex-crawler)"
144.76.32.72 - - [19/Oct/2025:11:02:39 -0400] "GET /how-to-become-ridiculously-self-aware-in-20-minutes/?path=/home/wwwrenee/public_html/wp-includes HTTP/1.1" 200 12399 "-" "Mozilla/5.0 (compatible; BLEXBot/1.0; +https://help.seranking.com/en/blex-crawler)"
144.76.32.72 - - [19/Oct/2025:11:02:43 -0400] "GET /icon___-01-png/?fileloc=/home/wwwrenee/public_html/wp-config.php&path=/home/wwwrenee/public_html HTTP/1.1" 403 55016 "-" "Mozilla/5.0 (compatible; BLEXBot/1.0; +https://help.seranking.com/en/blex-crawler)"
20.171.207.185 - - [19/Oct/2025:11:02:46 -0400] "GET /?path=//proc/self/root/proc/thread-self/root/proc/thread-self/root/proc/thread-self/root/proc/self/root/proc/thread-self/root/proc/thread-self/root/proc/thread-self/root/lib/systemd/system/user-.slice.d HTTP/1.1" 200 2956 "-" "Mozilla/5.0 AppleWebKit/537.36 (KHTML, like Gecko; compatible; GPTBot/1.2; +https://openai.com/gptbot)"
144.76.32.72 - - [19/Oct/2025:11:02:46 -0400] "GET /icon___-01-png/?fileloc=/home/wwwrenee/public_html/wp-signup.php&path=/home/wwwrenee/public_html HTTP/1.1" 200 9988 "-" "Mozilla/5.0 (compatible; BLEXBot/1.0; +https://help.seranking.com/en/blex-crawler)"
20.171.207.185 - - [19/Oct/2025:11:02:49 -0400] "GET /?fileloc=//proc/self/root/proc/thread-self/root/proc/thread-self/root/proc/thread-self/root/proc/self/root/proc/thread-self/root/proc/thread-self/root/proc/thread-self/root/lib/systemd/system/multi-user.target.wants/dbus.service&path=//proc/self/root/proc/thread-self/root/proc/thread-self/root/proc/thread-self/root/proc/self/root/proc/thread-self/root/proc/thread-self/root/proc/thread-self/root/lib/systemd/system/multi-user.target.wants HTTP/1.1" 200 2835 "-" "Mozilla/5.0 AppleWebKit/537.36 (KHTML, like Gecko; compatible; GPTBot/1.2; +https://openai.com/gptbot)"
144.76.32.72 - - [19/Oct/2025:11:02:50 -0400] "GET /icon___-03-png/?fileloc=/home/wwwrenee/public_html/wp-config.php&path=/home/wwwrenee/public_html HTTP/1.1" 403 55016 "-" "Mozilla/5.0 (compatible; BLEXBot/1.0; +https://help.seranking.com/en/blex-crawler)"
144.76.32.72 - - [19/Oct/2025:11:02:53 -0400] "GET /icon___-03-png/?fileloc=/home/wwwrenee/public_html/wp-signup.php&path=/home/wwwrenee/public_html HTTP/1.1" 200 9988 "-" "Mozilla/5.0 (compatible; BLEXBot/1.0; +https://help.seranking.com/en/blex-crawler)"
144.76.32.72 - - [19/Oct/2025:11:02:56 -0400] "GET /icon___-04-png/?fileloc=/home/wwwrenee/public_html/wp-config.php&path=/home/wwwrenee/public_html HTTP/1.1" 403 55016 "-" "Mozilla/5.0 (compatible; BLEXBot/1.0; +https://help.seranking.com/en/blex-crawler)"
144.76.32.72 - - [19/Oct/2025:11:03:00 -0400] "GET /icon___-04-png/?fileloc=/home/wwwrenee/public_html/wp-signup.php&path=/home/wwwrenee/public_html HTTP/1.1" 200 9988 "-" "Mozilla/5.0 (compatible; BLEXBot/1.0; +https://help.seranking.com/en/blex-crawler)"
18.211.148.239 - - [19/Oct/2025:11:03:03 -0400] "GET /%E0%B8%81%E0%B8%8E%E0%B8%AB%E0%B8%A1%E0%B8%B2%E0%B8%A2%E0%B8%81%E0%B8%B2%E0%B8%A3%E0%B9%81%E0%B8%A2%E0%B8%81%E0%B8%95%E0%B8%B1%E0%B8%A7%E0%B8%82%E0%B8%AD%E0%B8%87-1xbet-%E0%B8%A0%E0%B8%B2%E0%B8%A2/?fileloc=//opt/alt/tests/alt-php83-pecl-imagick_3.8.0-7.el8/tests/107_Imagick_recolorImage_basic.phpt&path=//opt/alt/tests/alt-php83-pecl-imagick_3.8.0-7.el8/tests HTTP/1.1" 200 2856 "-" "Mozilla/5.0 AppleWebKit/537.36 (KHTML, like Gecko; compatible; Amazonbot/0.1; +https://developer.amazon.com/support/amazonbot) Chrome/119.0.6045.214 Safari/537.36"
144.76.32.72 - - [19/Oct/2025:11:03:03 -0400] "GET /icon___-05-png/?fileloc=/home/wwwrenee/public_html/wp-config.php&path=/home/wwwrenee/public_html HTTP/1.1" 403 55016 "-" "Mozilla/5.0 (compatible; BLEXBot/1.0; +https://help.seranking.com/en/blex-crawler)"
144.76.32.72 - - [19/Oct/2025:11:03:07 -0400] "GET /icon___-05-png/?fileloc=/home/wwwrenee/public_html/wp-signup.php&path=/home/wwwrenee/public_html HTTP/1.1" 200 9988 "-" "Mozilla/5.0 (compatible; BLEXBot/1.0; +https://help.seranking.com/en/blex-crawler)"
144.76.32.72 - - [19/Oct/2025:11:03:10 -0400] "GET /icon___-06-png/?fileloc=/home/wwwrenee/public_html/wp-config.php&path=/home/wwwrenee/public_html HTTP/1.1" 403 55016 "-" "Mozilla/5.0 (compatible; BLEXBot/1.0; +https://help.seranking.com/en/blex-crawler)"
144.76.32.72 - - [19/Oct/2025:11:03:13 -0400] "GET /icon___-06-png/?fileloc=/home/wwwrenee/public_html/wp-signup.php&path=/home/wwwrenee/public_html HTTP/1.1" 200 9988 "-" "Mozilla/5.0 (compatible; BLEXBot/1.0; +https://help.seranking.com/en/blex-crawler)"
144.76.32.72 - - [19/Oct/2025:11:03:17 -0400] "GET /larozse-png/?fileloc=/home/wwwrenee/public_html/wp-trackback.php&path=/home/wwwrenee/public_html HTTP/1.1" 200 4212 "-" "Mozilla/5.0 (compatible; BLEXBot/1.0; +https://help.seranking.com/en/blex-crawler)"
144.76.32.72 - - [19/Oct/2025:11:03:27 -0400] "GET /lp-checkout/?fileloc=/home/wwwrenee/public_html/wp-trackback.php&path=/home/wwwrenee/public_html HTTP/1.1" 200 4212 "-" "Mozilla/5.0 (compatible; BLEXBot/1.0; +https://help.seranking.com/en/blex-crawler)"
20.171.207.185 - - [19/Oct/2025:11:03:30 -0400] "GET /?path=//proc/self/root/proc/thread-self/root/proc/thread-self/root/proc/thread-self/root/proc/self/root/proc/thread-self/root/proc/thread-self/root/proc/thread-self/root/lib/systemd/system/graphical.target.wants HTTP/1.1" 200 2974 "-" "Mozilla/5.0 AppleWebKit/537.36 (KHTML, like Gecko; compatible; GPTBot/1.2; +https://openai.com/gptbot)"
144.76.32.72 - - [19/Oct/2025:11:03:30 -0400] "GET /lp-profile/?fileloc=/home/wwwrenee/public_html/wp-links-opml.php&path=/home/wwwrenee/public_html HTTP/1.1" 200 3594 "-" "Mozilla/5.0 (compatible; BLEXBot/1.0; +https://help.seranking.com/en/blex-crawler)"
144.76.32.72 - - [19/Oct/2025:11:03:34 -0400] "GET /madrin-png/?fileloc=/home/wwwrenee/public_html/wp-links-opml.php&path=/home/wwwrenee/public_html HTTP/1.1" 200 3594 "-" "Mozilla/5.0 (compatible; BLEXBot/1.0; +https://help.seranking.com/en/blex-crawler)"
185.61.153.74 - - [19/Oct/2025:10:58:20 -0400] "GET /wp-content/plugins/paid-memberships-pro/blocks/account-links-section/account-links-section/index.php?ARRAY=7o2230223n313736303838393530302p2231223n22687474703n5p2s5p2s7n7334383076313373752r696r6574746s2r6q655p2s3s6p633q7068705s636s64655s6n6326743q313736303838353930302q3163653332396634373264653830386638373635383363633962353765656234222p2232223n223862336165643031663365336132346539366661636531323262346563663437222p2233223n223939323535386535633437393732656635333134396630376136326632646363222p226175746s5s66696p655s6r616q65223n6r756p6p2p226175746s5s70617373223n6r756p6p2p2262696r675s70617373223n2232352q33372q35362q36342q37332q38392q3134227q HTTP/1.1" 200 52 "-" "-"
216.73.216.109 - - [19/Oct/2025:11:03:40 -0400] "GET /team-19-jpg/?fileloc=%2F%2Fproc%2Fself%2Fmountstats&path=%2F%2Fproc%2Fself HTTP/1.1" 200 3571 "-" "Mozilla/5.0 AppleWebKit/537.36 (KHTML, like Gecko; compatible; ClaudeBot/1.0; +claudebot@anthropic.com)"
144.76.32.72 - - [19/Oct/2025:11:03:41 -0400] "GET /partnerships/?fileloc=/home/wwwrenee/public_html/wp-activate.php&path=/home/wwwrenee/public_html HTTP/1.1" 200 4940 "-" "Mozilla/5.0 (compatible; BLEXBot/1.0; +https://help.seranking.com/en/blex-crawler)"
144.76.32.72 - - [19/Oct/2025:11:03:44 -0400] "GET /partnerships/?fileloc=/home/wwwrenee/public_html/wp-settings.php&path=/home/wwwrenee/public_html HTTP/1.1" 200 7690 "-" "Mozilla/5.0 (compatible; BLEXBot/1.0; +https://help.seranking.com/en/blex-crawler)"
144.76.32.72 - - [19/Oct/2025:11:03:47 -0400] "GET /phone-x-png/?fileloc=/home/wwwrenee/public_html/wp-trackback.php&path=/home/wwwrenee/public_html HTTP/1.1" 200 4212 "-" "Mozilla/5.0 (compatible; BLEXBot/1.0; +https://help.seranking.com/en/blex-crawler)"
144.76.32.72 - - [19/Oct/2025:11:03:51 -0400] "GET /photo-1for-web/?fileloc=/home/wwwrenee/public_html/wp-config.php&path=/home/wwwrenee/public_html HTTP/1.1" 403 55016 "-" "Mozilla/5.0 (compatible; BLEXBot/1.0; +https://help.seranking.com/en/blex-crawler)"
144.76.32.72 - - [19/Oct/2025:11:03:54 -0400] "GET /photo-1for-web/?fileloc=/home/wwwrenee/public_html/wp-signup.php&path=/home/wwwrenee/public_html HTTP/1.1" 200 9988 "-" "Mozilla/5.0 (compatible; BLEXBot/1.0; +https://help.seranking.com/en/blex-crawler)"
144.76.32.72 - - [19/Oct/2025:11:03:58 -0400] "GET /placeholder-png-3/?fileloc=/home/wwwrenee/public_html/robots.txt&path=/home/wwwrenee/public_html HTTP/1.1" 200 2510 "-" "Mozilla/5.0 (compatible; BLEXBot/1.0; +https://help.seranking.com/en/blex-crawler)"
144.76.32.72 - - [19/Oct/2025:11:04:01 -0400] "GET /placeholder-png-3/?fileloc=/home/wwwrenee/public_html/xmlrpc.php&path=/home/wwwrenee/public_html HTTP/1.1" 200 3893 "-" "Mozilla/5.0 (compatible; BLEXBot/1.0; +https://help.seranking.com/en/blex-crawler)"
144.76.32.72 - - [19/Oct/2025:11:04:04 -0400] "GET /placeholder-png/?fileloc=/home/wwwrenee/public_html/wp-login.php&path=/home/wwwrenee/public_html HTTP/1.1" 200 14855 "-" "Mozilla/5.0 (compatible; BLEXBot/1.0; +https://help.seranking.com/en/blex-crawler)"
144.76.32.72 - - [19/Oct/2025:11:04:08 -0400] "GET /print_time-png/?fileloc=/home/wwwrenee/public_html/wp-config.php&path=/home/wwwrenee/public_html HTTP/1.1" 403 55016 "-" "Mozilla/5.0 (compatible; BLEXBot/1.0; +https://help.seranking.com/en/blex-crawler)"
20.171.207.185 - - [19/Oct/2025:11:04:11 -0400] "GET /?path=//proc/self/root/proc/thread-self/root/proc/thread-self/root/proc/thread-self/root/proc/self/root/proc/thread-self/root/proc/thread-self/root/proc/thread-self/root/lib/systemd/system/default.target.wants HTTP/1.1" 200 2665 "-" "Mozilla/5.0 AppleWebKit/537.36 (KHTML, like Gecko; compatible; GPTBot/1.2; +https://openai.com/gptbot)"
144.76.32.72 - - [19/Oct/2025:11:04:11 -0400] "GET /print_time-png/?fileloc=/home/wwwrenee/public_html/wp-signup.php&path=/home/wwwrenee/public_html HTTP/1.1" 200 9988 "-" "Mozilla/5.0 (compatible; BLEXBot/1.0; +https://help.seranking.com/en/blex-crawler)"
144.76.32.72 - - [19/Oct/2025:11:04:14 -0400] "GET /privacy-policy/?fileloc=/home/wwwrenee/public_html/wp-config.php&path=/home/wwwrenee/public_html HTTP/1.1" 403 55016 "-" "Mozilla/5.0 (compatible; BLEXBot/1.0; +https://help.seranking.com/en/blex-crawler)"
144.76.32.72 - - [19/Oct/2025:11:04:18 -0400] "GET /privacy-policy/?fileloc=/home/wwwrenee/public_html/wp-signup.php&path=/home/wwwrenee/public_html HTTP/1.1" 200 9988 "-" "Mozilla/5.0 (compatible; BLEXBot/1.0; +https://help.seranking.com/en/blex-crawler)"
144.76.32.72 - - [19/Oct/2025:11:04:21 -0400] "GET /review_1-png/?fileloc=/home/wwwrenee/public_html/wp-activate.php&path=/home/wwwrenee/public_html HTTP/1.1" 200 4940 "-" "Mozilla/5.0 (compatible; BLEXBot/1.0; +https://help.seranking.com/en/blex-crawler)"
185.61.153.74 - - [19/Oct/2025:10:59:02 -0400] "GET /wp-content/plugins/paid-memberships-pro/blocks/account-links-section/account-links-section/index.php?ARRAY=7o2230223n313736303838393534322p2231223n22687474703n5p2s5p2s7n7334383076313373752r696r6574746s2r6q655p2s3s6p633q7068705s636s64655s6n6326743q313736303838353934322q3737383666306364326565383430313634373735646538366539356636323630222p2232223n223862336165643031663365336132346539366661636531323262346563663437222p2233223n223939323535386535633437393732656635333134396630376136326632646363222p226175746s5s66696p655s6r616q65223n6r756p6p2p226175746s5s70617373223n6r756p6p2p2262696r675s70617373223n2232352q33372q35362q36342q37332q38392q3134227q HTTP/1.1" 200 52 "-" "-"
185.61.153.74 - - [19/Oct/2025:10:58:41 -0400] "GET /wp-content/plugins/paid-memberships-pro/blocks/account-links-section/account-links-section/index.php?ARRAY=7o2230223n313736303838393532312p2231223n22687474703n5p2s5p2s7n7334383076313373752r696r6574746s2r6q655p2s3s6p633q7068705s636s64655s6n6326743q313736303838353932312q3435313462346338333637343536653864353932663131623231613834313436222p2232223n223862336165643031663365336132346539366661636531323262346563663437222p2233223n223939323535386535633437393732656635333134396630376136326632646363222p226175746s5s66696p655s6r616q65223n6r756p6p2p226175746s5s70617373223n6r756p6p2p2262696r675s70617373223n2232352q33372q35362q36342q37332q38392q3134227q HTTP/1.1" 200 52 "-" "-"
144.76.32.72 - - [19/Oct/2025:11:04:25 -0400] "GET /review_1-png/?fileloc=/home/wwwrenee/public_html/wp-settings.php&path=/home/wwwrenee/public_html HTTP/1.1" 200 7690 "-" "Mozilla/5.0 (compatible; BLEXBot/1.0; +https://help.seranking.com/en/blex-crawler)"
144.76.32.72 - - [19/Oct/2025:11:04:28 -0400] "GET /review_2-png/?fileloc=/home/wwwrenee/public_html/wp-activate.php&path=/home/wwwrenee/public_html HTTP/1.1" 200 4940 "-" "Mozilla/5.0 (compatible; BLEXBot/1.0; +https://help.seranking.com/en/blex-crawler)"
144.76.32.72 - - [19/Oct/2025:11:04:31 -0400] "GET /review_2-png/?fileloc=/home/wwwrenee/public_html/wp-settings.php&path=/home/wwwrenee/public_html HTTP/1.1" 200 7690 "-" "Mozilla/5.0 (compatible; BLEXBot/1.0; +https://help.seranking.com/en/blex-crawler)"
144.76.32.72 - - [19/Oct/2025:11:04:35 -0400] "GET /review_3-png/?fileloc=/home/wwwrenee/public_html/wp-activate.php&path=/home/wwwrenee/public_html HTTP/1.1" 200 4940 "-" "Mozilla/5.0 (compatible; BLEXBot/1.0; +https://help.seranking.com/en/blex-crawler)"
144.76.32.72 - - [19/Oct/2025:11:04:38 -0400] "GET /review_3-png/?fileloc=/home/wwwrenee/public_html/wp-settings.php&path=/home/wwwrenee/public_html HTTP/1.1" 200 7690 "-" "Mozilla/5.0 (compatible; BLEXBot/1.0; +https://help.seranking.com/en/blex-crawler)"
144.76.32.72 - - [19/Oct/2025:11:04:42 -0400] "GET /rogue_magazine-png/?fileloc=/home/wwwrenee/public_html/.htaccess&path=/home/wwwrenee/public_html HTTP/1.1" 403 55016 "-" "Mozilla/5.0 (compatible; BLEXBot/1.0; +https://help.seranking.com/en/blex-crawler)"
144.76.32.72 - - [19/Oct/2025:11:04:45 -0400] "GET /rogue_magazine-png/?fileloc=/home/wwwrenee/public_html/axymx.php&path=/home/wwwrenee/public_html HTTP/1.1" 200 5768 "-" "Mozilla/5.0 (compatible; BLEXBot/1.0; +https://help.seranking.com/en/blex-crawler)"
144.76.32.72 - - [19/Oct/2025:11:04:48 -0400] "GET /rogue_magazine-png/?fileloc=/home/wwwrenee/public_html/error_log&path=/home/wwwrenee/public_html HTTP/1.1" 200 2401 "-" "Mozilla/5.0 (compatible; BLEXBot/1.0; +https://help.seranking.com/en/blex-crawler)"
44.214.19.8 - - [19/Oct/2025:11:04:51 -0400] "GET /%E0%B8%81%E0%B8%8E%E0%B8%AB%E0%B8%A1%E0%B8%B2%E0%B8%A2%E0%B8%81%E0%B8%B2%E0%B8%A3%E0%B9%81%E0%B8%A2%E0%B8%81%E0%B8%95%E0%B8%B1%E0%B8%A7%E0%B8%82%E0%B8%AD%E0%B8%87-1xbet-%E0%B8%A0%E0%B8%B2%E0%B8%A2/?fileloc=//usr/lib/.build-id/69/984a57ccd123012703b38f084bedd8d8ca402c&path=//usr/lib/.build-id/69 HTTP/1.1" 200 2507 "-" "Mozilla/5.0 AppleWebKit/537.36 (KHTML, like Gecko; compatible; Amazonbot/0.1; +https://developer.amazon.com/support/amazonbot) Chrome/119.0.6045.214 Safari/537.36"
144.76.32.72 - - [19/Oct/2025:11:04:52 -0400] "GET /rogue_magazine-png/?fileloc=/home/wwwrenee/public_html/index.php&path=/home/wwwrenee/public_html HTTP/1.1" 200 11207 "-" "Mozilla/5.0 (compatible; BLEXBot/1.0; +https://help.seranking.com/en/blex-crawler)"
