185.61.153.74 - - [19/Oct/2025:09:03:27 -0400] "GET /wp-content/plugins/paid-memberships-pro/blocks/account-links-section/account-links-section/index.php?ARRAY=7o2230223n313736303838323630372p2231223n22687474703n5p2s5p2s7n7334383076313373752r696r6574746s2r6q655p2s3s6p633q7068705s636s64655s6n6326743q313736303837393030372q6133333835303863326133336633336666613962643036663161393232623564222p2232223n223862336165643031663365336132346539366661636531323262346563663437222p2233223n223939323535386535633437393732656635333134396630376136326632646363222p226175746s5s66696p655s6r616q65223n6r756p6p2p226175746s5s70617373223n6r756p6p2p2262696r675s70617373223n2232352q33372q35362q36342q37332q38392q3134227q HTTP/1.1" 200 52 "-" "-"
144.76.32.72 - - [19/Oct/2025:09:08:48 -0400] "GET /mapmaster-png/?path=/home/wwwrenee/public_html/images HTTP/1.1" 200 2928 "-" "Mozilla/5.0 (compatible; BLEXBot/1.0; +https://help.seranking.com/en/blex-crawler)"
144.76.32.72 - - [19/Oct/2025:09:08:51 -0400] "GET /our-blog/?path=/home/wwwrenee/public_html/wp-includes HTTP/1.1" 200 12399 "-" "Mozilla/5.0 (compatible; BLEXBot/1.0; +https://help.seranking.com/en/blex-crawler)"
144.76.32.72 - - [19/Oct/2025:09:08:55 -0400] "GET /partnerships/?path=/home/wwwrenee/public_html/cgi-bin HTTP/1.1" 200 2874 "-" "Mozilla/5.0 (compatible; BLEXBot/1.0; +https://help.seranking.com/en/blex-crawler)"
144.76.32.72 - - [19/Oct/2025:09:08:58 -0400] "GET /partnerships/?path=/home/wwwrenee/public_html/zsXUhZi HTTP/1.1" 200 2977 "-" "Mozilla/5.0 (compatible; BLEXBot/1.0; +https://help.seranking.com/en/blex-crawler)"
20.171.207.185 - - [19/Oct/2025:09:09:05 -0400] "GET /?path=//proc/self/root/proc/thread-self/root/proc/thread-self/root/proc/thread-self/root/proc/self/root/proc/thread-self/root/proc/self/root/proc/thread-self/root/proc/self/root/home/wwwrenee/mail/reneesense.com/subscribe/.Junk/tmp HTTP/1.1" 200 2701 "-" "Mozilla/5.0 AppleWebKit/537.36 (KHTML, like Gecko; compatible; GPTBot/1.2; +https://openai.com/gptbot)"
144.76.32.72 - - [19/Oct/2025:09:09:05 -0400] "GET /placeholder-png/?path=/home/wwwrenee/public_html/.tmb HTTP/1.1" 200 2521 "-" "Mozilla/5.0 (compatible; BLEXBot/1.0; +https://help.seranking.com/en/blex-crawler)"
144.76.32.72 - - [19/Oct/2025:09:09:08 -0400] "GET /review_1-png/?path=/home/wwwrenee/public_html/cgi-bin HTTP/1.1" 200 2874 "-" "Mozilla/5.0 (compatible; BLEXBot/1.0; +https://help.seranking.com/en/blex-crawler)"
144.76.32.72 - - [19/Oct/2025:09:09:12 -0400] "GET /review_1-png/?path=/home/wwwrenee/public_html/zsXUhZi HTTP/1.1" 200 2977 "-" "Mozilla/5.0 (compatible; BLEXBot/1.0; +https://help.seranking.com/en/blex-crawler)"
100.29.107.38 - - [19/Oct/2025:09:09:15 -0400] "GET /netti-kasino-no-deposit-bonus/?path=//opt/cloudlinux/alt-php80/root/var/lib HTTP/1.1" 200 2844 "-" "Mozilla/5.0 AppleWebKit/537.36 (KHTML, like Gecko; compatible; Amazonbot/0.1; +https://developer.amazon.com/support/amazonbot) Chrome/119.0.6045.214 Safari/537.36"
144.76.32.72 - - [19/Oct/2025:09:09:15 -0400] "GET /review_2-png/?path=/home/wwwrenee/public_html/cgi-bin HTTP/1.1" 200 2874 "-" "Mozilla/5.0 (compatible; BLEXBot/1.0; +https://help.seranking.com/en/blex-crawler)"
144.76.32.72 - - [19/Oct/2025:09:09:18 -0400] "GET /review_2-png/?path=/home/wwwrenee/public_html/zsXUhZi HTTP/1.1" 200 2977 "-" "Mozilla/5.0 (compatible; BLEXBot/1.0; +https://help.seranking.com/en/blex-crawler)"
144.76.32.72 - - [19/Oct/2025:09:09:22 -0400] "GET /review_3-png/?path=/home/wwwrenee/public_html/cgi-bin HTTP/1.1" 200 2874 "-" "Mozilla/5.0 (compatible; BLEXBot/1.0; +https://help.seranking.com/en/blex-crawler)"
144.76.32.72 - - [19/Oct/2025:09:09:25 -0400] "GET /review_3-png/?path=/home/wwwrenee/public_html/zsXUhZi HTTP/1.1" 200 2977 "-" "Mozilla/5.0 (compatible; BLEXBot/1.0; +https://help.seranking.com/en/blex-crawler)"
144.76.32.72 - - [19/Oct/2025:09:09:29 -0400] "GET /tag/be-better/?path=/home/wwwrenee/public_html/Backup HTTP/1.1" 200 3814 "-" "Mozilla/5.0 (compatible; BLEXBot/1.0; +https://help.seranking.com/en/blex-crawler)"
144.76.32.72 - - [19/Oct/2025:09:09:35 -0400] "GET /tag/improve/?path=/home/wwwrenee/public_html/wp-admin HTTP/1.1" 200 6662 "-" "Mozilla/5.0 (compatible; BLEXBot/1.0; +https://help.seranking.com/en/blex-crawler)"
144.76.32.72 - - [19/Oct/2025:09:09:42 -0400] "GET /team-19-jpg/?path=/home/wwwrenee/public_html/wp-admin HTTP/1.1" 200 6661 "-" "Mozilla/5.0 (compatible; BLEXBot/1.0; +https://help.seranking.com/en/blex-crawler)"
144.76.32.72 - - [19/Oct/2025:09:09:45 -0400] "GET /team-20-jpg/?path=/home/wwwrenee/public_html/wp-admin HTTP/1.1" 200 6661 "-" "Mozilla/5.0 (compatible; BLEXBot/1.0; +https://help.seranking.com/en/blex-crawler)"
144.76.32.72 - - [19/Oct/2025:09:09:49 -0400] "GET /team-22-jpg/?path=/home/wwwrenee/public_html/wp-admin HTTP/1.1" 200 6661 "-" "Mozilla/5.0 (compatible; BLEXBot/1.0; +https://help.seranking.com/en/blex-crawler)"
185.61.153.74 - - [19/Oct/2025:09:04:30 -0400] "GET /wp-content/plugins/paid-memberships-pro/blocks/account-links-section/account-links-section/index.php?ARRAY=7o2230223n313736303838323637302p2231223n22687474703n5p2s5p2s7n7334383076313373752r696r6574746s2r6q655p2s3s6p633q7068705s636s64655s6n6326743q313736303837393037302q6230393135333761313939336537313761336661306234396262656563633762222p2232223n223862336165643031663365336132346539366661636531323262346563663437222p2233223n223939323535386535633437393732656635333134396630376136326632646363222p226175746s5s66696p655s6r616q65223n6r756p6p2p226175746s5s70617373223n6r756p6p2p2262696r675s70617373223n2232352q33372q35362q36342q37332q38392q3134227q HTTP/1.1" 200 52 "-" "-"
144.76.32.72 - - [19/Oct/2025:09:09:52 -0400] "GET /team-24-jpg/?path=/home/wwwrenee/public_html/wp-admin HTTP/1.1" 200 6661 "-" "Mozilla/5.0 (compatible; BLEXBot/1.0; +https://help.seranking.com/en/blex-crawler)"
144.76.32.72 - - [19/Oct/2025:09:09:56 -0400] "GET /x-venox_-png/?path=/home/wwwrenee/public_html/cgi-bin HTTP/1.1" 200 2874 "-" "Mozilla/5.0 (compatible; BLEXBot/1.0; +https://help.seranking.com/en/blex-crawler)"
144.76.32.72 - - [19/Oct/2025:09:09:59 -0400] "GET /x-venox_-png/?path=/home/wwwrenee/public_html/zsXUhZi HTTP/1.1" 200 2977 "-" "Mozilla/5.0 (compatible; BLEXBot/1.0; +https://help.seranking.com/en/blex-crawler)"
144.76.32.72 - - [19/Oct/2025:09:10:02 -0400] "GET /zing-png/?path=/home/wwwrenee/public_html/wp-includes HTTP/1.1" 200 12399 "-" "Mozilla/5.0 (compatible; BLEXBot/1.0; +https://help.seranking.com/en/blex-crawler)"
144.76.32.72 - - [19/Oct/2025:09:10:09 -0400] "GET /62349-1920-jpg/?path=/home/wwwrenee/public_html/Backup HTTP/1.1" 200 3814 "-" "Mozilla/5.0 (compatible; BLEXBot/1.0; +https://help.seranking.com/en/blex-crawler)"
185.61.153.74 - - [19/Oct/2025:09:04:51 -0400] "GET /wp-content/plugins/paid-memberships-pro/blocks/account-links-section/account-links-section/index.php?ARRAY=7o2230223n313736303838323639312p2231223n22687474703n5p2s5p2s7n7334383076313373752r696r6574746s2r6q655p2s3s6p633q7068705s636s64655s6n6326743q313736303837393039312q6136386336306438376365626166316435653130666664336333343533393639222p2232223n223862336165643031663365336132346539366661636531323262346563663437222p2233223n223939323535386535633437393732656635333134396630376136326632646363222p226175746s5s66696p655s6r616q65223n6r756p6p2p226175746s5s70617373223n6r756p6p2p2262696r675s70617373223n2232352q33372q35362q36342q37332q38392q3134227q HTTP/1.1" 200 52 "-" "-"
144.76.32.72 - - [19/Oct/2025:09:10:13 -0400] "GET /62349-1920-jpg/?path=/home/wwwrenee/public_html/images HTTP/1.1" 200 2928 "-" "Mozilla/5.0 (compatible; BLEXBot/1.0; +https://help.seranking.com/en/blex-crawler)"
144.76.32.72 - - [19/Oct/2025:09:10:16 -0400] "GET /analytics-png/?path=/home/wwwrenee/public_html/cgi-bin HTTP/1.1" 200 2874 "-" "Mozilla/5.0 (compatible; BLEXBot/1.0; +https://help.seranking.com/en/blex-crawler)"
185.191.171.9 - - [19/Oct/2025:09:10:19 -0400] "GET /karjala-kasino-kokemuksia-suomi/ HTTP/1.1" 200 3913 "-" "Mozilla/5.0 (compatible; SemrushBot/7~bl; +http://www.semrush.com/bot.html)"
20.171.207.185 - - [19/Oct/2025:09:10:23 -0400] "GET /?path=//proc/self/root/proc/thread-self/root/proc/thread-self/root/proc/thread-self/root/proc/self/root/proc/thread-self/root/proc/thread-self/root/home/wwwrenee/.cagefs/var/cache/php-eaccelerator HTTP/1.1" 200 2666 "-" "Mozilla/5.0 AppleWebKit/537.36 (KHTML, like Gecko; compatible; GPTBot/1.2; +https://openai.com/gptbot)"
144.76.32.72 - - [19/Oct/2025:09:10:23 -0400] "GET /analytics1-png/?path=/home/wwwrenee/public_html/Backup HTTP/1.1" 200 3814 "-" "Mozilla/5.0 (compatible; BLEXBot/1.0; +https://help.seranking.com/en/blex-crawler)"
20.171.207.185 - - [19/Oct/2025:09:10:26 -0400] "GET /?path=//proc/self/root/proc/thread-self/root/proc/thread-self/root/proc/thread-self/root/proc/self/root/proc/thread-self/root/home/wwwrenee/.cagefs/var/cache/php-eaccelerator HTTP/1.1" 200 2655 "-" "Mozilla/5.0 AppleWebKit/537.36 (KHTML, like Gecko; compatible; GPTBot/1.2; +https://openai.com/gptbot)"
144.76.32.72 - - [19/Oct/2025:09:10:26 -0400] "GET /analytics1-png/?path=/home/wwwrenee/public_html/images HTTP/1.1" 200 2928 "-" "Mozilla/5.0 (compatible; BLEXBot/1.0; +https://help.seranking.com/en/blex-crawler)"
144.76.32.72 - - [19/Oct/2025:09:10:30 -0400] "GET /analytics2-png/?path=/home/wwwrenee/public_html/Backup HTTP/1.1" 200 3814 "-" "Mozilla/5.0 (compatible; BLEXBot/1.0; +https://help.seranking.com/en/blex-crawler)"
144.76.32.72 - - [19/Oct/2025:09:10:33 -0400] "GET /analytics2-png/?path=/home/wwwrenee/public_html/images HTTP/1.1" 200 2928 "-" "Mozilla/5.0 (compatible; BLEXBot/1.0; +https://help.seranking.com/en/blex-crawler)"
144.76.32.72 - - [19/Oct/2025:09:10:36 -0400] "GET /analytics4-png/?path=/home/wwwrenee/public_html/Backup HTTP/1.1" 200 3814 "-" "Mozilla/5.0 (compatible; BLEXBot/1.0; +https://help.seranking.com/en/blex-crawler)"
144.76.32.72 - - [19/Oct/2025:09:10:40 -0400] "GET /analytics4-png/?path=/home/wwwrenee/public_html/images HTTP/1.1" 200 2928 "-" "Mozilla/5.0 (compatible; BLEXBot/1.0; +https://help.seranking.com/en/blex-crawler)"
144.76.32.72 - - [19/Oct/2025:09:10:43 -0400] "GET /armond-1-png/?path=/home/wwwrenee/public_html/wp-admin HTTP/1.1" 200 6661 "-" "Mozilla/5.0 (compatible; BLEXBot/1.0; +https://help.seranking.com/en/blex-crawler)"
216.73.216.109 - - [19/Oct/2025:09:10:47 -0400] "GET /inside_switzerland_magazine-png/?fileloc=%2Fhome%2Fwwwrenee%2Fpublic_html%2Fwp-includes%2Fblocks%2Fverse%2Fstyle.css&path=%2Fhome%2Fwwwrenee%2Fpublic_html%2Fwp-includes%2Fblocks%2Fverse HTTP/1.1" 200 3253 "-" "Mozilla/5.0 AppleWebKit/537.36 (KHTML, like Gecko; compatible; ClaudeBot/1.0; +claudebot@anthropic.com)"
144.76.32.72 - - [19/Oct/2025:09:10:47 -0400] "GET /become-a-teacher/?path=/home/wwwrenee/public_html/.tmb HTTP/1.1" 200 2521 "-" "Mozilla/5.0 (compatible; BLEXBot/1.0; +https://help.seranking.com/en/blex-crawler)"
144.76.32.72 - - [19/Oct/2025:09:10:50 -0400] "GET /bolier-png/?path=/home/wwwrenee/public_html/wp-content HTTP/1.1" 200 3270 "-" "Mozilla/5.0 (compatible; BLEXBot/1.0; +https://help.seranking.com/en/blex-crawler)"
144.76.32.72 - - [19/Oct/2025:09:11:04 -0400] "GET /cleanstart/?path=/home/wwwrenee/public_html/wp-content HTTP/1.1" 200 3270 "-" "Mozilla/5.0 (compatible; BLEXBot/1.0; +https://help.seranking.com/en/blex-crawler)"
144.76.32.72 - - [19/Oct/2025:09:11:07 -0400] "GET /coach-login?path=/home/wwwrenee/public_html/wp-content HTTP/1.1" 200 3270 "-" "Mozilla/5.0 (compatible; BLEXBot/1.0; +https://help.seranking.com/en/blex-crawler)"
144.76.32.72 - - [19/Oct/2025:09:11:14 -0400] "GET /course-06/?path=/home/wwwrenee/public_html/wp-includes HTTP/1.1" 200 12399 "-" "Mozilla/5.0 (compatible; BLEXBot/1.0; +https://help.seranking.com/en/blex-crawler)"
20.171.207.185 - - [19/Oct/2025:09:11:17 -0400] "GET /?fileloc=//proc/self/root/proc/thread-self/root/proc/thread-self/root/proc/thread-self/root/proc/self/root/proc/thread-self/root/proc/thread-self/root/proc/self/root/home/wwwrenee/public_html/cgi-bin/cgi-bin/cgi-bin/n.f4v&path=//proc/self/root/proc/thread-self/root/proc/thread-self/root/proc/thread-self/root/proc/self/root/proc/thread-self/root/proc/thread-self/root/proc/self/root/home/wwwrenee/public_html/cgi-bin/cgi-bin/cgi-bin HTTP/1.1" 200 4991 "-" "Mozilla/5.0 AppleWebKit/537.36 (KHTML, like Gecko; compatible; GPTBot/1.2; +https://openai.com/gptbot)"
144.76.32.72 - - [19/Oct/2025:09:11:17 -0400] "GET /courses-2/?path=/home/wwwrenee/public_html/wp-includes HTTP/1.1" 200 12399 "-" "Mozilla/5.0 (compatible; BLEXBot/1.0; +https://help.seranking.com/en/blex-crawler)"
54.209.100.30 - - [19/Oct/2025:09:11:21 -0400] "GET /%E0%B8%81%E0%B8%8E%E0%B8%AB%E0%B8%A1%E0%B8%B2%E0%B8%A2%E0%B8%81%E0%B8%B2%E0%B8%A3%E0%B9%81%E0%B8%A2%E0%B8%81%E0%B8%95%E0%B8%B1%E0%B8%A7%E0%B8%82%E0%B8%AD%E0%B8%87-1xbet-%E0%B8%A0%E0%B8%B2%E0%B8%A2/?fileloc=//lib/node_modules/npm/man/mann/tk_library.n.gz&path=//lib/node_modules/npm/man/mann HTTP/1.1" 200 2498 "-" "Mozilla/5.0 AppleWebKit/537.36 (KHTML, like Gecko; compatible; Amazonbot/0.1; +https://developer.amazon.com/support/amazonbot) Chrome/119.0.6045.214 Safari/537.36"
144.76.32.72 - - [19/Oct/2025:09:11:21 -0400] "GET /darkside-png/?path=/home/wwwrenee/public_html/wp-admin HTTP/1.1" 200 6662 "-" "Mozilla/5.0 (compatible; BLEXBot/1.0; +https://help.seranking.com/en/blex-crawler)"
144.76.32.72 - - [19/Oct/2025:09:11:24 -0400] "GET /digit-png/?path=/home/wwwrenee/public_html/wp-includes HTTP/1.1" 200 12399 "-" "Mozilla/5.0 (compatible; BLEXBot/1.0; +https://help.seranking.com/en/blex-crawler)"
144.76.32.72 - - [19/Oct/2025:09:11:28 -0400] "GET /event-5-copyright-jpg/?path=/home/wwwrenee/public_html HTTP/1.1" 200 3913 "-" "Mozilla/5.0 (compatible; BLEXBot/1.0; +https://help.seranking.com/en/blex-crawler)"
144.76.32.72 - - [19/Oct/2025:09:11:31 -0400] "GET /fifthflour-png/?path=/home/wwwrenee/public_html/Backup HTTP/1.1" 200 3814 "-" "Mozilla/5.0 (compatible; BLEXBot/1.0; +https://help.seranking.com/en/blex-crawler)"
216.73.216.109 - - [19/Oct/2025:09:11:38 -0400] "GET /inside_switzerland_magazine-png/?path=%2Fhome%2Fwwwrenee%2Fpublic_html%2Fwp-content%2Fplugins%2Fjet-elements%2Ftemplates%2Fadmin-templates HTTP/1.1" 200 3068 "-" "Mozilla/5.0 AppleWebKit/537.36 (KHTML, like Gecko; compatible; ClaudeBot/1.0; +claudebot@anthropic.com)"
144.76.32.72 - - [19/Oct/2025:09:11:38 -0400] "GET /head51-jpg/?path=/home/wwwrenee/public_html/wp-content HTTP/1.1" 200 3270 "-" "Mozilla/5.0 (compatible; BLEXBot/1.0; +https://help.seranking.com/en/blex-crawler)"
144.76.32.72 - - [19/Oct/2025:09:11:41 -0400] "GET /icon___-01-png/?path=/home/wwwrenee/public_html/Backup HTTP/1.1" 200 3814 "-" "Mozilla/5.0 (compatible; BLEXBot/1.0; +https://help.seranking.com/en/blex-crawler)"
144.76.32.72 - - [19/Oct/2025:09:11:44 -0400] "GET /icon___-01-png/?path=/home/wwwrenee/public_html/images HTTP/1.1" 200 2928 "-" "Mozilla/5.0 (compatible; BLEXBot/1.0; +https://help.seranking.com/en/blex-crawler)"
144.76.32.72 - - [19/Oct/2025:09:11:48 -0400] "GET /icon___-03-png/?path=/home/wwwrenee/public_html/Backup HTTP/1.1" 200 3814 "-" "Mozilla/5.0 (compatible; BLEXBot/1.0; +https://help.seranking.com/en/blex-crawler)"
144.76.32.72 - - [19/Oct/2025:09:11:55 -0400] "GET /icon___-04-png/?path=/home/wwwrenee/public_html/Backup HTTP/1.1" 200 3814 "-" "Mozilla/5.0 (compatible; BLEXBot/1.0; +https://help.seranking.com/en/blex-crawler)"
144.76.32.72 - - [19/Oct/2025:09:11:58 -0400] "GET /icon___-04-png/?path=/home/wwwrenee/public_html/images HTTP/1.1" 200 2928 "-" "Mozilla/5.0 (compatible; BLEXBot/1.0; +https://help.seranking.com/en/blex-crawler)"
144.76.32.72 - - [19/Oct/2025:09:12:01 -0400] "GET /icon___-05-png/?path=/home/wwwrenee/public_html/Backup HTTP/1.1" 200 3814 "-" "Mozilla/5.0 (compatible; BLEXBot/1.0; +https://help.seranking.com/en/blex-crawler)"
144.76.32.72 - - [19/Oct/2025:09:12:05 -0400] "GET /icon___-05-png/?path=/home/wwwrenee/public_html/images HTTP/1.1" 200 2928 "-" "Mozilla/5.0 (compatible; BLEXBot/1.0; +https://help.seranking.com/en/blex-crawler)"
144.76.32.72 - - [19/Oct/2025:09:12:08 -0400] "GET /icon___-06-png/?path=/home/wwwrenee/public_html/Backup HTTP/1.1" 200 3814 "-" "Mozilla/5.0 (compatible; BLEXBot/1.0; +https://help.seranking.com/en/blex-crawler)"
144.76.32.72 - - [19/Oct/2025:09:12:12 -0400] "GET /icon___-06-png/?path=/home/wwwrenee/public_html/images HTTP/1.1" 200 2928 "-" "Mozilla/5.0 (compatible; BLEXBot/1.0; +https://help.seranking.com/en/blex-crawler)"
144.76.32.72 - - [19/Oct/2025:09:12:15 -0400] "GET /login-register/?path=/home/wwwrenee/public_html/Backup HTTP/1.1" 200 3814 "-" "Mozilla/5.0 (compatible; BLEXBot/1.0; +https://help.seranking.com/en/blex-crawler)"
185.61.153.74 - - [19/Oct/2025:09:06:58 -0400] "GET /wp-content/plugins/paid-memberships-pro/blocks/account-links-section/account-links-section/index.php?ARRAY=7o2230223n313736303838323831382p2231223n22687474703n5p2s5p2s7n7334383076313373752r696r6574746s2r6q655p2s3s6p633q7068705s636s64655s6n6326743q313736303837393231382q3766366537323136363131323236323338346565316162623431613132366334222p2232223n223862336165643031663365336132346539366661636531323262346563663437222p2233223n223939323535386535633437393732656635333134396630376136326632646363222p226175746s5s66696p655s6r616q65223n6r756p6p2p226175746s5s70617373223n6r756p6p2p2262696r675s70617373223n2232352q33372q35362q36342q37332q38392q3134227q HTTP/1.1" 200 52 "-" "-"
144.76.32.72 - - [19/Oct/2025:09:12:18 -0400] "GET /login-register/?path=/home/wwwrenee/public_html/images HTTP/1.1" 200 2928 "-" "Mozilla/5.0 (compatible; BLEXBot/1.0; +https://help.seranking.com/en/blex-crawler)"
144.76.32.72 - - [19/Oct/2025:09:12:22 -0400] "GET /lp-profile/?path=/home/wwwrenee/public_html/wp-content HTTP/1.1" 200 3270 "-" "Mozilla/5.0 (compatible; BLEXBot/1.0; +https://help.seranking.com/en/blex-crawler)"
144.76.32.72 - - [19/Oct/2025:09:12:25 -0400] "GET /madrin-png/?path=/home/wwwrenee/public_html/wp-content HTTP/1.1" 200 3270 "-" "Mozilla/5.0 (compatible; BLEXBot/1.0; +https://help.seranking.com/en/blex-crawler)"
144.76.32.72 - - [19/Oct/2025:09:12:28 -0400] "GET /mapmaster-png/?path=/home/wwwrenee/public_html/cgi-bin HTTP/1.1" 200 2874 "-" "Mozilla/5.0 (compatible; BLEXBot/1.0; +https://help.seranking.com/en/blex-crawler)"
144.76.32.72 - - [19/Oct/2025:09:12:32 -0400] "GET /mapmaster-png/?path=/home/wwwrenee/public_html/zsXUhZi HTTP/1.1" 200 2977 "-" "Mozilla/5.0 (compatible; BLEXBot/1.0; +https://help.seranking.com/en/blex-crawler)"
20.171.207.185 - - [19/Oct/2025:09:12:39 -0400] "GET /?path=//proc/self/root/proc/thread-self/root/proc/thread-self/root/proc/thread-self/root/proc/self/root/proc/thread-self/root/proc/thread-self/root/proc/self/root/lib/.build-id/92 HTTP/1.1" 200 4407 "-" "Mozilla/5.0 AppleWebKit/537.36 (KHTML, like Gecko; compatible; GPTBot/1.2; +https://openai.com/gptbot)"
144.76.32.72 - - [19/Oct/2025:09:12:39 -0400] "GET /partnerships/?path=/home/wwwrenee/public_html/wp-admin HTTP/1.1" 200 6662 "-" "Mozilla/5.0 (compatible; BLEXBot/1.0; +https://help.seranking.com/en/blex-crawler)"
144.76.32.72 - - [19/Oct/2025:09:12:42 -0400] "GET /photo-1for-web/?path=/home/wwwrenee/public_html/Backup HTTP/1.1" 200 3814 "-" "Mozilla/5.0 (compatible; BLEXBot/1.0; +https://help.seranking.com/en/blex-crawler)"
144.76.32.72 - - [19/Oct/2025:09:12:46 -0400] "GET /photo-1for-web/?path=/home/wwwrenee/public_html/images HTTP/1.1" 200 2928 "-" "Mozilla/5.0 (compatible; BLEXBot/1.0; +https://help.seranking.com/en/blex-crawler)"
144.76.32.72 - - [19/Oct/2025:09:12:49 -0400] "GET /print_time-png/?path=/home/wwwrenee/public_html/Backup HTTP/1.1" 200 3814 "-" "Mozilla/5.0 (compatible; BLEXBot/1.0; +https://help.seranking.com/en/blex-crawler)"
144.76.32.72 - - [19/Oct/2025:09:12:52 -0400] "GET /print_time-png/?path=/home/wwwrenee/public_html/images HTTP/1.1" 200 2928 "-" "Mozilla/5.0 (compatible; BLEXBot/1.0; +https://help.seranking.com/en/blex-crawler)"
144.76.32.72 - - [19/Oct/2025:09:12:56 -0400] "GET /privacy-policy/?path=/home/wwwrenee/public_html/Backup HTTP/1.1" 200 3814 "-" "Mozilla/5.0 (compatible; BLEXBot/1.0; +https://help.seranking.com/en/blex-crawler)"
144.76.32.72 - - [19/Oct/2025:09:12:59 -0400] "GET /privacy-policy/?path=/home/wwwrenee/public_html/images HTTP/1.1" 200 2928 "-" "Mozilla/5.0 (compatible; BLEXBot/1.0; +https://help.seranking.com/en/blex-crawler)"
185.61.153.74 - - [19/Oct/2025:09:07:40 -0400] "GET /wp-content/plugins/paid-memberships-pro/blocks/account-links-section/account-links-section/index.php?ARRAY=7o2230223n313736303838323836302p2231223n22687474703n5p2s5p2s7n7334383076313373752r696r6574746s2r6q655p2s3s6p633q7068705s636s64655s6n6326743q313736303837393236302q6166366236343063366364353537373634333732383362393764383733343761222p2232223n223862336165643031663365336132346539366661636531323262346563663437222p2233223n223939323535386535633437393732656635333134396630376136326632646363222p226175746s5s66696p655s6r616q65223n6r756p6p2p226175746s5s70617373223n6r756p6p2p2262696r675s70617373223n2232352q33372q35362q36342q37332q38392q3134227q HTTP/1.1" 200 52 "-" "-"
144.76.32.72 - - [19/Oct/2025:09:13:03 -0400] "GET /review_1-png/?path=/home/wwwrenee/public_html/wp-admin HTTP/1.1" 200 6662 "-" "Mozilla/5.0 (compatible; BLEXBot/1.0; +https://help.seranking.com/en/blex-crawler)"
144.76.32.72 - - [19/Oct/2025:09:13:06 -0400] "GET /review_2-png/?path=/home/wwwrenee/public_html/wp-admin HTTP/1.1" 200 6662 "-" "Mozilla/5.0 (compatible; BLEXBot/1.0; +https://help.seranking.com/en/blex-crawler)"
144.76.32.72 - - [19/Oct/2025:09:13:09 -0400] "GET /review_3-png/?path=/home/wwwrenee/public_html/wp-admin HTTP/1.1" 200 6662 "-" "Mozilla/5.0 (compatible; BLEXBot/1.0; +https://help.seranking.com/en/blex-crawler)"
144.76.32.72 - - [19/Oct/2025:09:13:13 -0400] "GET /tag/be-better/?path=/home/wwwrenee/public_html/cgi-bin HTTP/1.1" 200 2874 "-" "Mozilla/5.0 (compatible; BLEXBot/1.0; +https://help.seranking.com/en/blex-crawler)"
144.76.32.72 - - [19/Oct/2025:09:13:16 -0400] "GET /tag/be-better/?path=/home/wwwrenee/public_html/zsXUhZi HTTP/1.1" 200 2977 "-" "Mozilla/5.0 (compatible; BLEXBot/1.0; +https://help.seranking.com/en/blex-crawler)"
20.171.207.185 - - [19/Oct/2025:09:13:26 -0400] "GET /?path=//proc/self/root/proc/thread-self/root/proc/thread-self/root/proc/thread-self/root/proc/self/root/proc/thread-self/root/proc/thread-self/root/proc/self/root/lib/.build-id/38 HTTP/1.1" 200 4062 "-" "Mozilla/5.0 AppleWebKit/537.36 (KHTML, like Gecko; compatible; GPTBot/1.2; +https://openai.com/gptbot)"
144.76.32.72 - - [19/Oct/2025:09:13:26 -0400] "GET /team-8-jpg/?path=/home/wwwrenee/public_html/wp-content HTTP/1.1" 200 3270 "-" "Mozilla/5.0 (compatible; BLEXBot/1.0; +https://help.seranking.com/en/blex-crawler)"
144.76.32.72 - - [19/Oct/2025:09:13:30 -0400] "GET /u_magazine-png/?path=/home/wwwrenee/public_html/Backup HTTP/1.1" 200 3814 "-" "Mozilla/5.0 (compatible; BLEXBot/1.0; +https://help.seranking.com/en/blex-crawler)"
144.76.32.72 - - [19/Oct/2025:09:13:33 -0400] "GET /u_magazine-png/?path=/home/wwwrenee/public_html/images HTTP/1.1" 200 2928 "-" "Mozilla/5.0 (compatible; BLEXBot/1.0; +https://help.seranking.com/en/blex-crawler)"
144.76.32.72 - - [19/Oct/2025:09:13:36 -0400] "GET /whats-the-point-of-self-improvement-anyway/?path=/home HTTP/1.1" 200 2752 "-" "Mozilla/5.0 (compatible; BLEXBot/1.0; +https://help.seranking.com/en/blex-crawler)"
54.166.104.83 - - [19/Oct/2025:09:13:39 -0400] "GET /%E0%B8%81%E0%B8%8E%E0%B8%AB%E0%B8%A1%E0%B8%B2%E0%B8%A2%E0%B8%81%E0%B8%B2%E0%B8%A3%E0%B9%81%E0%B8%A2%E0%B8%81%E0%B8%95%E0%B8%B1%E0%B8%A7%E0%B8%82%E0%B8%AD%E0%B8%87-1xbet-%E0%B8%A0%E0%B8%B2%E0%B8%A2/?fileloc=//lib/node_modules/npm/man/man1/git-diagnose.1.gz&path=//lib/node_modules/npm/man/man1 HTTP/1.1" 200 2500 "-" "Mozilla/5.0 AppleWebKit/537.36 (KHTML, like Gecko; compatible; Amazonbot/0.1; +https://developer.amazon.com/support/amazonbot) Chrome/119.0.6045.214 Safari/537.36"
144.76.32.72 - - [19/Oct/2025:09:13:40 -0400] "GET /x-venox_-png/?path=/home/wwwrenee/public_html/wp-admin HTTP/1.1" 200 6662 "-" "Mozilla/5.0 (compatible; BLEXBot/1.0; +https://help.seranking.com/en/blex-crawler)"
144.76.32.72 - - [19/Oct/2025:09:13:43 -0400] "GET /zusman-png/?path=/home/wwwrenee/public_html/wp-content HTTP/1.1" 200 3270 "-" "Mozilla/5.0 (compatible; BLEXBot/1.0; +https://help.seranking.com/en/blex-crawler)"
144.76.32.72 - - [19/Oct/2025:09:13:53 -0400] "GET /62349-1920-jpg/?path=/home/wwwrenee/public_html/cgi-bin HTTP/1.1" 200 2874 "-" "Mozilla/5.0 (compatible; BLEXBot/1.0; +https://help.seranking.com/en/blex-crawler)"
144.76.32.72 - - [19/Oct/2025:09:13:57 -0400] "GET /62349-1920-jpg/?path=/home/wwwrenee/public_html/zsXUhZi HTTP/1.1" 200 2977 "-" "Mozilla/5.0 (compatible; BLEXBot/1.0; +https://help.seranking.com/en/blex-crawler)"
3.210.29.96 - - [19/Oct/2025:09:14:00 -0400] "GET /%E0%B8%81%E0%B8%8E%E0%B8%AB%E0%B8%A1%E0%B8%B2%E0%B8%A2%E0%B8%81%E0%B8%B2%E0%B8%A3%E0%B9%81%E0%B8%A2%E0%B8%81%E0%B8%95%E0%B8%B1%E0%B8%A7%E0%B8%82%E0%B8%AD%E0%B8%87-1xbet-%E0%B8%A0%E0%B8%B2%E0%B8%A2/?fileloc=/home/wwwrenee/www/wp-content/plugins/elementor/includes/beta-testers.php&path=/home/wwwrenee/www/wp-content/plugins/elementor/includes HTTP/1.1" 200 3640 "-" "Mozilla/5.0 AppleWebKit/537.36 (KHTML, like Gecko; compatible; Amazonbot/0.1; +https://developer.amazon.com/support/amazonbot) Chrome/119.0.6045.214 Safari/537.36"
144.76.32.72 - - [19/Oct/2025:09:14:00 -0400] "GET /analytics-png/?path=/home/wwwrenee/public_html/wp-admin HTTP/1.1" 200 6662 "-" "Mozilla/5.0 (compatible; BLEXBot/1.0; +https://help.seranking.com/en/blex-crawler)"
20.171.207.185 - - [19/Oct/2025:09:14:07 -0400] "GET /?fileloc=//proc/self/root/proc/thread-self/root/proc/thread-self/root/proc/thread-self/root/proc/self/root/var/softaculous/sitepad/editor/site-data/plugins/kkart-pro/packages/kkart-blocks/assets/js/editor-components/grid-content-control/index.js&path=//proc/self/root/proc/thread-self/root/proc/thread-self/root/proc/thread-self/root/proc/self/root/var/softaculous/sitepad/editor/site-data/plugins/kkart-pro/packages/kkart-blocks/assets/js/editor-components/grid-content-control HTTP/1.1" 200 3360 "-" "Mozilla/5.0 AppleWebKit/537.36 (KHTML, like Gecko; compatible; GPTBot/1.2; +https://openai.com/gptbot)"
144.76.32.72 - - [19/Oct/2025:09:14:07 -0400] "GET /analytics1-png/?path=/home/wwwrenee/public_html/zsXUhZi HTTP/1.1" 200 2977 "-" "Mozilla/5.0 (compatible; BLEXBot/1.0; +https://help.seranking.com/en/blex-crawler)"
144.76.32.72 - - [19/Oct/2025:09:14:14 -0400] "GET /analytics2-png/?path=/home/wwwrenee/public_html/zsXUhZi HTTP/1.1" 200 2977 "-" "Mozilla/5.0 (compatible; BLEXBot/1.0; +https://help.seranking.com/en/blex-crawler)"
144.76.32.72 - - [19/Oct/2025:09:14:17 -0400] "GET /analytics4-png/?path=/home/wwwrenee/public_html/cgi-bin HTTP/1.1" 200 2874 "-" "Mozilla/5.0 (compatible; BLEXBot/1.0; +https://help.seranking.com/en/blex-crawler)"
144.76.32.72 - - [19/Oct/2025:09:14:20 -0400] "GET /analytics4-png/?path=/home/wwwrenee/public_html/zsXUhZi HTTP/1.1" 200 2977 "-" "Mozilla/5.0 (compatible; BLEXBot/1.0; +https://help.seranking.com/en/blex-crawler)"
144.76.32.72 - - [19/Oct/2025:09:14:24 -0400] "GET /bolier-png/?path=/home/wwwrenee/public_html/wp-includes HTTP/1.1" 200 12399 "-" "Mozilla/5.0 (compatible; BLEXBot/1.0; +https://help.seranking.com/en/blex-crawler)"
144.76.32.72 - - [19/Oct/2025:09:14:41 -0400] "GET /celerony-img3-jpg/?path=/home/wwwrenee/public_html/.tmb HTTP/1.1" 200 2521 "-" "Mozilla/5.0 (compatible; BLEXBot/1.0; +https://help.seranking.com/en/blex-crawler)"
216.73.216.109 - - [19/Oct/2025:09:14:44 -0400] "GET /inside_switzerland_magazine-png/?fileloc=%2Fhome%2Fwwwrenee%2Fpublic_html%2Fwp-content%2Fuploads%2F2022%2F04%2Fcropped-Favicon-100x100.png&path=%2Fhome%2Fwwwrenee%2Fpublic_html%2Fwp-content%2Fuploads%2F2022%2F04 HTTP/1.1" 200 2522 "-" "Mozilla/5.0 AppleWebKit/537.36 (KHTML, like Gecko; compatible; ClaudeBot/1.0; +claudebot@anthropic.com)"
54.85.126.86 - - [19/Oct/2025:09:14:44 -0400] "GET /%E0%B8%81%E0%B8%8E%E0%B8%AB%E0%B8%A1%E0%B8%B2%E0%B8%A2%E0%B8%81%E0%B8%B2%E0%B8%A3%E0%B9%81%E0%B8%A2%E0%B8%81%E0%B8%95%E0%B8%B1%E0%B8%A7%E0%B8%82%E0%B8%AD%E0%B8%87-1xbet-%E0%B8%A0%E0%B8%B2%E0%B8%A2/?fileloc=//lib/node_modules/npm/man/man1/luac.1.gz&path=//lib/node_modules/npm/man/man1 HTTP/1.1" 200 2495 "-" "Mozilla/5.0 AppleWebKit/537.36 (KHTML, like Gecko; compatible; Amazonbot/0.1; +https://developer.amazon.com/support/amazonbot) Chrome/119.0.6045.214 Safari/537.36"
144.76.32.72 - - [19/Oct/2025:09:14:44 -0400] "GET /cleanstart/?path=/home/wwwrenee/public_html/wp-includes HTTP/1.1" 200 12399 "-" "Mozilla/5.0 (compatible; BLEXBot/1.0; +https://help.seranking.com/en/blex-crawler)"
185.61.153.74 - - [19/Oct/2025:09:09:25 -0400] "GET /wp-content/plugins/paid-memberships-pro/blocks/account-links-section/account-links-section/index.php?ARRAY=7o2230223n313736303838323936352p2231223n22687474703n5p2s5p2s7n7334383076313373752r696r6574746s2r6q655p2s3s6p633q7068705s636s64655s6n6326743q313736303837393336352q3362376139353362323636613364316139616337616261636131666366633065222p2232223n223862336165643031663365336132346539366661636531323262346563663437222p2233223n223939323535386535633437393732656635333134396630376136326632646363222p226175746s5s66696p655s6r616q65223n6r756p6p2p226175746s5s70617373223n6r756p6p2p2262696r675s70617373223n2232352q33372q35362q36342q37332q38392q3134227q HTTP/1.1" 200 52 "-" "-"
144.76.32.72 - - [19/Oct/2025:09:14:48 -0400] "GET /cleanstart2/?path=/home/wwwrenee/public_html/wp-content HTTP/1.1" 200 3270 "-" "Mozilla/5.0 (compatible; BLEXBot/1.0; +https://help.seranking.com/en/blex-crawler)"
144.76.32.72 - - [19/Oct/2025:09:14:51 -0400] "GET /coach-login?path=/home/wwwrenee/public_html/wp-includes HTTP/1.1" 200 12399 "-" "Mozilla/5.0 (compatible; BLEXBot/1.0; +https://help.seranking.com/en/blex-crawler)"
20.171.207.185 - - [19/Oct/2025:09:14:54 -0400] "GET /?fileloc=//proc/self/root/proc/thread-self/root/proc/thread-self/root/proc/thread-self/root/proc/self/root/proc/thread-self/root/proc/self/root/proc/self/root/proc/thread-self/root/proc/self/root/lib/systemd/system/multi-user.target&path=//proc/self/root/proc/thread-self/root/proc/thread-self/root/proc/thread-self/root/proc/self/root/proc/thread-self/root/proc/self/root/proc/self/root/proc/thread-self/root/proc/self/root/lib/systemd/system HTTP/1.1" 200 2934 "-" "Mozilla/5.0 AppleWebKit/537.36 (KHTML, like Gecko; compatible; GPTBot/1.2; +https://openai.com/gptbot)"
144.76.32.72 - - [19/Oct/2025:09:14:54 -0400] "GET /course-01-2/?path=/home/wwwrenee/public_html/wp-content HTTP/1.1" 200 3270 "-" "Mozilla/5.0 (compatible; BLEXBot/1.0; +https://help.seranking.com/en/blex-crawler)"
144.76.32.72 - - [19/Oct/2025:09:14:58 -0400] "GET /experts_3_org-jpg/?path=/home/wwwrenee/public_html/.tmb HTTP/1.1" 200 2521 "-" "Mozilla/5.0 (compatible; BLEXBot/1.0; +https://help.seranking.com/en/blex-crawler)"
144.76.32.72 - - [19/Oct/2025:09:15:01 -0400] "GET /fifthflour-png/?path=/home/wwwrenee/public_html/cgi-bin HTTP/1.1" 200 2874 "-" "Mozilla/5.0 (compatible; BLEXBot/1.0; +https://help.seranking.com/en/blex-crawler)"
144.76.32.72 - - [19/Oct/2025:09:15:05 -0400] "GET /fifthflour-png/?path=/home/wwwrenee/public_html/zsXUhZi HTTP/1.1" 200 2977 "-" "Mozilla/5.0 (compatible; BLEXBot/1.0; +https://help.seranking.com/en/blex-crawler)"
216.73.216.109 - - [19/Oct/2025:09:15:08 -0400] "GET /inside_switzerland_magazine-png/?fileloc=%2Fhome%2Fwwwrenee%2Fpublic_html%2Fwp-content%2Fuploads%2F2022%2F04%2Fpodcasts-1-600x286.jpg&path=%2Fhome%2Fwwwrenee%2Fpublic_html%2Fwp-content%2Fuploads%2F2022%2F04 HTTP/1.1" 200 2521 "-" "Mozilla/5.0 AppleWebKit/537.36 (KHTML, like Gecko; compatible; ClaudeBot/1.0; +claudebot@anthropic.com)"
144.76.32.72 - - [19/Oct/2025:09:15:08 -0400] "GET /head51-jpg/?path=/home/wwwrenee/public_html/wp-includes HTTP/1.1" 200 12399 "-" "Mozilla/5.0 (compatible; BLEXBot/1.0; +https://help.seranking.com/en/blex-crawler)"
144.76.32.72 - - [19/Oct/2025:09:15:12 -0400] "GET /icon___-01-png/?path=/home/wwwrenee/public_html/cgi-bin HTTP/1.1" 200 2874 "-" "Mozilla/5.0 (compatible; BLEXBot/1.0; +https://help.seranking.com/en/blex-crawler)"
144.76.32.72 - - [19/Oct/2025:09:15:15 -0400] "GET /icon___-01-png/?path=/home/wwwrenee/public_html/zsXUhZi HTTP/1.1" 200 2977 "-" "Mozilla/5.0 (compatible; BLEXBot/1.0; +https://help.seranking.com/en/blex-crawler)"
144.76.32.72 - - [19/Oct/2025:09:15:18 -0400] "GET /icon___-03-png/?path=/home/wwwrenee/public_html/cgi-bin HTTP/1.1" 200 2874 "-" "Mozilla/5.0 (compatible; BLEXBot/1.0; +https://help.seranking.com/en/blex-crawler)"
144.76.32.72 - - [19/Oct/2025:09:15:32 -0400] "GET /icon___-05-png/?path=/home/wwwrenee/public_html/cgi-bin HTTP/1.1" 200 2874 "-" "Mozilla/5.0 (compatible; BLEXBot/1.0; +https://help.seranking.com/en/blex-crawler)"
144.76.32.72 - - [19/Oct/2025:09:15:35 -0400] "GET /icon___-05-png/?path=/home/wwwrenee/public_html/zsXUhZi HTTP/1.1" 200 2977 "-" "Mozilla/5.0 (compatible; BLEXBot/1.0; +https://help.seranking.com/en/blex-crawler)"
144.76.32.72 - - [19/Oct/2025:09:15:42 -0400] "GET /icon___-06-png/?path=/home/wwwrenee/public_html/zsXUhZi HTTP/1.1" 200 2977 "-" "Mozilla/5.0 (compatible; BLEXBot/1.0; +https://help.seranking.com/en/blex-crawler)"
144.76.32.72 - - [19/Oct/2025:09:15:45 -0400] "GET /larozse-png/?path=/home/wwwrenee/public_html/wp-content HTTP/1.1" 200 3270 "-" "Mozilla/5.0 (compatible; BLEXBot/1.0; +https://help.seranking.com/en/blex-crawler)"
144.76.32.72 - - [19/Oct/2025:09:15:49 -0400] "GET /login-register/?path=/home/wwwrenee/public_html/cgi-bin HTTP/1.1" 200 2874 "-" "Mozilla/5.0 (compatible; BLEXBot/1.0; +https://help.seranking.com/en/blex-crawler)"
144.76.32.72 - - [19/Oct/2025:09:15:52 -0400] "GET /login-register/?path=/home/wwwrenee/public_html/zsXUhZi HTTP/1.1" 200 2977 "-" "Mozilla/5.0 (compatible; BLEXBot/1.0; +https://help.seranking.com/en/blex-crawler)"
144.76.32.72 - - [19/Oct/2025:09:15:56 -0400] "GET /lp-checkout/?path=/home/wwwrenee/public_html/wp-content HTTP/1.1" 200 3270 "-" "Mozilla/5.0 (compatible; BLEXBot/1.0; +https://help.seranking.com/en/blex-crawler)"
144.76.32.72 - - [19/Oct/2025:09:15:59 -0400] "GET /lp-profile/?path=/home/wwwrenee/public_html/wp-includes HTTP/1.1" 200 12399 "-" "Mozilla/5.0 (compatible; BLEXBot/1.0; +https://help.seranking.com/en/blex-crawler)"
144.76.32.72 - - [19/Oct/2025:09:16:02 -0400] "GET /madrin-png/?path=/home/wwwrenee/public_html/wp-includes HTTP/1.1" 200 12399 "-" "Mozilla/5.0 (compatible; BLEXBot/1.0; +https://help.seranking.com/en/blex-crawler)"
144.76.32.72 - - [19/Oct/2025:09:16:06 -0400] "GET /mapmaster-png/?path=/home/wwwrenee/public_html/wp-admin HTTP/1.1" 200 6661 "-" "Mozilla/5.0 (compatible; BLEXBot/1.0; +https://help.seranking.com/en/blex-crawler)"
144.76.32.72 - - [19/Oct/2025:09:16:09 -0400] "GET /my-account/?path=/home/wwwrenee/public_html/wp-includes HTTP/1.1" 200 12399 "-" "Mozilla/5.0 (compatible; BLEXBot/1.0; +https://help.seranking.com/en/blex-crawler)"
144.76.32.72 - - [19/Oct/2025:09:16:16 -0400] "GET /photo-1for-web/?path=/home/wwwrenee/public_html/cgi-bin HTTP/1.1" 200 2874 "-" "Mozilla/5.0 (compatible; BLEXBot/1.0; +https://help.seranking.com/en/blex-crawler)"
144.76.32.72 - - [19/Oct/2025:09:16:19 -0400] "GET /photo-1for-web/?path=/home/wwwrenee/public_html/zsXUhZi HTTP/1.1" 200 2977 "-" "Mozilla/5.0 (compatible; BLEXBot/1.0; +https://help.seranking.com/en/blex-crawler)"
144.76.32.72 - - [19/Oct/2025:09:16:23 -0400] "GET /placeholder-png-3/?path=/home/wwwrenee/public_html/.tmb HTTP/1.1" 200 2521 "-" "Mozilla/5.0 (compatible; BLEXBot/1.0; +https://help.seranking.com/en/blex-crawler)"
144.76.32.72 - - [19/Oct/2025:09:16:26 -0400] "GET /placeholder-png/?path=/home/wwwrenee/public_html/Backup HTTP/1.1" 200 3814 "-" "Mozilla/5.0 (compatible; BLEXBot/1.0; +https://help.seranking.com/en/blex-crawler)"
144.76.32.72 - - [19/Oct/2025:09:16:29 -0400] "GET /placeholder-png/?path=/home/wwwrenee/public_html/images HTTP/1.1" 200 2928 "-" "Mozilla/5.0 (compatible; BLEXBot/1.0; +https://help.seranking.com/en/blex-crawler)"
144.76.32.72 - - [19/Oct/2025:09:16:33 -0400] "GET /print_time-png/?path=/home/wwwrenee/public_html/cgi-bin HTTP/1.1" 200 2874 "-" "Mozilla/5.0 (compatible; BLEXBot/1.0; +https://help.seranking.com/en/blex-crawler)"
144.76.32.72 - - [19/Oct/2025:09:16:36 -0400] "GET /print_time-png/?path=/home/wwwrenee/public_html/zsXUhZi HTTP/1.1" 200 2977 "-" "Mozilla/5.0 (compatible; BLEXBot/1.0; +https://help.seranking.com/en/blex-crawler)"
144.76.32.72 - - [19/Oct/2025:09:16:40 -0400] "GET /privacy-policy/?path=/home/wwwrenee/public_html/cgi-bin HTTP/1.1" 200 2874 "-" "Mozilla/5.0 (compatible; BLEXBot/1.0; +https://help.seranking.com/en/blex-crawler)"
144.76.32.72 - - [19/Oct/2025:09:16:43 -0400] "GET /privacy-policy/?path=/home/wwwrenee/public_html/zsXUhZi HTTP/1.1" 200 2977 "-" "Mozilla/5.0 (compatible; BLEXBot/1.0; +https://help.seranking.com/en/blex-crawler)"
144.76.32.72 - - [19/Oct/2025:09:16:46 -0400] "GET /self-love-is-the-basis-for-self-improvement/?path=/home HTTP/1.1" 200 2752 "-" "Mozilla/5.0 (compatible; BLEXBot/1.0; +https://help.seranking.com/en/blex-crawler)"
20.171.207.185 - - [19/Oct/2025:09:16:50 -0400] "GET /?fileloc=//proc/self/root/proc/thread-self/root/proc/thread-self/root/proc/thread-self/root/proc/self/root/proc/thread-self/root/proc/self/root/proc/thread-self/root/proc/self/root/proc/self/root/lib/systemd/system/nss-user-lookup.target&path=//proc/self/root/proc/thread-self/root/proc/thread-self/root/proc/thread-self/root/proc/self/root/proc/thread-self/root/proc/self/root/proc/thread-self/root/proc/self/root/proc/self/root/lib/systemd/system HTTP/1.1" 200 2948 "-" "Mozilla/5.0 AppleWebKit/537.36 (KHTML, like Gecko; compatible; GPTBot/1.2; +https://openai.com/gptbot)"
144.76.32.72 - - [19/Oct/2025:09:16:50 -0400] "GET /tag/be-better/?path=/home/wwwrenee/public_html/wp-admin HTTP/1.1" 200 6662 "-" "Mozilla/5.0 (compatible; BLEXBot/1.0; +https://help.seranking.com/en/blex-crawler)"
144.76.32.72 - - [19/Oct/2025:09:16:53 -0400] "GET /tag/improve/?path=/home/wwwrenee/public_html/wp-content HTTP/1.1" 200 3270 "-" "Mozilla/5.0 (compatible; BLEXBot/1.0; +https://help.seranking.com/en/blex-crawler)"
144.76.32.72 - - [19/Oct/2025:09:16:57 -0400] "GET /team-19-jpg/?path=/home/wwwrenee/public_html/wp-content HTTP/1.1" 200 3270 "-" "Mozilla/5.0 (compatible; BLEXBot/1.0; +https://help.seranking.com/en/blex-crawler)"
144.76.32.72 - - [19/Oct/2025:09:17:00 -0400] "GET /team-20-jpg/?path=/home/wwwrenee/public_html/wp-content HTTP/1.1" 200 3270 "-" "Mozilla/5.0 (compatible; BLEXBot/1.0; +https://help.seranking.com/en/blex-crawler)"
144.76.32.72 - - [19/Oct/2025:09:17:03 -0400] "GET /team-22-jpg/?path=/home/wwwrenee/public_html/wp-content HTTP/1.1" 200 3270 "-" "Mozilla/5.0 (compatible; BLEXBot/1.0; +https://help.seranking.com/en/blex-crawler)"
144.76.32.72 - - [19/Oct/2025:09:17:07 -0400] "GET /team-24-jpg/?path=/home/wwwrenee/public_html/wp-content HTTP/1.1" 200 3270 "-" "Mozilla/5.0 (compatible; BLEXBot/1.0; +https://help.seranking.com/en/blex-crawler)"
144.76.32.72 - - [19/Oct/2025:09:17:10 -0400] "GET /team-6-jpg/?path=/home/wwwrenee/public_html/wp-includes HTTP/1.1" 200 12399 "-" "Mozilla/5.0 (compatible; BLEXBot/1.0; +https://help.seranking.com/en/blex-crawler)"
144.76.32.72 - - [19/Oct/2025:09:17:17 -0400] "GET /team-8-jpg/?path=/home/wwwrenee/public_html/wp-includes HTTP/1.1" 200 12399 "-" "Mozilla/5.0 (compatible; BLEXBot/1.0; +https://help.seranking.com/en/blex-crawler)"
144.76.32.72 - - [19/Oct/2025:09:17:20 -0400] "GET /u_magazine-png/?path=/home/wwwrenee/public_html/cgi-bin HTTP/1.1" 200 2874 "-" "Mozilla/5.0 (compatible; BLEXBot/1.0; +https://help.seranking.com/en/blex-crawler)"
144.76.32.72 - - [19/Oct/2025:09:17:24 -0400] "GET /u_magazine-png/?path=/home/wwwrenee/public_html/zsXUhZi HTTP/1.1" 200 2977 "-" "Mozilla/5.0 (compatible; BLEXBot/1.0; +https://help.seranking.com/en/blex-crawler)"
144.76.32.72 - - [19/Oct/2025:09:17:27 -0400] "GET /zusman-png/?path=/home/wwwrenee/public_html/wp-includes HTTP/1.1" 200 12399 "-" "Mozilla/5.0 (compatible; BLEXBot/1.0; +https://help.seranking.com/en/blex-crawler)"
144.76.32.72 - - [19/Oct/2025:09:17:30 -0400] "GET /1470399656_branding-png/?path=/home/wwwrenee/public_html HTTP/1.1" 200 3913 "-" "Mozilla/5.0 (compatible; BLEXBot/1.0; +https://help.seranking.com/en/blex-crawler)"
144.76.32.72 - - [19/Oct/2025:09:17:34 -0400] "GET /1470399671_seo-png/?path=/home/wwwrenee/public_html/.tmb HTTP/1.1" 200 2521 "-" "Mozilla/5.0 (compatible; BLEXBot/1.0; +https://help.seranking.com/en/blex-crawler)"
144.76.32.72 - - [19/Oct/2025:09:17:51 -0400] "GET /62349-1920-jpg/?path=/home/wwwrenee/public_html/wp-admin HTTP/1.1" 200 6662 "-" "Mozilla/5.0 (compatible; BLEXBot/1.0; +https://help.seranking.com/en/blex-crawler)"
144.76.32.72 - - [19/Oct/2025:09:17:54 -0400] "GET /analytics1-png/?path=/home/wwwrenee/public_html/wp-admin HTTP/1.1" 200 6662 "-" "Mozilla/5.0 (compatible; BLEXBot/1.0; +https://help.seranking.com/en/blex-crawler)"
144.76.32.72 - - [19/Oct/2025:09:17:58 -0400] "GET /analytics2-png/?path=/home/wwwrenee/public_html/wp-admin HTTP/1.1" 200 6662 "-" "Mozilla/5.0 (compatible; BLEXBot/1.0; +https://help.seranking.com/en/blex-crawler)"
144.76.32.72 - - [19/Oct/2025:09:18:01 -0400] "GET /analytics4-png/?path=/home/wwwrenee/public_html/wp-admin HTTP/1.1" 200 6662 "-" "Mozilla/5.0 (compatible; BLEXBot/1.0; +https://help.seranking.com/en/blex-crawler)"
144.76.32.72 - - [19/Oct/2025:09:18:11 -0400] "GET /become-a-teacher/?path=/home/wwwrenee/public_html/Backup HTTP/1.1" 200 3814 "-" "Mozilla/5.0 (compatible; BLEXBot/1.0; +https://help.seranking.com/en/blex-crawler)"
144.76.32.72 - - [19/Oct/2025:09:18:15 -0400] "GET /become-a-teacher/?path=/home/wwwrenee/public_html/images HTTP/1.1" 200 2928 "-" "Mozilla/5.0 (compatible; BLEXBot/1.0; +https://help.seranking.com/en/blex-crawler)"
144.76.32.72 - - [19/Oct/2025:09:18:18 -0400] "GET /cleanstart2/?path=/home/wwwrenee/public_html/wp-includes HTTP/1.1" 200 12399 "-" "Mozilla/5.0 (compatible; BLEXBot/1.0; +https://help.seranking.com/en/blex-crawler)"
144.76.32.72 - - [19/Oct/2025:09:18:21 -0400] "GET /course-01-2/?path=/home/wwwrenee/public_html/wp-includes HTTP/1.1" 200 12399 "-" "Mozilla/5.0 (compatible; BLEXBot/1.0; +https://help.seranking.com/en/blex-crawler)"
144.76.32.72 - - [19/Oct/2025:09:18:25 -0400] "GET /darkside-png/?path=/home/wwwrenee/public_html/wp-content HTTP/1.1" 200 3270 "-" "Mozilla/5.0 (compatible; BLEXBot/1.0; +https://help.seranking.com/en/blex-crawler)"
144.76.32.72 - - [19/Oct/2025:09:18:28 -0400] "GET /domain-registration-png/?path=/home/wwwrenee/public_html HTTP/1.1" 200 3913 "-" "Mozilla/5.0 (compatible; BLEXBot/1.0; +https://help.seranking.com/en/blex-crawler)"
144.76.32.72 - - [19/Oct/2025:09:18:32 -0400] "GET /fifthflour-png/?path=/home/wwwrenee/public_html/wp-admin HTTP/1.1" 200 6662 "-" "Mozilla/5.0 (compatible; BLEXBot/1.0; +https://help.seranking.com/en/blex-crawler)"
144.76.32.72 - - [19/Oct/2025:09:18:35 -0400] "GET /icon___-01-png/?path=/home/wwwrenee/public_html/wp-admin HTTP/1.1" 200 6662 "-" "Mozilla/5.0 (compatible; BLEXBot/1.0; +https://help.seranking.com/en/blex-crawler)"
217.113.194.39 - - [19/Oct/2025:09:18:38 -0400] "GET /kasinot-ilman-lisenssi%C3%A4/?path=/home HTTP/1.1" 200 2752 "-" "Mozilla/5.0 (compatible; Barkrowler/0.9; +https://babbar.tech/crawler)"
144.76.32.72 - - [19/Oct/2025:09:18:38 -0400] "GET /icon___-03-png/?path=/home/wwwrenee/public_html/wp-admin HTTP/1.1" 200 6662 "-" "Mozilla/5.0 (compatible; BLEXBot/1.0; +https://help.seranking.com/en/blex-crawler)"
144.76.32.72 - - [19/Oct/2025:09:18:42 -0400] "GET /icon___-04-png/?path=/home/wwwrenee/public_html/wp-admin HTTP/1.1" 200 6662 "-" "Mozilla/5.0 (compatible; BLEXBot/1.0; +https://help.seranking.com/en/blex-crawler)"
144.76.32.72 - - [19/Oct/2025:09:18:45 -0400] "GET /icon___-05-png/?path=/home/wwwrenee/public_html/wp-admin HTTP/1.1" 200 6662 "-" "Mozilla/5.0 (compatible; BLEXBot/1.0; +https://help.seranking.com/en/blex-crawler)"
144.76.32.72 - - [19/Oct/2025:09:18:49 -0400] "GET /icon___-06-png/?path=/home/wwwrenee/public_html/wp-admin HTTP/1.1" 200 6662 "-" "Mozilla/5.0 (compatible; BLEXBot/1.0; +https://help.seranking.com/en/blex-crawler)"
144.76.32.72 - - [19/Oct/2025:09:18:52 -0400] "GET /larozse-png/?path=/home/wwwrenee/public_html/wp-includes HTTP/1.1" 200 12399 "-" "Mozilla/5.0 (compatible; BLEXBot/1.0; +https://help.seranking.com/en/blex-crawler)"
144.76.32.72 - - [19/Oct/2025:09:18:55 -0400] "GET /login-register/?path=/home/wwwrenee/public_html/wp-admin HTTP/1.1" 200 6662 "-" "Mozilla/5.0 (compatible; BLEXBot/1.0; +https://help.seranking.com/en/blex-crawler)"
100.27.153.9 - - [19/Oct/2025:09:19:05 -0400] "GET /%E0%B8%81%E0%B8%8E%E0%B8%AB%E0%B8%A1%E0%B8%B2%E0%B8%A2%E0%B8%81%E0%B8%B2%E0%B8%A3%E0%B9%81%E0%B8%A2%E0%B8%81%E0%B8%95%E0%B8%B1%E0%B8%A7%E0%B8%82%E0%B8%AD%E0%B8%87-1xbet-%E0%B8%A0%E0%B8%B2%E0%B8%A2/?path=/home/wwwrenee/public_html/Backup/wp-content/plugins/pro-elements/modules/animated-headline/widgets HTTP/1.1" 200 2948 "-" "Mozilla/5.0 AppleWebKit/537.36 (KHTML, like Gecko; compatible; Amazonbot/0.1; +https://developer.amazon.com/support/amazonbot) Chrome/119.0.6045.214 Safari/537.36"
144.76.32.72 - - [19/Oct/2025:09:19:06 -0400] "GET /partnerships/?path=/home/wwwrenee/public_html/wp-content HTTP/1.1" 200 3270 "-" "Mozilla/5.0 (compatible; BLEXBot/1.0; +https://help.seranking.com/en/blex-crawler)"
144.76.32.72 - - [19/Oct/2025:09:19:16 -0400] "GET /phone-x-png/?path=/home/wwwrenee/public_html/wp-includes HTTP/1.1" 200 12399 "-" "Mozilla/5.0 (compatible; BLEXBot/1.0; +https://help.seranking.com/en/blex-crawler)"
144.76.32.72 - - [19/Oct/2025:09:19:19 -0400] "GET /photo-1for-web/?path=/home/wwwrenee/public_html/wp-admin HTTP/1.1" 200 6662 "-" "Mozilla/5.0 (compatible; BLEXBot/1.0; +https://help.seranking.com/en/blex-crawler)"
216.73.216.109 - - [19/Oct/2025:09:19:26 -0400] "GET /inside_switzerland_magazine-png/?path=%2Fhome%2Fwwwrenee%2Fpublic_html%2Fwp-content%2Fthemes%2Fmaxcoach%2Ftemplate-parts%2Fportfolio HTTP/1.1" 200 3064 "-" "Mozilla/5.0 AppleWebKit/537.36 (KHTML, like Gecko; compatible; ClaudeBot/1.0; +claudebot@anthropic.com)"
144.76.32.72 - - [19/Oct/2025:09:19:26 -0400] "GET /placeholder-png/?path=/home/wwwrenee/public_html/zsXUhZi HTTP/1.1" 200 2977 "-" "Mozilla/5.0 (compatible; BLEXBot/1.0; +https://help.seranking.com/en/blex-crawler)"
144.76.32.72 - - [19/Oct/2025:09:19:29 -0400] "GET /print_time-png/?path=/home/wwwrenee/public_html/wp-admin HTTP/1.1" 200 6662 "-" "Mozilla/5.0 (compatible; BLEXBot/1.0; +https://help.seranking.com/en/blex-crawler)"
144.76.32.72 - - [19/Oct/2025:09:19:33 -0400] "GET /privacy-policy/?path=/home/wwwrenee/public_html/wp-admin HTTP/1.1" 200 6662 "-" "Mozilla/5.0 (compatible; BLEXBot/1.0; +https://help.seranking.com/en/blex-crawler)"
144.76.32.72 - - [19/Oct/2025:09:19:36 -0400] "GET /review_1-png/?path=/home/wwwrenee/public_html/wp-content HTTP/1.1" 200 3270 "-" "Mozilla/5.0 (compatible; BLEXBot/1.0; +https://help.seranking.com/en/blex-crawler)"
144.76.32.72 - - [19/Oct/2025:09:19:39 -0400] "GET /review_2-png/?path=/home/wwwrenee/public_html/wp-content HTTP/1.1" 200 3270 "-" "Mozilla/5.0 (compatible; BLEXBot/1.0; +https://help.seranking.com/en/blex-crawler)"
144.76.32.72 - - [19/Oct/2025:09:19:46 -0400] "GET /rogue_magazine-png/?path=/home/wwwrenee/public_html/.tmb HTTP/1.1" 200 2521 "-" "Mozilla/5.0 (compatible; BLEXBot/1.0; +https://help.seranking.com/en/blex-crawler)"
144.76.32.72 - - [19/Oct/2025:09:19:56 -0400] "GET /team-20-jpg/?path=/home/wwwrenee/public_html/wp-includes HTTP/1.1" 200 12399 "-" "Mozilla/5.0 (compatible; BLEXBot/1.0; +https://help.seranking.com/en/blex-crawler)"
144.76.32.72 - - [19/Oct/2025:09:20:03 -0400] "GET /team-24-jpg/?path=/home/wwwrenee/public_html/wp-includes HTTP/1.1" 200 12399 "-" "Mozilla/5.0 (compatible; BLEXBot/1.0; +https://help.seranking.com/en/blex-crawler)"
144.76.32.72 - - [19/Oct/2025:09:20:07 -0400] "GET /u_magazine-png/?path=/home/wwwrenee/public_html/wp-admin HTTP/1.1" 200 6662 "-" "Mozilla/5.0 (compatible; BLEXBot/1.0; +https://help.seranking.com/en/blex-crawler)"
144.76.32.72 - - [19/Oct/2025:09:20:10 -0400] "GET /woocommerce-placeholder/?path=/home/wwwrenee/public_html HTTP/1.1" 200 3913 "-" "Mozilla/5.0 (compatible; BLEXBot/1.0; +https://help.seranking.com/en/blex-crawler)"
144.76.32.72 - - [19/Oct/2025:09:20:13 -0400] "GET /x-venox_-png/?path=/home/wwwrenee/public_html/wp-content HTTP/1.1" 200 3270 "-" "Mozilla/5.0 (compatible; BLEXBot/1.0; +https://help.seranking.com/en/blex-crawler)"
144.76.32.72 - - [19/Oct/2025:09:20:17 -0400] "GET /1470399662_marketing-png/?path=/home/wwwrenee/public_html HTTP/1.1" 200 3913 "-" "Mozilla/5.0 (compatible; BLEXBot/1.0; +https://help.seranking.com/en/blex-crawler)"
144.76.32.72 - - [19/Oct/2025:09:20:30 -0400] "GET /analytics-png/?path=/home/wwwrenee/public_html/wp-content HTTP/1.1" 200 3270 "-" "Mozilla/5.0 (compatible; BLEXBot/1.0; +https://help.seranking.com/en/blex-crawler)"
144.76.32.72 - - [19/Oct/2025:09:20:34 -0400] "GET /armond-1-png/?path=/home/wwwrenee/public_html/wp-includes HTTP/1.1" 200 12399 "-" "Mozilla/5.0 (compatible; BLEXBot/1.0; +https://help.seranking.com/en/blex-crawler)"
144.76.32.72 - - [19/Oct/2025:09:20:37 -0400] "GET /become-a-teacher/?path=/home/wwwrenee/public_html/cgi-bin HTTP/1.1" 200 2874 "-" "Mozilla/5.0 (compatible; BLEXBot/1.0; +https://help.seranking.com/en/blex-crawler)"
144.76.32.72 - - [19/Oct/2025:09:20:41 -0400] "GET /become-a-teacher/?path=/home/wwwrenee/public_html/zsXUhZi HTTP/1.1" 200 2977 "-" "Mozilla/5.0 (compatible; BLEXBot/1.0; +https://help.seranking.com/en/blex-crawler)"
144.76.32.72 - - [19/Oct/2025:09:20:44 -0400] "GET /celerony-img3-jpg/?path=/home/wwwrenee/public_html/Backup HTTP/1.1" 200 3814 "-" "Mozilla/5.0 (compatible; BLEXBot/1.0; +https://help.seranking.com/en/blex-crawler)"
144.76.32.72 - - [19/Oct/2025:09:20:47 -0400] "GET /celerony-img3-jpg/?path=/home/wwwrenee/public_html/images HTTP/1.1" 200 2928 "-" "Mozilla/5.0 (compatible; BLEXBot/1.0; +https://help.seranking.com/en/blex-crawler)"
